000
CXUS56 KOTX 010910
CF6OMK
PRELIMINARY LOCAL CLIMATOLOGICAL DATA (WS FORM: F-6)
STATION: OMAK WA AIRPORT
MONTH: JUNE
YEAR: 2021
LATITUDE: 48 27 N
LONGITUDE: 119 31 W
TEMPERATURE IN F: :PCPN: SNOW: WIND :SUNSHINE: SKY :PK WND
================================================================================
1 2 3 4 5 6A 6B 7 8 9 10 11 12 13 14 15 16 17 18
12Z AVG MX 2MIN
DY MAX MIN AVG DEP HDD CDD WTR SNW DPTH SPD SPD DIR MIN PSBL S-S WX SPD DR
================================================================================
1 94 60 77 15 0 12 0.00 M M 8.3 20 10 M M 0 25 360
2 100 56 78 16 0 13 0.00 M M 6.5 17 200 M M 0 22 200
3 96 64 80 18 0 15 0.00 M M 11.1 20 360 M M 0 24 10
4 89 63 76 13 0 11 0.00 M M 10.2 22 250 M M 0 27 250
5 76 48 62 -1 3 0 0.00 M M 9.4 29 310 M M 2 38 310
6 60 35 48 -15 17 0 T M M 6.4 20 240 M M 3 29 240
7 68 45 57 -6 8 0 T M M 6.5 16 310 M M 4 1 20 10
8 75 47 61 -2 4 0 0.00 M M 8.8 21 10 M M 2 8 25 10
9 75 43 59 -5 6 0 0.00 M M 9.1 23 350 M M 3 30 360
10 75 48 62 -2 3 0 0.00 M M 7.4 16 230 M M 1 21 210
11 73 46 60 -4 5 0 0.00 M M 5.3 16 300 M M 7 21 300
12 79 47 63 -1 2 0 0.00 M M 7.3 20 160 M M 3 24 150
13 86 61 74 10 0 9 0.18 M M 8.9 28 20 M M 6 38 36 20
14 81 61 71 7 0 6 0.01 M M 7.6 18 320 M M 8 23 350
15 79 50 65 0 0 0 T M M 9.4 28 10 M M 4 33 10
16 79 46 63 -2 2 0 0.00 M M 5.4 15 220 M M 0 20 220
17 87 45 66 1 0 1 0.00 M M 5.6 12 310 M M 0 15 220
18 92 51 72 7 0 7 0.00 M M 7.1 16 200 M M 0 20 210
19 89 60 75 9 0 10 0.00 M M 12.1 35 10 M M 1 43 360
20 90 60 75 9 0 10 0.00 M M 10.6 30 10 M M 0 38 10
21 94 57 76 10 0 11 0.00 M M 5.5 13 210 M M 0 16 170
22 99 57 78 12 0 13 0.00 M M 6.0 16 200 M M 0 21 180
23 97 64 81 14 0 16 0.00 M M 7.6 14 200 M M 0 19 200
24 95 73 84 17 0 19 0.00 M M 16.2 25 30 M M 0 34 30
25 101 73 87 20 0 22 0.00 M M 16.3 26 20 M M 0 34 10
26 104 73 89 21 0 24 0.00 M M 7.2 18 20 M M 0 24 320
27 109 67 88 20 0 23 0.00 M M 6.4 15 300 M M 0 18 300
28 112 68 90 22 0 25 0.00 M M 5.1 16 300 M M 0 19 300
29 117 71 94 25 0 29 0.00 M M 7.8 17 10 M M 1 21 10
30 114 73 94 25 0 29 0.00 M M 6.5 15 170 M M 0 20 190
================================================================================
SM 2685 1712 50 305 0.19 M 247.6 M 45
================================================================================
AV 89.5 57.1 8.3 FASTST M M 2 MAX(MPH)
MISC ----> 35 10 43 360
================================================================================
NOTES:
# LAST OF SEVERAL OCCURRENCES
COLUMN 17 PEAK WIND IN M.P.H.
PRELIMINARY LOCAL CLIMATOLOGICAL DATA (WS FORM: F-6) , PAGE 2
STATION: OMAK WA AIRPORT
MONTH: JUNE
YEAR: 2021
LATITUDE: 48 27 N
LONGITUDE: 119 31 W
[TEMPERATURE DATA] [PRECIPITATION DATA] SYMBOLS USED IN COLUMN 16
AVERAGE MONTHLY: 73.3 TOTAL FOR MONTH: 0.19 1 = FOG OR MIST
DPTR FM NORMAL: 8.2 DPTR FM NORMAL: -0.79 2 = FOG REDUCING VISIBILITY
HIGHEST: 117 ON 29 GRTST 24HR 0.18 ON 13-13 TO 1/4 MILE OR LESS
LOWEST: 35 ON 6 3 = THUNDER
SNOW, ICE PELLETS, HAIL 4 = ICE PELLETS
TOTAL MONTH: M 5 = HAIL
GRTST 24HR M ON M 6 = FREEZING RAIN OR DRIZZLE
GRTST DEPTH: M ON M 7 = DUSTSTORM OR SANDSTORM:
VSBY 1/2 MILE OR LESS
8 = SMOKE OR HAZE
[NO. OF DAYS WITH] [WEATHER - DAYS WITH] 9 = BLOWING SNOW
X = TORNADO
MAX 32 OR BELOW: 0 0.01 INCH OR MORE: 2
MAX 90 OR ABOVE: 15 0.10 INCH OR MORE: 1
MIN 32 OR BELOW: 0 0.50 INCH OR MORE: 0
MIN 0 OR BELOW: 0 1.00 INCH OR MORE: 0
[HDD (BASE 65) ]
TOTAL THIS MO. 50 CLEAR (SCALE 0-3) 24
DPTR FM NORMAL -28 PTCLDY (SCALE 4-7) 6
TOTAL FM JUL 1 5667 CLOUDY (SCALE 8-10) 0
DPTR FM NORMAL -510
[CDD (BASE 65) ]
TOTAL THIS MO. 305
DPTR FM NORMAL 224 [PRESSURE DATA]
TOTAL FM JAN 1 325 HIGHEST SLP M ON M
DPTR FM NORMAL 223 LOWEST SLP 29.55 ON 30
[REMARKS]
#FINAL-06-21#