000
CXUS56 KOTX 010900
CF6OMK
PRELIMINARY LOCAL CLIMATOLOGICAL DATA (WS FORM: F-6)
STATION: OMAK WA AIRPORT
MONTH: JULY
YEAR: 2020
LATITUDE: 48 27 N
LONGITUDE: 119 31 W
TEMPERATURE IN F: :PCPN: SNOW: WIND :SUNSHINE: SKY :PK WND
================================================================================
1 2 3 4 5 6A 6B 7 8 9 10 11 12 13 14 15 16 17 18
12Z AVG MX 2MIN
DY MAX MIN AVG DEP HDD CDD WTR SNW DPTH SPD SPD DIR MIN PSBL S-S WX SPD DR
================================================================================
1 76 54 65 -4 0 0 0.01 M M 9.8 25 300 M M 7 32 310
2 82 57 70 1 0 5 0.00 M M 12.1 25 140 M M 1 31 160
3 82 47 65 -5 0 0 0.00 M M 8.7 18 300 M M 1 25 210
4 82 58 70 0 0 5 0.00 M M 8.7 21 10 M M 2 24 10
5 86 57 72 2 0 7 0.00 M M 7.6 16 360 M M 0 22 270
6 89 51 70 0 0 5 0.00 M M 9.2 23 360 M M 1 29 10
7 80 54 67 -4 0 2 T M M 11.7 23 10 M M 6 30 10
8 83 50 67 -4 0 2 0.00 M M 7.1 18 150 M M 0 23 150
9 79 56 68 -3 0 3 T M M 7.0 18 10 M M 5 24 10
10 87 53 70 -2 0 5 0.00 M M 9.3 18 150 M M 0 24 150
11 92 55 74 2 0 9 0.00 M M 8.9 21 290 M M 0 29 180
12 83 53 68 -4 0 3 0.00 M M 10.7 31 10 M M 1 38 10
13 82 50 66 -6 0 1 0.00 M M 7.3 16 300 M M 0 20 340
14 89 53 71 -2 0 6 0.00 M M 8.4 17 360 M M 0 29 350
15 95 54 75 2 0 10 0.00 M M 7.9 18 10 M M 0 24 20
16 96 63 80 7 0 15 0.00 M M 9.5 22 300 M M 0 27 310
17 90 61 76 3 0 11 0.00 M M 9.4 17 360 M M 2 22 10
18 92 63 78 4 0 13 0.00 M M 9.9 18 360 M M 1 23 10
19 95 65 80 6 0 15 0.00 M M 11.5 21 10 M M 0 26 10
20 96 62 79 5 0 14 0.00 M M 10.5 20 10 M M 0 26 10
21 101 62 82 8 0 17 0.00 M M 6.4 15 320 M M 0 18 320
22 98 70 84 10 0 19 0.00 M M 9.9 17 10 M M 0 23 10
23 92 67 80 6 0 15 0.00 M M 8.3 18 290 M M 0 23 310
24 88 62 75 1 0 10 0.00 M M 11.3 25 10 M M 0 32 10
25 88 56 72 -3 0 7 0.00 M M 10.9 18 330 M M 0 26 340
26 97 61 79 4 0 14 0.00 M M 11.7 20 20 M M 0 24 20
27 101 66 84 9 0 19 0.00 M M 7.9 14 360 M M 0 16 360
28 103 59 81 6 0 16 0.00 M M 6.3 17 210 M M 0 22 190
29 103 62 83 8 0 18 0.00 M M 7.1 15 210 M M 0 20 210
30 106 66 86 11 0 21 0.00 M M 7.7 16 10 M M 0 8 20 10
31 107 73 90 15 0 25 0.00 M M 11.4 24 10 M M 0 31 10
================================================================================
SM 2820 1820 0 312 0.01 M 284.1 M 27
================================================================================
AV 91.0 58.7 9.2 FASTST M M 1 MAX(MPH)
MISC ----> # 31 10 # 38 10
================================================================================
NOTES:
# LAST OF SEVERAL OCCURRENCES
COLUMN 17 PEAK WIND IN M.P.H.
PRELIMINARY LOCAL CLIMATOLOGICAL DATA (WS FORM: F-6) , PAGE 2
STATION: OMAK WA AIRPORT
MONTH: JULY
YEAR: 2020
LATITUDE: 48 27 N
LONGITUDE: 119 31 W
[TEMPERATURE DATA] [PRECIPITATION DATA] SYMBOLS USED IN COLUMN 16
AVERAGE MONTHLY: 74.8 TOTAL FOR MONTH: 0.01 1 = FOG OR MIST
DPTR FM NORMAL: 2.1 DPTR FM NORMAL: -0.80 2 = FOG REDUCING VISIBILITY
HIGHEST: 107 ON 31 GRTST 24HR 0.20 ON 30- 1 TO 1/4 MILE OR LESS
LOWEST: 47 ON 3 3 = THUNDER
SNOW, ICE PELLETS, HAIL 4 = ICE PELLETS
TOTAL MONTH: M 5 = HAIL
GRTST 24HR M ON M 6 = FREEZING RAIN OR DRIZZLE
GRTST DEPTH: M ON M 7 = DUSTSTORM OR SANDSTORM:
VSBY 1/2 MILE OR LESS
8 = SMOKE OR HAZE
[NO. OF DAYS WITH] [WEATHER - DAYS WITH] 9 = BLOWING SNOW
X = TORNADO
MAX 32 OR BELOW: 0 0.01 INCH OR MORE: 1
MAX 90 OR ABOVE: 16 0.10 INCH OR MORE: 0
MIN 32 OR BELOW: 0 0.50 INCH OR MORE: 0
MIN 0 OR BELOW: 0 1.00 INCH OR MORE: 0
[HDD (BASE 65) ]
TOTAL THIS MO. 0 CLEAR (SCALE 0-3) 28
DPTR FM NORMAL -15 PTCLDY (SCALE 4-7) 3
TOTAL FM JUL 1 0 CLOUDY (SCALE 8-10) 0
DPTR FM NORMAL -15
[CDD (BASE 65) ]
TOTAL THIS MO. 312
DPTR FM NORMAL 58 [PRESSURE DATA]
TOTAL FM JAN 1 442 HIGHEST SLP M ON M
DPTR FM NORMAL 81 LOWEST SLP 29.60 ON 22
[REMARKS]
#FINAL-07-20#