000
CXUS56 KOTX 010910
CF6OMK
PRELIMINARY LOCAL CLIMATOLOGICAL DATA (WS FORM: F-6)
STATION: OMAK WA AIRPORT
MONTH: SEPTEMBER
YEAR: 2023
LATITUDE: 48 27 N
LONGITUDE: 119 31 W
TEMPERATURE IN F: :PCPN: SNOW: WIND :SUNSHINE: SKY :PK WND
================================================================================
1 2 3 4 5 6A 6B 7 8 9 10 11 12 13 14 15 16 17 18
12Z AVG MX 2MIN
DY MAX MIN AVG DEP HDD CDD WTR SNW DPTH SPD SPD DIR MIN PSBL S-S WX SPD DR
================================================================================
1 84 60 72 4 0 7 0.00 M M 13.0 23 20 M M 1 28 10
2 91 59 75 7 0 10 0.00 M M 8.2 15 10 M M 0 18 320
3 90 60 75 7 0 10 M M M 7.7 22 10 M M 4 3 29 10
4 83 63 73 5 0 8 M M M 8.3 18 360 M M 4 23 360
5 80 51 66 -1 0 1 0.00 M M 8.4 18 140 M M 0 27 150
6 83 57 70 3 0 5 0.00 M M 6.8 17 160 M M 0 21 160
7 83 54 69 3 0 4 0.00 M M 8.2 16 360 M M 0 21 340
8 84 45 65 -1 0 0 0.00 M M 4.1 12 300 M M 0 16 200
9 87 50 69 3 0 4 0.00 M M 6.6 14 300 M M 0 17 10
10 91 53 72 6 0 7 0.00 M M 6.3 13 10 M M 0 16 210
11 83 55 69 4 0 4 0.00 M M 4.5 13 310 M M 1 15 320
12 83 57 70 5 0 5 0.00 M M 7.5 20 10 M M 2 24 10
13 83 53 68 4 0 3 0.00 M M 9.1 18 20 M M 0 24 20
14 85 54 70 6 0 5 0.00 M M 8.2 20 360 M M 0 24 360
15 89 46 68 4 0 3 0.00 M M 4.9 14 210 M M 0 17 210
16 91 46 69 6 0 4 0.00 M M 3.6 13 220 M M 0 16 220
17 86 57 72 9 0 7 0.00 M M 6.1 17 200 M M 1 23 180
18 80 50 65 2 0 0 0.00 M M 11.3 28 20 M M 0 34 20
19 73 48 61 -1 4 0 0.00 M M 7.6 22 10 M M 3 26 10
20 64 50 57 -5 8 0 0.86 M M 10.9 20 340 M M 7 1 27 320
21 76 53 65 4 0 0 0.00 M M 14.0 24 10 M M 1 29 10
22 77 52 65 4 0 0 0.00 M M 9.3 20 150 M M 6 24 150
23 71 54 63 3 2 0 0.00 M M 7.8 14 180 M M 3 18 170
24 70 52 61 1 4 0 0.01 M M 7.6 18 150 M M 6 27 170
25 66 55 61 1 4 0 0.22 M M 5.5 16 180 M M 7 1 20 170
26 67 51 59 0 6 0 0.04 M M 11.9 24 170 M M 6 3 30 150
27 60 47 54 -5 11 0 0.42 M M 3.2 9 350 M M 6 1 12 130
28 64 42 53 -5 12 0 0.19 M M 7.0 32 10 M M 6 1 43 20
29 64 36 50 -8 15 0 0.00 M M 9.2 16 360 M M 0 20 350
30 68 44 56 -1 9 0 0.00 M M 12.0 23 20 M M 0 29 30
================================================================================
SM 2356 1554 75 87 1.74 M 238.8 M 64
================================================================================
AV 78.5 51.8 8.0 FASTST M M 2 MAX(MPH)
MISC ----> 32 10 43 20
================================================================================
NOTES:
# LAST OF SEVERAL OCCURRENCES
COLUMN 17 PEAK WIND IN M.P.H.
PRELIMINARY LOCAL CLIMATOLOGICAL DATA (WS FORM: F-6) , PAGE 2
STATION: OMAK WA AIRPORT
MONTH: SEPTEMBER
YEAR: 2023
LATITUDE: 48 27 N
LONGITUDE: 119 31 W
[TEMPERATURE DATA] [PRECIPITATION DATA] SYMBOLS USED IN COLUMN 16
AVERAGE MONTHLY: 65.2 TOTAL FOR MONTH: 1.74 1 = FOG OR MIST
DPTR FM NORMAL: 1.9 DPTR FM NORMAL: 1.34 2 = FOG REDUCING VISIBILITY
HIGHEST: 91 ON 16,10 GRTST 24HR 0.86 ON 20-20 TO 1/4 MILE OR LESS
LOWEST: 36 ON 29 3 = THUNDER
SNOW, ICE PELLETS, HAIL 4 = ICE PELLETS
TOTAL MONTH: M 5 = HAIL
GRTST 24HR M ON M 6 = FREEZING RAIN OR DRIZZLE
GRTST DEPTH: M ON M 7 = DUSTSTORM OR SANDSTORM:
VSBY 1/2 MILE OR LESS
8 = SMOKE OR HAZE
[NO. OF DAYS WITH] [WEATHER - DAYS WITH] 9 = BLOWING SNOW
X = TORNADO
MAX 32 OR BELOW: 0 0.01 INCH OR MORE: 6
MAX 90 OR ABOVE: 4 0.10 INCH OR MORE: 4
MIN 32 OR BELOW: 0 0.50 INCH OR MORE: 1
MIN 0 OR BELOW: 0 1.00 INCH OR MORE: 0
[HDD (BASE 65) ]
TOTAL THIS MO. 75 CLEAR (SCALE 0-3) 20
DPTR FM NORMAL -42 PTCLDY (SCALE 4-7) 10
TOTAL FM JUL 1 75 CLOUDY (SCALE 8-10) 0
DPTR FM NORMAL -62
[CDD (BASE 65) ]
TOTAL THIS MO. 87
DPTR FM NORMAL 21 [PRESSURE DATA]
TOTAL FM JAN 1 1087 HIGHEST SLP M ON M
DPTR FM NORMAL 385 LOWEST SLP 29.68 ON 3
[REMARKS]
#FINAL-09-23#