000
CXUS56 KBOI 011002
CF6ONO
PRELIMINARY LOCAL CLIMATOLOGICAL DATA (WS FORM: F-6)
STATION: ONTARIO OR
MONTH: JUNE
YEAR: 2021
LATITUDE: 44 1 N
LONGITUDE: 117 1 W
TEMPERATURE IN F: :PCPN: SNOW: WIND :SUNSHINE: SKY :PK WND
================================================================================
1 2 3 4 5 6A 6B 7 8 9 10 11 12 13 14 15 16 17 18
12Z AVG MX 2MIN
DY MAX MIN AVG DEP HDD CDD WTR SNW DPTH SPD SPD DIR MIN PSBL S-S WX SPD DR
================================================================================
1 94 61 78 12 0 13 0.00 M M 5.3 12 270 M M 0 15 260
2 99 59 79 13 0 14 0.00 M M 3.5 8 160 M M 0 8 12 160
3 102 62 82 15 0 17 T M M 5.9 36 230 M M 0 8 51 230
4 98 68 83 16 0 18 0.00 M M 11.4 28 330 M M 0 8 38 330
5 91 57 74 7 0 9 0.00 M M 13.6 32 330 M M 0 8 41 350
6 78 51 65 -2 0 0 0.00 M M 9.0 23 330 M M 0 29 340
7 80 46 63 -5 2 0 0.00 M M 7.4 24 320 M M 1 35 330
8 83 58 71 3 0 6 0.00 M M 10.7 33 320 M M 0 8 44 320
9 82 58 70 2 0 5 0.02 M M 16.4 35 310 M M 2 8 45 320
10 69 51 60 -8 5 0 0.32 M M 8.5 25 320 M M 4 33 310
11 80 48 64 -4 1 0 0.00 M M 8.1 28 160 M M 1 40 150
12 85 61 73 4 0 8 0.00 M M 3.3 13 270 M M 2 20 250
13 98 57 78 9 0 13 0.00 M M 3.3 8 260 M M 0 12 150
14 96 66 81 12 0 16 0.00 M M 8.0 32 320 M M 0 42 320
15 90 63 77 8 0 12 0.00 M M 14.0 30 320 M M 0 45 320
16 85 57 71 1 0 6 0.00 M M 7.1 17 320 M M 0 24 300
17 95 57 76 6 0 11 0.00 M M 4.6 14 340 M M 0 20 10
18 99 57 78 8 0 13 0.00 M M 5.7 23 340 M M 0 32 330
19 100 68 84 14 0 19 0.00 M M 9.8 25 340 M M 0 33 350
20 96 65 81 10 0 16 0.00 M M 9.2 22 320 M M 0 31 320
21 97 59 78 7 0 13 0.00 M M 4.8 17 260 M M 0 24 260
22 102 66 84 13 0 19 0.03 M M 10.1 44 250 M M 1 8 62 250
23 95 58 77 5 0 12 0.00 M M 3.8 23 180 M M 0 35 170
24 101 61 81 9 0 16 0.00 M M 7.1 24 330 M M 0 32 340
25 99 74 87 15 0 22 0.00 M M 11.7 22 320 M M 1 28 320
26 99 66 83 10 0 18 0.00 M M 4.6 12 330 M M 0 18 250
27 101 64 83 10 0 18 0.00 M M 3.8 12 170 M M 0 15 180
28 105 64 85 12 0 20 0.00 M M 2.2 10 360 M M 0 8 15 310
29 106 65 86 12 0 21 0.00 M M 1.8 10 110 M M 0 16 110
30 107 72 90 16 0 25 0.00 M M 4.8 16 150 M M 0 3 21 150
================================================================================
SM 2812 1819 8 380 0.37 M 219.5 M 12
================================================================================
AV 93.7 60.6 7.3 FASTST M M 0 MAX(MPH)
MISC ----> 44 250 62 250
================================================================================
NOTES:
# LAST OF SEVERAL OCCURRENCES
COLUMN 17 PEAK WIND IN M.P.H.
PRELIMINARY LOCAL CLIMATOLOGICAL DATA (WS FORM: F-6) , PAGE 2
STATION: ONTARIO OR
MONTH: JUNE
YEAR: 2021
LATITUDE: 44 1 N
LONGITUDE: 117 1 W
[TEMPERATURE DATA] [PRECIPITATION DATA] SYMBOLS USED IN COLUMN 16
AVERAGE MONTHLY: 77.2 TOTAL FOR MONTH: 0.37 1 = FOG OR MIST
DPTR FM NORMAL: 7.4 DPTR FM NORMAL: -0.35 2 = FOG REDUCING VISIBILITY
HIGHEST: 107 ON 30 GRTST 24HR 0.34 ON 9-10 TO 1/4 MILE OR LESS
LOWEST: 46 ON 7 3 = THUNDER
SNOW, ICE PELLETS, HAIL 4 = ICE PELLETS
TOTAL MONTH: M 5 = HAIL
GRTST 24HR M ON M 6 = FREEZING RAIN OR DRIZZLE
GRTST DEPTH: M ON M 7 = DUSTSTORM OR SANDSTORM:
VSBY 1/2 MILE OR LESS
8 = SMOKE OR HAZE
[NO. OF DAYS WITH] [WEATHER - DAYS WITH] 9 = BLOWING SNOW
X = TORNADO
MAX 32 OR BELOW: 0 0.01 INCH OR MORE: 3
MAX 90 OR ABOVE: 22 0.10 INCH OR MORE: 1
MIN 32 OR BELOW: 0 0.50 INCH OR MORE: 0
MIN 0 OR BELOW: 0 1.00 INCH OR MORE: 0
[HDD (BASE 65) ]
TOTAL THIS MO. 8 CLEAR (SCALE 0-3) 29
DPTR FM NORMAL -24 PTCLDY (SCALE 4-7) 1
TOTAL FM JUL 1 5028 CLOUDY (SCALE 8-10) 0
DPTR FM NORMAL -171
[CDD (BASE 65) ]
TOTAL THIS MO. 380
DPTR FM NORMAL 204 [PRESSURE DATA]
TOTAL FM JAN 1 435 HIGHEST SLP M ON M
DPTR FM NORMAL 200 LOWEST SLP 29.60 ON 7
[REMARKS]
#FINAL-06-21#