000
CXUS56 KBOI 011002
CF6ONO
PRELIMINARY LOCAL CLIMATOLOGICAL DATA (WS FORM: F-6)
STATION: ONTARIO OR
MONTH: JANUARY
YEAR: 2021
LATITUDE: 44 1 N
LONGITUDE: 117 1 W
TEMPERATURE IN F: :PCPN: SNOW: WIND :SUNSHINE: SKY :PK WND
================================================================================
1 2 3 4 5 6A 6B 7 8 9 10 11 12 13 14 15 16 17 18
12Z AVG MX 2MIN
DY MAX MIN AVG DEP HDD CDD WTR SNW DPTH SPD SPD DIR MIN PSBL S-S WX SPD DR
================================================================================
1 38 32 35 9 30 0 0.00 M M 2.6 10 250 M M 9 18 14 250
2 40 27 34 8 31 0 0.03 M M 3.0 9 260 M M 9 128 13 260
3 54 35 45 19 20 0 0.19 M M 4.8 17 150 M M 6 1 21 180
4 47 37 42 16 23 0 0.24 M M 9.0 31 200 M M 8 42 220
5 47 33 40 14 25 0 0.00 M M 5.9 14 260 M M 0 17 260
6 43 31 37 10 28 0 0.02 M M 4.8 13 110 M M 2 17 110
7 41 33 37 10 28 0 0.08 M M 3.2 9 280 M M 10 18 12 260
8 39 34 37 10 28 0 0.05 M M 4.9 12 30 M M 9 18 16 30
9 35 30 33 6 32 0 0.00 M M 1.8 10 270 M M 10 128 12 260
10 41 28 35 8 30 0 0.00 M M 1.6 8 260 M M 4 128 9 260
11 41 26 34 7 31 0 0.00 M M 4.0 14 110 M M 0 18 18 130
12 35 30 33 6 32 0 0.25 M M 3.6 10 20 M M 8 18 15 10
13 53 32 43 16 22 0 0.02 M M 6.9 23 290 M M 5 18 29 300
14 46 30 38 11 27 0 0.00 M M 1.3 8 270 M M 2 9 360
15 36 25 31 4 34 0 0.04 M M 2.2 9 260 M M 4 10 130
16 41 24 33 6 32 0 0.00 M M 1.1 6 260 M M 5 18 9 50
17 45 32 39 12 26 0 0.00 M M 1.4 6 270 M M 6 18 9 30
18 50 25 38 10 27 0 0.00 M M 4.4 16 320 M M 3 128 20 320
19 45 26 36 8 29 0 0.00 M M 2.5 10 330 M M 0 15 10
20 40 22 31 3 34 0 0.00 M M 2.6 9 360 M M 3 12 350
21 37 33 35 7 30 0 0.04 M M 2.5 6 250 M M 10 18 8 20
22 38 32 35 7 30 0 0.04 M M 3.2 9 280 M M 9 18 11 260
23 44 25 35 7 30 0 0.00 M M 14.1 24 320 M M 0 31 320
24 41 19 30 2 35 0 0.00 M M 3.6 9 20 M M 0 14 10
25 41 24 33 5 32 0 0.00 M M 4.4 10 260 M M 5 13 330
26 40 25 33 5 32 0 0.00 M M 8.5 26 140 M M 6 36 140
27 49 32 41 12 24 0 0.05 M M 16.2 33 150 M M 8 1 46 160
28 51 37 44 15 21 0 0.03 M M 7.2 20 160 M M 10 30 160
29 49 36 43 14 22 0 0.06 M M 4.8 9 310 M M 8 1 13 340
30 52 32 42 13 23 0 0.00 M M 4.5 13 130 M M 4 19 130
31 54 32 43 14 22 0 0.00 M M 6.5 17 140 M M 7 24 120
================================================================================
SM 1353 919 870 0 1.14 M 147.1 M 170
================================================================================
AV 43.6 29.6 4.7 FASTST M M 5 MAX(MPH)
MISC ----> 33 150 46 160
================================================================================
NOTES:
# LAST OF SEVERAL OCCURRENCES
COLUMN 17 PEAK WIND IN M.P.H.
PRELIMINARY LOCAL CLIMATOLOGICAL DATA (WS FORM: F-6) , PAGE 2
STATION: ONTARIO OR
MONTH: JANUARY
YEAR: 2021
LATITUDE: 44 1 N
LONGITUDE: 117 1 W
[TEMPERATURE DATA] [PRECIPITATION DATA] SYMBOLS USED IN COLUMN 16
AVERAGE MONTHLY: 36.6 TOTAL FOR MONTH: 1.14 1 = FOG OR MIST
DPTR FM NORMAL: 9.1 DPTR FM NORMAL: -0.04 2 = FOG REDUCING VISIBILITY
HIGHEST: 54 ON 31, 3 GRTST 24HR 0.78 ON 27-27 TO 1/4 MILE OR LESS
LOWEST: 19 ON 24 3 = THUNDER
SNOW, ICE PELLETS, HAIL 4 = ICE PELLETS
TOTAL MONTH: M 5 = HAIL
GRTST 24HR M ON M 6 = FREEZING RAIN OR DRIZZLE
GRTST DEPTH: M ON M 7 = DUSTSTORM OR SANDSTORM:
VSBY 1/2 MILE OR LESS
8 = SMOKE OR HAZE
[NO. OF DAYS WITH] [WEATHER - DAYS WITH] 9 = BLOWING SNOW
X = TORNADO
MAX 32 OR BELOW: 0 0.01 INCH OR MORE: 14
MAX 90 OR ABOVE: 0 0.10 INCH OR MORE: 3
MIN 32 OR BELOW: 23 0.50 INCH OR MORE: 0
MIN 0 OR BELOW: 0 1.00 INCH OR MORE: 0
[HDD (BASE 65) ]
TOTAL THIS MO. 870 CLEAR (SCALE 0-3) 8
DPTR FM NORMAL -292 PTCLDY (SCALE 4-7) 14
TOTAL FM JUL 1 3089 CLOUDY (SCALE 8-10) 9
DPTR FM NORMAL -655
[CDD (BASE 65) ]
TOTAL THIS MO. 0
DPTR FM NORMAL 0 [PRESSURE DATA]
TOTAL FM JAN 1 0 HIGHEST SLP M ON M
DPTR FM NORMAL 0 LOWEST SLP 29.72 ON 29
[REMARKS]
#FINAL-01-21#