000
CXUS51 KBOX 230810
CF6ORH
PRELIMINARY LOCAL CLIMATOLOGICAL DATA (WS FORM: F-6)
STATION: WORCESTER MA
MONTH: APRIL
YEAR: 2024
LATITUDE: 42 16 N
LONGITUDE: 71 52 W
TEMPERATURE IN F: :PCPN: SNOW: WIND :SUNSHINE: SKY :PK WND
================================================================================
1 2 3 4 5 6A 6B 7 8 9 10 11 12 13 14 15 16 17 18
12Z AVG MX 2MIN
DY MAX MIN AVG DEP HDD CDD WTR SNW DPTH SPD SPD DIR MIN PSBL S-S WX SPD DR
================================================================================
1 55 38 47 7 18 0 0.00 0.0 M 4.4 12 310 M M 3 18 160
2 48 38 43 3 22 0 0.14 0.0 M 8.9 15 80 M M 7 1 20 70
3 38 33 36 -5 29 0 0.88 0.4 M 14.8 25 60 M M 10 126 45 90
4 36 32 34 -7 31 0 0.79 5.1 M 16.6 28 60 M M 10 126 53 60
5 40 31 36 -6 29 0 T T M 14.2 24 300 M M 8 1 32 300
6 43 33 38 -4 27 0 0.03 T M 11.9 22 330 M M 9 1 32 320
7 48 35 42 0 23 0 0.01 T M 9.2 15 350 M M 9 1 25 30
8 63 37 50 7 15 0 0.00 0.0 M 8.1 15 280 M M 0 22 320
9 71 46 59 16 6 0 0.00 0.0 M 6.3 13 90 M M 0 18 360
10 64 39 52 8 13 0 T 0.0 M 6.5 17 170 M M 4 23 150
11 55 44 50 6 15 0 0.26 0.0 M 6.9 10 70 M M 10 12 16 50
12 62 48 55 10 10 0 1.68 0.0 M 16.1 29 170 M M 8 12 41 170
13 51 43 47 2 18 0 0.01 0.0 M 14.3 31 280 M M 7 50 280
14 54 41 48 2 17 0 0.03 0.0 M 10.3 22 240 M M 6 30 300
15 70 46 58 12 7 0 0.00 0.0 M 11.8 24 290 M M 1 35 280
16 64 43 54 8 11 0 0.00 0.0 M 10.5 23 260 M M 1 35 280
17 63 42 53 6 12 0 T 0.0 M 7.3 17 180 M M 4 23 150
18 45 41 43 -4 22 0 0.15 0.0 M 8.0 18 80 M M 10 29 80
19 58 41 50 2 15 0 T 0.0 M 9.2 20 170 M M 6 28 160
20 58 40 49 1 16 0 0.23 0.0 M 10.4 25 300 M M 8 1 34 280
21 48 36 42 -6 23 0 0.00 0.0 M 12.3 22 290 M M 2 32 280
22 55 32 44 -5 21 0 0.00 0.0 M 8.5 21 320 M M 0 30 340
================================================================================
SM 1189 859 400 0 4.21 5.5 226.5 M 123
================================================================================
AV 54.0 39.0 10.3 FASTST M M 6 MAX(MPH)
MISC ----> 31 280 53 60
================================================================================
NOTES:
# LAST OF SEVERAL OCCURRENCES
COLUMN 17 PEAK WIND IN M.P.H.
PRELIMINARY LOCAL CLIMATOLOGICAL DATA (WS FORM: F-6) , PAGE 2
STATION: WORCESTER MA
MONTH: APRIL
YEAR: 2024
LATITUDE: 42 16 N
LONGITUDE: 71 52 W
[TEMPERATURE DATA] [PRECIPITATION DATA] SYMBOLS USED IN COLUMN 16
AVERAGE MONTHLY: 46.5 TOTAL FOR MONTH: 4.21 1 = FOG OR MIST
DPTR FM NORMAL: 2.1 DPTR FM NORMAL: 1.18 2 = FOG REDUCING VISIBILITY
HIGHEST: 71 ON 9 GRTST 24HR 1.85 ON 11-12 TO 1/4 MILE OR LESS
LOWEST: 31 ON 5 3 = THUNDER
SNOW, ICE PELLETS, HAIL 4 = ICE PELLETS
TOTAL MONTH: 5.5 INCHES 5 = HAIL
GRTST 24HR 5.1 ON 4- 4 6 = FREEZING RAIN OR DRIZZLE
GRTST DEPTH: M ON M 7 = DUSTSTORM OR SANDSTORM:
VSBY 1/2 MILE OR LESS
8 = SMOKE OR HAZE
[NO. OF DAYS WITH] [WEATHER - DAYS WITH] 9 = BLOWING SNOW
X = TORNADO
MAX 32 OR BELOW: 0 0.01 INCH OR MORE: 11
MAX 90 OR ABOVE: 0 0.10 INCH OR MORE: 7
MIN 32 OR BELOW: 3 0.50 INCH OR MORE: 3
MIN 0 OR BELOW: 0 1.00 INCH OR MORE: 1
[HDD (BASE 65) ]
TOTAL THIS MO. 400 CLEAR (SCALE 0-3) 7
DPTR FM NORMAL -54 PTCLDY (SCALE 4-7) 9
TOTAL FM JUL 1 5188 CLOUDY (SCALE 8-10) 6
DPTR FM NORMAL -962
[CDD (BASE 65) ]
TOTAL THIS MO. 0
DPTR FM NORMAL 0 [PRESSURE DATA]
TOTAL FM JAN 1 0 HIGHEST SLP M ON M
DPTR FM NORMAL 0 LOWEST SLP 29.27 ON 4
[REMARKS]