720
CXUS53 KGRB 011234
CF6OSH
PRELIMINARY LOCAL CLIMATOLOGICAL DATA (WS FORM: F-6)
STATION: OSHKOSH WI
MONTH: JUNE
YEAR: 2020
LATITUDE: 44 0 N
LONGITUDE: 88 34 W
TEMPERATURE IN F: :PCPN: SNOW: WIND :SUNSHINE: SKY :PK WND
================================================================================
1 2 3 4 5 6A 6B 7 8 9 10 11 12 13 14 15 16 17 18
12Z AVG MX 2MIN
DY MAX MIN AVG DEP HDD CDD WTR SNW DPTH SPD SPD DIR MIN PSBL S-S WX SPD DR
================================================================================
1 75 48 62 0 3 0 0.00 0.0 0 11.6 24 180 M M 4 32 180
2 91 63 77 14 0 12 0.91 0.0 0 7.7 36 340 M M 1 13 52 350
3 84 64 74 11 0 9 0.00 0.0 0 6.0 15 30 M M 1 21 30
4 81 59 70 6 0 5 0.00 0.0 0 4.8 14 60 M M 0 20 60
5 83 64 74 10 0 9 0.17 0.0 0 6.5 22 300 M M 3 13 35 310
6 75 58 67 3 0 2 0.00 0.0 0 9.3 18 110 M M 0 31 110
7 75 55 65 1 0 0 0.00 0.0 0 9.6 15 140 M M 2 21 80
8 88 56 72 7 0 7 0.00 0.0 0 9.1 17 190 M M 0 24 190
9 81 61 71 6 0 6 0.66 0.0 0 10.6 30 210 M M 3 1 46 200
10 80 59 70 4 0 5 0.28 0.0 0 10.7 26 310 M M 5 1 47 210
11 77 56 67 1 0 2 0.11 0.0 0 9.2 25 280 M M 2 3 41 280
12 64 51 58 -8 7 0 0.00 0.0 0 8.7 14 80 M M 3 21 90
13 65 48 57 -9 8 0 0.00 0.0 0 10.0 16 50 M M 0 23 40
14 68 47 58 -9 7 0 0.00 0.0 0 8.8 17 120 M M 0 26 120
15 75 47 61 -6 4 0 0.00 0.0 0 8.1 17 130 M M 0 24 120
16 83 48 66 -1 0 1 0.00 0.0 0 7.9 16 130 M M 0 20 190
17 85 57 71 3 0 6 0.00 0.0 0 7.9 16 140 M M 0 25 180
18 86 58 72 4 0 7 0.00 0.0 0 7.7 18 140 M M 1 26 150
19 88 63 76 8 0 11 0.00 0.0 0 5.7 16 260 M M 1 26 180
20 76 68 72 4 0 7 0.41 0.0 0 3.3 16 180 M M 7 13 22 180
21 81 61 71 2 0 6 0.00 0.0 0 6.7 12 190 M M 2 20 290
22 73 63 68 -1 0 3 0.83 0.0 0 6.0 13 340 M M 8 1 M M
23 72 63 68 -1 0 3 0.00 0.0 0 10.4 17 10 M M 8 41 10
24 75 55 65 -4 0 0 0.22 0.0 0 4.3 23 350 M M 6 1 35 330
25 79 57 68 -2 0 3 0.00 0.0 0 5.8 10 210 M M 1 17 220
26 78 62 70 0 0 5 0.41 0.0 0 6.2 16 200 M M 4 1 27 190
27 86 66 76 6 0 11 0.00 0.0 0 4.2 10 290 M M 1 16 330
28 83 64 74 4 0 9 0.00 0.0 0 7.2 17 100 M M 0 12 23 100
29 88 64 76 6 0 11 0.16 0.0 0 6.6 16 150 M M 2 23 140
30 88 68 78 8 0 13 0.00 0.0 0 6.8 16 120 M M 0 8 22 110
================================================================================
SM 2383 1753 29 153 4.16 0.0 227.4 M 65
================================================================================
AV 79.4 58.4 7.6 FASTST M M 2 MAX(MPH)
MISC ----> # 36 340 # 52 350
================================================================================
NOTES:
# LAST OF SEVERAL OCCURRENCES
COLUMN 17 PEAK WIND IN M.P.H.
PRELIMINARY LOCAL CLIMATOLOGICAL DATA (WS FORM: F-6) , PAGE 2
STATION: OSHKOSH WI
MONTH: JUNE
YEAR: 2020
LATITUDE: 44 0 N
LONGITUDE: 88 34 W
[TEMPERATURE DATA] [PRECIPITATION DATA] SYMBOLS USED IN COLUMN 16
AVERAGE MONTHLY: 68.9 TOTAL FOR MONTH: 4.16 1 = FOG OR MIST
DPTR FM NORMAL: 2.0 DPTR FM NORMAL: 0.12 2 = FOG REDUCING VISIBILITY
HIGHEST: 91 ON 2 GRTST 24HR 0.91 ON 2- 2 TO 1/4 MILE OR LESS
LOWEST: 47 ON 15,14 3 = THUNDER
SNOW, ICE PELLETS, HAIL 4 = ICE PELLETS
TOTAL MONTH: 0.0 INCH 5 = HAIL
GRTST 24HR 0.0 6 = FREEZING RAIN OR DRIZZLE
GRTST DEPTH: 0 7 = DUSTSTORM OR SANDSTORM:
VSBY 1/2 MILE OR LESS
8 = SMOKE OR HAZE
[NO. OF DAYS WITH] [WEATHER - DAYS WITH] 9 = BLOWING SNOW
X = TORNADO
MAX 32 OR BELOW: 0 0.01 INCH OR MORE: 10
MAX 90 OR ABOVE: 1 0.10 INCH OR MORE: 10
MIN 32 OR BELOW: 0 0.50 INCH OR MORE: 3
MIN 0 OR BELOW: 0 1.00 INCH OR MORE: 0
[HDD (BASE 65) ]
TOTAL THIS MO. 29 CLEAR (SCALE 0-3) 22
DPTR FM NORMAL -28 PTCLDY (SCALE 4-7) 8
TOTAL FM JUL 1 7222 CLOUDY (SCALE 8-10) 0
DPTR FM NORMAL -234
[CDD (BASE 65) ]
TOTAL THIS MO. 153
DPTR FM NORMAL 40 [PRESSURE DATA]
TOTAL FM JAN 1 190 HIGHEST SLP 30.42 ON 14
DPTR FM NORMAL 52 LOWEST SLP 29.11 ON 9
[REMARKS]
#FINAL-06-20#