000
CXUS53 KGRB 190744
CF6OSH
PRELIMINARY LOCAL CLIMATOLOGICAL DATA (WS FORM: F-6)
STATION: OSHKOSH WI
MONTH: APRIL
YEAR: 2024
LATITUDE: 44 0 N
LONGITUDE: 88 34 W
TEMPERATURE IN F: :PCPN: SNOW: WIND :SUNSHINE: SKY :PK WND
================================================================================
1 2 3 4 5 6A 6B 7 8 9 10 11 12 13 14 15 16 17 18
12Z AVG MX 2MIN
DY MAX MIN AVG DEP HDD CDD WTR SNW DPTH SPD SPD DIR MIN PSBL S-S WX SPD DR
================================================================================
1 41 31 36 -4 29 0 0.30 T T 12.0 20 40 M M 7 1 27 50
2 38 33 36 -4 29 0 1.57 5.1 5 19.3 31 10 M M 10 12 46 10
3 36 34 35 -5 30 0 0.14 0.7 4 19.1 31 360 M M 10 1 40 350
4 43 34 39 -2 26 0 M M M 13.5 23 20 M M 10 1 30 10
5 50 32 41 0 24 0 0.00 0.0 M 6.2 15 10 M M 1 20 360
6 54 28 41 -1 24 0 0.00 0.0 0 5.0 12 110 M M 0 17 80
7 51 37 44 2 21 0 0.06 0.0 0 11.7 24 120 M M 5 34 120
8 62 42 52 10 13 0 0.00 M M 10.1 23 200 M M 3 33 200
9 60 38 49 6 16 0 0.00 M M 7.3 21 290 M M 5 29 300
10 70 41 56 13 9 0 0.00 M M 8.2 13 280 M M 4 8 19 200
11 59 42 51 8 14 0 0.01 M M 4.2 12 330 M M 8 17 330
12 61 42 52 8 13 0 0.02 M M 14.0 28 310 M M 4 38 300
13 70 38 54 10 11 0 0.00 M M 8.9 21 210 M M 0 31 220
14 78 47 63 18 2 0 0.00 M M 9.4 22 300 M M 0 33 290
15 72 39 56 11 9 0 0.00 M M 8.0 15 80 M M 0 22 90
16 62 46 54 9 11 0 0.42 M M 14.7 30 120 M M 4 13 44 110
17 63 49 56 10 9 0 0.08 M M 14.0 22 130 M M 9 1 33 130
18 54 42 48 2 17 0 T M M 4.9 14 290 M M 7 21 280
================================================================================
SM 1024 695 307 0 2.60 5.8 190.5 M 87
================================================================================
AV 56.9 38.6 10.6 FASTST M M 5 MAX(MPH)
MISC ----> # 31 10 46 10
================================================================================
NOTES:
# LAST OF SEVERAL OCCURRENCES
COLUMN 17 PEAK WIND IN M.P.H.
PRELIMINARY LOCAL CLIMATOLOGICAL DATA (WS FORM: F-6) , PAGE 2
STATION: OSHKOSH WI
MONTH: APRIL
YEAR: 2024
LATITUDE: 44 0 N
LONGITUDE: 88 34 W
[TEMPERATURE DATA] [PRECIPITATION DATA] SYMBOLS USED IN COLUMN 16
AVERAGE MONTHLY: 47.8 TOTAL FOR MONTH: 2.60 1 = FOG OR MIST
DPTR FM NORMAL: 4.9 DPTR FM NORMAL: 1.00 2 = FOG REDUCING VISIBILITY
HIGHEST: 78 ON 14 GRTST 24HR 1.57 ON 2- 2 TO 1/4 MILE OR LESS
LOWEST: 28 ON 6 3 = THUNDER
SNOW, ICE PELLETS, HAIL 4 = ICE PELLETS
TOTAL MONTH: 5.8 INCHES 5 = HAIL
GRTST 24HR 5.1 ON 2- 2 6 = FREEZING RAIN OR DRIZZLE
GRTST DEPTH: 5 ON 2 7 = DUSTSTORM OR SANDSTORM:
VSBY 1/2 MILE OR LESS
8 = SMOKE OR HAZE
[NO. OF DAYS WITH] [WEATHER - DAYS WITH] 9 = BLOWING SNOW
X = TORNADO
MAX 32 OR BELOW: 0 0.01 INCH OR MORE: 8
MAX 90 OR ABOVE: 0 0.10 INCH OR MORE: 4
MIN 32 OR BELOW: 3 0.50 INCH OR MORE: 1
MIN 0 OR BELOW: 0 1.00 INCH OR MORE: 1
[HDD (BASE 65) ]
TOTAL THIS MO. 307 CLEAR (SCALE 0-3) 6
DPTR FM NORMAL -93 PTCLDY (SCALE 4-7) 8
TOTAL FM JUL 1 5506 CLOUDY (SCALE 8-10) 4
DPTR FM NORMAL -1326
[CDD (BASE 65) ]
TOTAL THIS MO. 0
DPTR FM NORMAL 0 [PRESSURE DATA]
TOTAL FM JAN 1 0 HIGHEST SLP M ON M
DPTR FM NORMAL -1 LOWEST SLP 29.19 ON 3
[REMARKS]