000
CXUS56 KMFR 010930
CF6OTH
PRELIMINARY LOCAL CLIMATOLOGICAL DATA (WS FORM: F-6)
STATION: NORTH BEND OR
MONTH: JULY
YEAR: 2022
LATITUDE: 43 25 N
LONGITUDE: 124 15 W
TEMPERATURE IN F: :PCPN: SNOW: WIND :SUNSHINE: SKY :PK WND
================================================================================
1 2 3 4 5 6A 6B 7 8 9 10 11 12 13 14 15 16 17 18
12Z AVG MX 2MIN
DY MAX MIN AVG DEP HDD CDD WTR SNW DPTH SPD SPD DIR MIN PSBL S-S WX SPD DR
================================================================================
1 63 56 60 1 5 0 0.00 M M 10.7 23 350 M M 10 28 350
2 64 55 60 1 5 0 0.00 M M 9.0 20 340 M M 10 25 330
3 63 54 59 0 6 0 T M M 6.9 16 340 M M 7 20 340
4 67 56 62 3 3 0 T M M 4.9 14 360 M M 7 8 16 350
5 67 58 63 4 2 0 0.07 M M 4.0 12 260 M M 10 1 14 260
6 68 57 63 4 2 0 0.00 M M 6.7 18 260 M M 10 1 21 260
7 65 56 61 2 4 0 0.05 M M 6.3 12 310 M M 6 1 14 300
8 70 52 61 2 4 0 0.00 M M 8.1 22 350 M M 3 12 28 360
9 69 57 63 3 2 0 0.00 M M 7.3 17 350 M M 6 26 350
10 71 52 62 2 3 0 0.00 M M 11.5 29 360 M M 2 38 10
11 76 55 66 6 0 1 0.00 M M 14.3 32 360 M M 0 37 10
12 63 54 59 -1 6 0 0.00 M M 15.5 29 350 M M 7 1 38 350
13 64 53 59 -1 6 0 0.00 M M 12.0 26 350 M M 3 35 360
14 66 51 59 -1 6 0 0.00 M M 8.8 23 350 M M 3 1 28 350
15 67 51 59 -1 6 0 0.00 M M 5.1 14 290 M M 5 1 16 300
16 68 57 63 3 2 0 0.03 M M 9.6180 350 M M 8 1 24 340
17 67 54 61 1 4 0 0.00 M M 14.1 31 360 M M 2 39 360
18 68 51 60 0 5 0 0.00 M M 15.2 33 360 M M 0 38 10
19 63 52 58 -2 7 0 0.00 M M 8.3 20 340 M M 8 12 23 340
20 65 54 60 0 5 0 0.00 M M 8.8 22 360 M M 9 18 25 350
21 67 57 62 2 3 0 0.00 M M 7.9 15 330 M M 8 1 20 330
22 67 57 62 2 3 0 0.00 M M 12.2 25 360 M M 5 1 30 350
23 66 54 60 0 5 0 0.00 M M 14.9 31 360 M M 3 37 350
24 62 51 57 -3 8 0 0.00 M M 15.7 32 360 M M 5 1 39 360
25 66 49 58 -2 7 0 0.00 M M 8.3 24 350 M M 6 12 29 350
26 63 52 58 -2 7 0 0.00 M M 6.5 14 270 M M 5 1 16 280
27 62 51 57 -3 8 0 0.00 M M 5.6 12 270 M M 4 1 M M
28 67 54 61 1 4 0 0.00 M M 9.4 20 350 M M 6 1 23 350
29 67 57 62 2 3 0 0.00 M M 10.5 22 350 M M 7 1 28 360
30 68 58 63 3 2 0 0.00 M M 7.0 14 320 M M 8 1 M M
31 65 57 61 1 4 0 0.00 M M 5.0 13 270 M M 8 M M
================================================================================
SM 2054 1682 137 1 0.15 M 290.0 M 181
================================================================================
AV 66.3 54.3 9.4 FASTST M M 6 MAX(MPH)
MISC ----> 180 350 # 39 360
================================================================================
NOTES:
# LAST OF SEVERAL OCCURRENCES
COLUMN 17 PEAK WIND IN M.P.H.
PRELIMINARY LOCAL CLIMATOLOGICAL DATA (WS FORM: F-6) , PAGE 2
STATION: NORTH BEND OR
MONTH: JULY
YEAR: 2022
LATITUDE: 43 25 N
LONGITUDE: 124 15 W
[TEMPERATURE DATA] [PRECIPITATION DATA] SYMBOLS USED IN COLUMN 16
AVERAGE MONTHLY: 60.3 TOTAL FOR MONTH: 0.15 1 = FOG OR MIST
DPTR FM NORMAL: 0.5 DPTR FM NORMAL: -0.20 2 = FOG REDUCING VISIBILITY
HIGHEST: 76 ON 11 GRTST 24HR 0.07 ON 4- 5 TO 1/4 MILE OR LESS
LOWEST: 49 ON 25 3 = THUNDER
SNOW, ICE PELLETS, HAIL 4 = ICE PELLETS
TOTAL MONTH: M 5 = HAIL
GRTST 24HR M ON M 6 = FREEZING RAIN OR DRIZZLE
GRTST DEPTH: M ON M 7 = DUSTSTORM OR SANDSTORM:
VSBY 1/2 MILE OR LESS
8 = SMOKE OR HAZE
[NO. OF DAYS WITH] [WEATHER - DAYS WITH] 9 = BLOWING SNOW
X = TORNADO
MAX 32 OR BELOW: 0 0.01 INCH OR MORE: 3
MAX 90 OR ABOVE: 0 0.10 INCH OR MORE: 0
MIN 32 OR BELOW: 0 0.50 INCH OR MORE: 0
MIN 0 OR BELOW: 0 1.00 INCH OR MORE: 0
[HDD (BASE 65) ]
TOTAL THIS MO. 137 CLEAR (SCALE 0-3) 8
DPTR FM NORMAL -24 PTCLDY (SCALE 4-7) 18
TOTAL FM JUL 1 137 CLOUDY (SCALE 8-10) 5
DPTR FM NORMAL -27
[CDD (BASE 65) ]
TOTAL THIS MO. 1
DPTR FM NORMAL 0 [PRESSURE DATA]
TOTAL FM JAN 1 1 HIGHEST SLP 30.33 ON 10
DPTR FM NORMAL 0 LOWEST SLP 29.87 ON 25
[REMARKS]
#FINAL-07-22#