000
CXUS53 KDDC 011317
CF6P28
PRELIMINARY LOCAL CLIMATOLOGICAL DATA (WS FORM: F-6)
STATION: MEDICINE LODGE KS
MONTH: MAY
YEAR: 2023
LATITUDE: 37 17 N
LONGITUDE: 98 35 W
TEMPERATURE IN F: :PCPN: SNOW: WIND :SUNSHINE: SKY :PK WND
================================================================================
1 2 3 4 5 6A 6B 7 8 9 10 11 12 13 14 15 16 17 18
12Z AVG MX 2MIN
DY MAX MIN AVG DEP HDD CDD WTR SNW DPTH SPD SPD DIR MIN PSBL S-S WX SPD DR
================================================================================
1 72 34 53 -8 12 0 0.00 0.0 0 4.6 13 360 M M 0 21 360
2 75 42 59 -3 6 0 0.00 0.0 0 5.7 14 20 M M 0 19 50
3 75 40 58 -4 7 0 0.00 0.0 0 6.9 17 180 M M 0 25 180
4 75 58 67 5 0 2 0.00 0.0 0 9.5 16 150 M M 0 27 170
5 77 56 67 4 0 2 0.01 0.0 0 8.9 16 120 M M 0 26 110
6 95 55 75 12 0 10 0.00 0.0 0 8.7 17 250 M M 0 24 190
7 95 61 78 15 0 13 0.00 0.0 0 12.1 24 170 M M 0 37 160
8 90 57 74 10 0 9 0.00 0.0 0 9.7 21 30 M M 0 31 30
9 89 64 77 13 0 12 0.00 0.0 0 12.6 30 70 M M 0 42 80
10 86 62 74 10 0 9 0.00 0.0 0 10.4 18 170 M M 0 28 160
11 79 62 71 6 0 6 0.00 0.0 0 9.5 20 160 M M 0 32 150
12 89 58 74 9 0 9 0.00 0.0 0 9.9 22 230 M M 0 30 230
13 85 55 70 4 0 5 0.00 0.0 0 6.2 17 340 M M 0 24 340
14 75 61 68 2 0 3 0.63 0.0 0 5.4 16 10 M M 0 19 20
15 70 58 64 -2 1 0 0.22 0.0 0 12.7 20 10 M M 0 28 360
16 74 54 64 -3 1 0 0.00 0.0 0 7.2 15 340 M M 0 21 20
17 82 51 67 0 0 2 0.00 0.0 0 4.2 12 100 M M 0 18 180
18 84 59 72 4 0 7 0.00 0.0 0 6.2 20 190 M M 0 27 180
19 69 50 60 -8 5 0 1.68 0.0 0 10.9 30 10 M M 0 44 10
20 74 44 59 -9 6 0 0.00 0.0 0 5.0 13 10 M M 0 17 20
21 74 49 62 -7 3 0 0.00 0.0 0 5.5 13 170 M M 0 19 160
22 71 57 64 -5 1 0 0.00 0.0 0 5.0 9 210 M M 0 14 120
23 73 61 67 -3 0 2 0.07 0.0 0 5.2 13 170 M M 0 20 120
24 81 59 70 0 0 5 0.00 0.0 0 4.1 10 130 M M 0 16 100
25 73 63 68 -2 0 3 0.26 0.0 0 6.4 15 170 M M 0 23 160
26 80 60 70 -1 0 5 0.00 0.0 0 6.2 16 170 M M 0 25 100
27 82 60 71 0 0 6 0.00 0.0 0 8.4 17 190 M M 0 24 180
28 79 59 69 -3 0 4 0.07 0.0 0 9.8 26 170 M M 0 36 190
29 82 61 72 0 0 7 1.77 0.0 0 7.3 17 120 M M 0 26 120
30 88 61 75 3 0 10 0.00 0.0 0 6.1 15 350 M M 0 24 350
31 88 59 74 1 0 9 0.00 0.0 0 6.8 20 310 M M 0 27 300
================================================================================
SM 2481 1730 42 140 4.71 0.0 237.1 M 0
================================================================================
AV 80.0 55.8 7.6 FASTST M M 0 MAX(MPH)
MISC ----> # 30 70 44 10
================================================================================
NOTES:
# LAST OF SEVERAL OCCURRENCES
COLUMN 17 PEAK WIND IN M.P.H.
PRELIMINARY LOCAL CLIMATOLOGICAL DATA (WS FORM: F-6) , PAGE 2
STATION: MEDICINE LODGE KS
MONTH: MAY
YEAR: 2023
LATITUDE: 37 17 N
LONGITUDE: 98 35 W
[TEMPERATURE DATA] [PRECIPITATION DATA] SYMBOLS USED IN COLUMN 16
AVERAGE MONTHLY: 67.9 TOTAL FOR MONTH: 4.71 1 = FOG OR MIST
DPTR FM NORMAL: 0.9 DPTR FM NORMAL: 1.06 2 = FOG REDUCING VISIBILITY
HIGHEST: 95 ON 7, 6 GRTST 24HR 1.84 ON 28-29 TO 1/4 MILE OR LESS
LOWEST: 34 ON 1 3 = THUNDER
SNOW, ICE PELLETS, HAIL 4 = ICE PELLETS
TOTAL MONTH: 0.0 INCH 5 = HAIL
GRTST 24HR 0.0 6 = FREEZING RAIN OR DRIZZLE
GRTST DEPTH: 0 7 = DUSTSTORM OR SANDSTORM:
VSBY 1/2 MILE OR LESS
8 = SMOKE OR HAZE
[NO. OF DAYS WITH] [WEATHER - DAYS WITH] 9 = BLOWING SNOW
X = TORNADO
MAX 32 OR BELOW: 0 0.01 INCH OR MORE: 8
MAX 90 OR ABOVE: 3 0.10 INCH OR MORE: 5
MIN 32 OR BELOW: 0 0.50 INCH OR MORE: 3
MIN 0 OR BELOW: 0 1.00 INCH OR MORE: 2
[HDD (BASE 65) ]
TOTAL THIS MO. 42
DPTR FM NORMAL -39
TOTAL FM JUL 1 4201
DPTR FM NORMAL -184
[CDD (BASE 65) ]
TOTAL THIS MO. 140
DPTR FM NORMAL -2 [PRESSURE DATA]
TOTAL FM JAN 1 165 HIGHEST SLP 30.30 ON 20
DPTR FM NORMAL -9 LOWEST SLP 29.61 ON 7
[REMARKS]
#FINAL-05-23#