000
CXUS53 KDDC 011446
CF6P28
PRELIMINARY LOCAL CLIMATOLOGICAL DATA (WS FORM: F-6)
STATION: MEDICINE LODGE KS
MONTH: AUGUST
YEAR: 2023
LATITUDE: 37 17 N
LONGITUDE: 98 35 W
TEMPERATURE IN F: :PCPN: SNOW: WIND :SUNSHINE: SKY :PK WND
================================================================================
1 2 3 4 5 6A 6B 7 8 9 10 11 12 13 14 15 16 17 18
12Z AVG MX 2MIN
DY MAX MIN AVG DEP HDD CDD WTR SNW DPTH SPD SPD DIR MIN PSBL S-S WX SPD DR
================================================================================
1 105 72 89 7 0 24 0.00 0.0 0 7.7 17 220 M M 0 25 220
2 105 74 90 8 0 25 0.00 0.0 0 7.3 16 230 M M 0 22 230
3 102 74 88 6 0 23 0.00 0.0 0 5.3 16 210 M M 0 23 220
4 96 70 83 1 0 18 0.00 0.0 0 5.9 28 350 M M 0 41 300
5 84 66 75 -7 0 10 1.08 0.0 0 7.8 43 300 M M 0 62 300
6 88 67 78 -4 0 13 0.20 0.0 0 8.1 21 250 M M 0 33 260
7 87 64 76 -5 0 11 0.20 0.0 0 5.7 28 20 M M 0 43 340
8 85 65 75 -6 0 10 0.08 0.0 0 6.2 23 130 M M 0 39 140
9 87 69 78 -3 0 13 0.00 0.0 0 7.6 24 20 M M 0 35 50
10 91 64 78 -3 0 13 0.00 0.0 0 5.0 14 180 M M 0 20 200
11 95 68 82 1 0 17 0.00 0.0 0 5.8 25 360 M M 0 37 350
12 93 72 83 2 0 18 0.07 0.0 0 4.8 21 100 M M 0 32 100
13 94 67 81 0 0 16 1.23 0.0 0 5.6 29 270 M M 0 39 280
14 84 62 73 -8 0 8 0.00 0.0 0 8.7 21 350 M M 0 29 320
15 86 57 72 -8 0 7 0.00 0.0 0 2.8 8 230 M M 0 12 220
16 91 63 77 -3 0 12 0.00 0.0 0 8.3 18 180 M M 0 28 160
17 91 64 78 -2 0 13 0.00 0.0 0 9.1 22 60 M M 0 30 40
18 93 63 78 -2 0 13 0.00 0.0 0 7.5 14 160 M M 0 23 160
19 106 68 87 7 0 22 0.00 0.0 0 6.6 18 230 M M 0 26 230
20 104 67 86 6 0 21 0.00 0.0 0 3.9 9 290 M M 0 13 250
21 103 69 86 7 0 21 0.00 0.0 0 3.5 8 120 M M 0 14 130
22 101 69 85 6 0 20 0.00 0.0 0 4.0 12 90 M M 0 18 90
23 99 73 86 7 0 21 0.00 0.0 0 5.4 14 190 M M 0 20 160
24 102 72 87 8 0 22 0.00 0.0 0 4.6 18 200 M M 0 25 190
25 104 71 88 9 0 23 0.06 0.0 0 7.0 29 360 M M 0 39 350
26 89 70 80 2 0 15 0.04 0.0 0 9.3 20 40 M M 0 27 20
27 89 64 77 -1 0 12 0.00 0.0 0 5.2 14 20 M M 0 18 20
28 91 59 75 -3 0 10 0.00 0.0 0 3.6 10 70 M M 0 17 40
29 94 63 79 1 0 14 0.00 0.0 0 6.2 17 360 M M 0 25 10
30 92 61 77 0 0 12 0.00 0.0 0 4.8 12 40 M M 0 16 50
31 92 64 78 1 0 13 0.00 0.0 0 8.0 14 180 M M 0 23 140
================================================================================
SM 2923 2071 0 490 2.96 0.0 191.3 M 0
================================================================================
AV 94.3 66.8 6.2 FASTST M M 0 MAX(MPH)
MISC ----> 43 300 62 300
================================================================================
NOTES:
# LAST OF SEVERAL OCCURRENCES
COLUMN 17 PEAK WIND IN M.P.H.
PRELIMINARY LOCAL CLIMATOLOGICAL DATA (WS FORM: F-6) , PAGE 2
STATION: MEDICINE LODGE KS
MONTH: AUGUST
YEAR: 2023
LATITUDE: 37 17 N
LONGITUDE: 98 35 W
[TEMPERATURE DATA] [PRECIPITATION DATA] SYMBOLS USED IN COLUMN 16
AVERAGE MONTHLY: 80.6 TOTAL FOR MONTH: 2.96 1 = FOG OR MIST
DPTR FM NORMAL: 0.6 DPTR FM NORMAL: -0.55 2 = FOG REDUCING VISIBILITY
HIGHEST: 106 ON 19 GRTST 24HR 1.24 ON 5- 6 TO 1/4 MILE OR LESS
LOWEST: 57 ON 15 3 = THUNDER
SNOW, ICE PELLETS, HAIL 4 = ICE PELLETS
TOTAL MONTH: 0.0 INCH 5 = HAIL
GRTST 24HR 0.0 6 = FREEZING RAIN OR DRIZZLE
GRTST DEPTH: 0 7 = DUSTSTORM OR SANDSTORM:
VSBY 1/2 MILE OR LESS
8 = SMOKE OR HAZE
[NO. OF DAYS WITH] [WEATHER - DAYS WITH] 9 = BLOWING SNOW
X = TORNADO
MAX 32 OR BELOW: 0 0.01 INCH OR MORE: 8
MAX 90 OR ABOVE: 22 0.10 INCH OR MORE: 4
MIN 32 OR BELOW: 0 0.50 INCH OR MORE: 2
MIN 0 OR BELOW: 0 1.00 INCH OR MORE: 2
[HDD (BASE 65) ]
TOTAL THIS MO. 0
DPTR FM NORMAL 0
TOTAL FM JUL 1 0
DPTR FM NORMAL 0
[CDD (BASE 65) ]
TOTAL THIS MO. 490
DPTR FM NORMAL 25 [PRESSURE DATA]
TOTAL FM JAN 1 1455 HIGHEST SLP 30.21 ON 15
DPTR FM NORMAL -89 LOWEST SLP 29.70 ON 9
[REMARKS]
#FINAL-08-23#