000
CXUS55 KRIW 011110
CF6P60
PRELIMINARY LOCAL CLIMATOLOGICAL DATA (WS FORM: F-6)
STATION: LAKE YELLOWSTONE WY
MONTH: JANUARY
YEAR: 2023
LATITUDE: 44 32 N
LONGITUDE: 110 25 W
TEMPERATURE IN F: :PCPN: SNOW: WIND :SUNSHINE: SKY :PK WND
================================================================================
1 2 3 4 5 6A 6B 7 8 9 10 11 12 13 14 15 16 17 18
12Z AVG MX 2MIN
DY MAX MIN AVG DEP HDD CDD WTR SNW DPTH SPD SPD DIR MIN PSBL S-S WX SPD DR
================================================================================
1 24 7 16 4 49 0 0.00 M M 0.5 7 30 M M 0 15 40
2 24 0 12 0 53 0 0.00 M M 0.8 6 100 M M 0 12 70
3 17 -6 6 -6 59 0 0.05 M M 0.5 8 260 M M 0 16 220
4 19 10 15 3 50 0 0.01 M M 2.7 9 250 M M 0 19 230
5 23 3 13 1 52 0 0.04 M M 0.1 5 290 M M 0 7 290
6 29 21 25 13 40 0 0.08 M M 0.7 8 260 M M 0 13 260
7 27 5 16 4 49 0 0.00 M M 0.5 6 270 M M 0 14 210
8 26 -4 11 -1 54 0 0.04 M M 1.1 13 270 M M 0 24 240
9 26 11 19 7 46 0 0.09 M M 0.9 9 250 M M 0 20 230
10 31 21 26 14 39 0 0.03 M M 0.6 8 300 M M 0 14 280
11 29 21 25 13 40 0 0.32 M M 0.9 7 270 M M 0 14 260
12 25 19 22 10 43 0 0.00 M M 0.3 7 270 M M 0 12 220
13 24 17 21 9 44 0 0.00 M M 0.1 6 280 M M 0 9 260
14 32 20 26 14 39 0 0.14 M M 1.9 10 270 M M 0 20 270
15 28 18 23 11 42 0 0.15 M M 0.3 6 270 M M 0 8 250
16 26 -2 12 0 53 0 0.12 M M 0.4 6 270 M M 0 11 220
17 20 -8 6 -6 59 0 0.00 M M 0.3 5 310 M M 0 8 280
18 15 -13 1 -11 64 0 0.00 M M 0.5 7 250 M M 0 12 220
19 18 7 13 1 52 0 0.00 M M 0.0 5 110 M M 0 8 220
20 14 -11 2 -10 63 0 0.00 M M 0.0 3 290 M M 0 6 120
21 16 -7 5 -7 60 0 0.00 M M 0.8 5 320 M M 0 8 320
22 18 -9 5 -7 60 0 0.00 M M 0.3 6 310 M M 0 8 310
23 19 -9 5 -7 60 0 0.00 M M 0.9 4 99 M M 0 M M
24 M M M M M M M M M M M M M M M M M
25 11 -15 -2 -14 67 0 0.04 M M 0.1 5 150 M M 0 7 110
26 17 7 12 0 53 0 0.09 M M 0.5 7 260 M M 0 12 270
27 24 14 19 7 46 0 0.28 M M 1.0 10 270 M M 0 20 280
28 17 -6 6 -6 59 0 0.05 M M 1.7 8 280 M M 0 17 290
29 -1 -34 -17 -29 82 0 0.00 M M 1.8 8 320 M M 0 15 300
30 -4 -42 -23 -35 88 0 0.00 M M 0.1 5 120 M M 0 7 110
31 8 -29 -10 -22 75 0 0.00 M M 0.9 7 250 M M 0 14 250
================================================================================
SM 602 6 1640 0 1.53 M 21.2 M 0
================================================================================
AV 20.1 0.2 0.7 FASTST M M 0 MAX(MPH)
MISC ----> 13 270 24 240
================================================================================
NOTES:
# LAST OF SEVERAL OCCURRENCES
COLUMN 17 PEAK WIND IN M.P.H.
PRELIMINARY LOCAL CLIMATOLOGICAL DATA (WS FORM: F-6) , PAGE 2
STATION: LAKE YELLOWSTONE WY
MONTH: JANUARY
YEAR: 2023
LATITUDE: 44 32 N
LONGITUDE: 110 25 W
[TEMPERATURE DATA] [PRECIPITATION DATA] SYMBOLS USED IN COLUMN 16
AVERAGE MONTHLY: 10.1 TOTAL FOR MONTH: 1.53 1 = FOG OR MIST
DPTR FM NORMAL: -1.9 DPTR FM NORMAL: -0.27 2 = FOG REDUCING VISIBILITY
HIGHEST: 32 ON 14 GRTST 24HR 0.62 ON 11-11 TO 1/4 MILE OR LESS
LOWEST: -42 ON 30 3 = THUNDER
SNOW, ICE PELLETS, HAIL 4 = ICE PELLETS
TOTAL MONTH: M 5 = HAIL
GRTST 24HR M ON M 6 = FREEZING RAIN OR DRIZZLE
GRTST DEPTH: M ON M 7 = DUSTSTORM OR SANDSTORM:
VSBY 1/2 MILE OR LESS
8 = SMOKE OR HAZE
[NO. OF DAYS WITH] [WEATHER - DAYS WITH] 9 = BLOWING SNOW
X = TORNADO
MAX 32 OR BELOW: 30 0.01 INCH OR MORE: 15
MAX 90 OR ABOVE: 0 0.10 INCH OR MORE: 5
MIN 32 OR BELOW: 30 0.50 INCH OR MORE: 0
MIN 0 OR BELOW: 15 1.00 INCH OR MORE: 0
[HDD (BASE 65) ]
TOTAL THIS MO. 1640 CLEAR (SCALE 0-3) 30
DPTR FM NORMAL -3 PTCLDY (SCALE 4-7) 0
TOTAL FM JUL 1 6460 CLOUDY (SCALE 8-10) 1
DPTR FM NORMAL -302
[CDD (BASE 65) ]
TOTAL THIS MO. 0
DPTR FM NORMAL 0 [PRESSURE DATA]
TOTAL FM JAN 1 0 HIGHEST SLP 30.82 ON 30
DPTR FM NORMAL 0 LOWEST SLP 29.44 ON 15
[REMARKS]
#FINAL-01-23#