000
CXUS55 KRIW 010945
CF6P60
PRELIMINARY LOCAL CLIMATOLOGICAL DATA (WS FORM: F-6)
STATION: LAKE YELLOWSTONE WY
MONTH: MARCH
YEAR: 2020
LATITUDE: 44 32 N
LONGITUDE: 110 25 W
TEMPERATURE IN F: :PCPN: SNOW: WIND :SUNSHINE: SKY :PK WND
================================================================================
1 2 3 4 5 6A 6B 7 8 9 10 11 12 13 14 15 16 17 18
12Z AVG MX 2MIN
DY MAX MIN AVG DEP HDD CDD WTR SNW DPTH SPD SPD DIR MIN PSBL S-S WX SPD DR
================================================================================
1 25 -6 10 -8 55 0 0.06 M M 1.2 9 30 M M 0 20 30
2 28 -12 8 -11 57 0 0.01 M M 2.8 17 280 M M 0 32 280
3 36 19 28 9 37 0 0.07 M M 3.8 17 270 M M 0 27 280
4 33 10 22 3 43 0 0.01 M M 6.9 16 260 M M 0 34 200
5 42 -2 20 0 45 0 0.00 M M 2.5 14 250 M M 0 28 210
6 49 9 29 9 36 0 0.00 M M 2.5 13 270 M M 0 24 220
7 45 13 29 9 36 0 0.06 M M 1.9 16 270 M M 0 26 220
8 34 21 28 7 37 0 0.15 M M 2.4 13 280 M M 0 22 280
9 34 22 28 7 37 0 0.14 M M 3.0 13 270 M M 0 24 230
10 32 15 24 3 41 0 0.06 M M 3.4 14 280 M M 0 25 200
11 37 23 30 8 35 0 0.03 M M 6.9 18 260 M M 0 38 240
12 31 1 16 -6 49 0 0.03 M M 5.3 14 280 M M 0 25 290
13 32 -9 12 -10 53 0 0.00 M M 0.5 7 100 M M 0 11 60
14 31 3 17 -6 48 0 0.56 M M 0.6 7 270 M M 0 11 280
15 36 18 27 4 38 0 0.56 M M 0.8 10 270 M M 0 20 240
16 35 2 19 -4 46 0 0.02 M M 0.1 5 160 M M 0 9 140
17 39 5 22 -1 43 0 0.02 M M 1.1 16 280 M M 0 28 290
18 36 9 23 -1 42 0 0.36 M M 1.0 9 250 M M 0 17 250
19 35 -2 17 -7 48 0 0.00 M M 1.4 6 120 M M 0 11 110
20 38 17 28 4 37 0 0.00 M M 1.8 12 280 M M 0 20 310
21 37 3 20 -4 45 0 0.00 M M 1.2 15 280 M M 0 21 270
22 36 10 23 -2 42 0 0.09 M M 3.7 14 280 M M 0 28 280
23 39 3 21 -4 44 0 0.06 M M 3.4 15 280 M M 0 27 300
24 34 18 26 1 39 0 0.15 M M 5.4 18 260 M M 0 41 270
25 30 2 16 -10 49 0 0.08 M M 5.5 17 270 M M 0 30 280
26 26 -4 11 -15 54 0 0.01 M M 3.3 14 270 M M 0 24 280
27 26 -14 6 -20 59 0 0.01 M M 1.6 12 260 M M 0 20 260
28 32 14 23 -3 42 0 0.01 M M 3.1 14 280 M M 0 23 290
29 38 17 28 1 37 0 0.10 M M 1.4 16 280 M M 0 27 260
30 36 21 29 2 36 0 0.12 M M 2.7 12 260 M M 0 24 260
31 33 24 29 2 36 0 0.84 M M 5.5 14 280 M M 0 27 230
================================================================================
SM 1075 250 1346 0 3.61 M 86.7 M 0
================================================================================
AV 34.7 8.1 2.8 FASTST M M 0 MAX(MPH)
MISC ----> # 18 260 # 41 270
================================================================================
NOTES:
# LAST OF SEVERAL OCCURRENCES
COLUMN 17 PEAK WIND IN M.P.H.
PRELIMINARY LOCAL CLIMATOLOGICAL DATA (WS FORM: F-6) , PAGE 2
STATION: LAKE YELLOWSTONE WY
MONTH: MARCH
YEAR: 2020
LATITUDE: 44 32 N
LONGITUDE: 110 25 W
[TEMPERATURE DATA] [PRECIPITATION DATA] SYMBOLS USED IN COLUMN 16
AVERAGE MONTHLY: 21.4 TOTAL FOR MONTH: 3.61 1 = FOG OR MIST
DPTR FM NORMAL: -1.6 DPTR FM NORMAL: 2.40 2 = FOG REDUCING VISIBILITY
HIGHEST: 49 ON 6 GRTST 24HR 0.84 ON 31-31 TO 1/4 MILE OR LESS
LOWEST: -14 ON 27 3 = THUNDER
SNOW, ICE PELLETS, HAIL 4 = ICE PELLETS
TOTAL MONTH: M 5 = HAIL
GRTST 24HR M ON M 6 = FREEZING RAIN OR DRIZZLE
GRTST DEPTH: M ON M 7 = DUSTSTORM OR SANDSTORM:
VSBY 1/2 MILE OR LESS
8 = SMOKE OR HAZE
[NO. OF DAYS WITH] [WEATHER - DAYS WITH] 9 = BLOWING SNOW
X = TORNADO
MAX 32 OR BELOW: 10 0.01 INCH OR MORE: 25
MAX 90 OR ABOVE: 0 0.10 INCH OR MORE: 9
MIN 32 OR BELOW: 31 0.50 INCH OR MORE: 3
MIN 0 OR BELOW: 7 1.00 INCH OR MORE: 0
[HDD (BASE 65) ]
TOTAL THIS MO. 1346 CLEAR (SCALE 0-3) 31
DPTR FM NORMAL 44 PTCLDY (SCALE 4-7) 0
TOTAL FM JUL 1 9735 CLOUDY (SCALE 8-10) 0
DPTR FM NORMAL 496
[CDD (BASE 65) ]
TOTAL THIS MO. 0
DPTR FM NORMAL 0 [PRESSURE DATA]
TOTAL FM JAN 1 0 HIGHEST SLP 30.55 ON 5
DPTR FM NORMAL 0 LOWEST SLP 29.69 ON 8
[REMARKS]
#FINAL-03-20#