000
CDUS43 KPAH 240635
CLIPAH


CLIMATE REPORT
NATIONAL WEATHER SERVICE PADUCAH KY
134 AM CDT THU MAY 24 2018


...................................

...THE PADUCAH KY CLIMATE SUMMARY FOR MAY 23 2018...

CLIMATE NORMAL PERIOD 1981 TO 2010
CLIMATE RECORD PERIOD 1937 TO 2018


WEATHER ITEM   OBSERVED TIME   RECORD YEAR NORMAL DEPARTURE LAST
                VALUE   (LST)  VALUE       VALUE  FROM      YEAR
                                                  NORMAL
..................................................................
TEMPERATURE (F)
 YESTERDAY
  MAXIMUM         88    258 PM  95    1941  80      8       77
  MINIMUM         67    514 AM  38    1963  58      9       55
  AVERAGE         78                        69      9       66

PRECIPITATION (IN)
  YESTERDAY        0.00          1.20 1957   0.15  -0.15      T
  MONTH TO DATE    2.45                      3.78  -1.33     3.56
  SINCE MAR 1     13.14                     12.47   0.67    16.13
  SINCE JAN 1     25.69                     20.06   5.63    20.96

SNOWFALL (IN)
  YESTERDAY        0.0           0.0  2002   0.0    0.0      0.0
                                      2001
  MONTH TO DATE    0.0                       0.0    0.0      0.0
  SINCE MAR 1      1.2                       0.6    0.6      1.0
  SINCE JUL 1     13.7                       9.1    4.6      1.2
  SNOW DEPTH       0

DEGREE DAYS
 HEATING
  YESTERDAY        0                         1     -1        0
  MONTH TO DATE    0                        57    -57       58
  SINCE MAR 1    931                       825    106      598
  SINCE JUL 1   4086                      4121    -35     3077

 COOLING
  YESTERDAY       13                         5      8        1
  MONTH TO DATE  221                        80    141      105
  SINCE MAR 1    233                       122    111      181
  SINCE JAN 1    244                       122    122      181
..................................................................


WIND (MPH)
  HIGHEST WIND SPEED    13   HIGHEST WIND DIRECTION    NE (50)
  HIGHEST GUST SPEED    18   HIGHEST GUST DIRECTION     N (360)
  AVERAGE WIND SPEED     3.2


SKY COVER
  POSSIBLE SUNSHINE  MM
  AVERAGE SKY COVER 0.0


WEATHER CONDITIONS
 THE FOLLOWING WEATHER WAS RECORDED YESTERDAY.
  FOG


RELATIVE HUMIDITY (PERCENT)
 HIGHEST   100           400 AM
 LOWEST     43           200 PM
 AVERAGE    72

..........................................................


THE PADUCAH KY CLIMATE NORMALS FOR TODAY
                         NORMAL    RECORD    YEAR
 MAXIMUM TEMPERATURE (F)   80        93      1996
 MINIMUM TEMPERATURE (F)   59        45      1963
                                             1961


SUNRISE AND SUNSET
MAY 24 2018...........SUNRISE   541 AM CDT   SUNSET   804 PM CDT
MAY 25 2018...........SUNRISE   540 AM CDT   SUNSET   804 PM CDT


-  INDICATES NEGATIVE NUMBERS.
R  INDICATES RECORD WAS SET OR TIED.
MM INDICATES DATA IS MISSING.
T  INDICATES TRACE AMOUNT.




$$
