000
CDUS43 KPAH 230630
CLIPAH


CLIMATE REPORT
NATIONAL WEATHER SERVICE PADUCAH KY
129 AM CDT WED MAY 23 2018


...................................

...THE PADUCAH KY CLIMATE SUMMARY FOR MAY 22 2018...

CLIMATE NORMAL PERIOD 1981 TO 2010
CLIMATE RECORD PERIOD 1937 TO 2018


WEATHER ITEM   OBSERVED TIME   RECORD YEAR NORMAL DEPARTURE LAST
                VALUE   (LST)  VALUE       VALUE  FROM      YEAR
                                                  NORMAL
..................................................................
TEMPERATURE (F)
 YESTERDAY
  MAXIMUM         89    233 PM  96    1941  80      9       76
  MINIMUM         68    420 AM  42    2002  58     10       52
  AVERAGE         79                        69     10       64

PRECIPITATION (IN)
  YESTERDAY        0.00          2.69 1957   0.14  -0.14     0.00
  MONTH TO DATE    2.45                      3.63  -1.18     3.56
  SINCE MAR 1     13.14                     12.32   0.82    16.13
  SINCE JAN 1     25.69                     19.91   5.78    20.96

SNOWFALL (IN)
  YESTERDAY        0.0           0.0  2002   0.0    0.0      0.0
                                      2001
  MONTH TO DATE    0.0                       0.0    0.0      0.0
  SINCE MAR 1      1.2                       0.6    0.6      1.0
  SINCE JUL 1     13.7                       9.1    4.6      1.2
  SNOW DEPTH       0

DEGREE DAYS
 HEATING
  YESTERDAY        0                         1     -1        1
  MONTH TO DATE    0                        56    -56       58
  SINCE MAR 1    931                       824    107      598
  SINCE JUL 1   4086                      4120    -34     3077

 COOLING
  YESTERDAY       14                         5      9        0
  MONTH TO DATE  208                        75    133      104
  SINCE MAR 1    220                       117    103      180
  SINCE JAN 1    231                       117    114      180
..................................................................


WIND (MPH)
  HIGHEST WIND SPEED    12   HIGHEST WIND DIRECTION     N (360)
  HIGHEST GUST SPEED    15   HIGHEST GUST DIRECTION     N (10)
  AVERAGE WIND SPEED     3.6


SKY COVER
  POSSIBLE SUNSHINE  MM
  AVERAGE SKY COVER 0.3


WEATHER CONDITIONS
 THE FOLLOWING WEATHER WAS RECORDED YESTERDAY.
  THUNDERSTORM
  FOG
  HAZE


RELATIVE HUMIDITY (PERCENT)
 HIGHEST    97           300 AM
 LOWEST     50           300 PM
 AVERAGE    74

..........................................................


THE PADUCAH KY CLIMATE NORMALS FOR TODAY
                         NORMAL    RECORD    YEAR
 MAXIMUM TEMPERATURE (F)   80        95      1941
 MINIMUM TEMPERATURE (F)   58        38      1963


SUNRISE AND SUNSET
MAY 23 2018...........SUNRISE   541 AM CDT   SUNSET   803 PM CDT
MAY 24 2018...........SUNRISE   541 AM CDT   SUNSET   804 PM CDT


-  INDICATES NEGATIVE NUMBERS.
R  INDICATES RECORD WAS SET OR TIED.
MM INDICATES DATA IS MISSING.
T  INDICATES TRACE AMOUNT.




$$
