000
CDUS43 KPAH 200636
CLIPAH


CLIMATE REPORT
NATIONAL WEATHER SERVICE PADUCAH KY
129 AM CDT SUN MAY 20 2018


...................................

...THE PADUCAH KY CLIMATE SUMMARY FOR MAY 19 2018...

CLIMATE NORMAL PERIOD 1981 TO 2010
CLIMATE RECORD PERIOD 1937 TO 2018


WEATHER ITEM   OBSERVED TIME   RECORD YEAR NORMAL DEPARTURE LAST
                VALUE   (LST)  VALUE       VALUE  FROM      YEAR
                                                  NORMAL
..................................................................
TEMPERATURE (F)
 YESTERDAY
  MAXIMUM         87    235 PM  92    1987  79      8       87
  MINIMUM         66   1159 PM  39    2002  57      9       72
  AVERAGE         77                        68      9       80

PRECIPITATION (IN)
  YESTERDAY        0.12          1.40 1947   0.14  -0.02     0.00
  MONTH TO DATE    2.24                      3.20  -0.96     3.56
  SINCE MAR 1     12.93                     11.89   1.04    16.13
  SINCE JAN 1     25.48                     19.48   6.00    20.96

SNOWFALL (IN)
  YESTERDAY        0.0           0.0  2002   0.0    0.0      0.0
                                      2001
  MONTH TO DATE    0.0                       0.0    0.0      0.0
  SINCE MAR 1      1.2                       0.6    0.6      1.0
  SINCE JUL 1     13.7                       9.1    4.6      1.2
  SNOW DEPTH       0

DEGREE DAYS
 HEATING
  YESTERDAY        0                         2     -2        0
  MONTH TO DATE    0                        52    -52       57
  SINCE MAR 1    931                       820    111      597
  SINCE JUL 1   4086                      4116    -30     3076

 COOLING
  YESTERDAY       12                         5      7       15
  MONTH TO DATE  171                        60    111       88
  SINCE MAR 1    183                       102     81      164
  SINCE JAN 1    194                       102     92      164
..................................................................


WIND (MPH)
  HIGHEST WIND SPEED    21   HIGHEST WIND DIRECTION    NW (300)
  HIGHEST GUST SPEED    34   HIGHEST GUST DIRECTION    NW (320)
  AVERAGE WIND SPEED     5.7


SKY COVER
  POSSIBLE SUNSHINE  MM
  AVERAGE SKY COVER 0.2


WEATHER CONDITIONS
 THE FOLLOWING WEATHER WAS RECORDED YESTERDAY.
  THUNDERSTORM
  HEAVY RAIN
  LIGHT RAIN
  FOG
  HAZE


RELATIVE HUMIDITY (PERCENT)
 HIGHEST   100          1200 AM
 LOWEST     57           200 PM
 AVERAGE    79

..........................................................


THE PADUCAH KY CLIMATE NORMALS FOR TODAY
                         NORMAL    RECORD    YEAR
 MAXIMUM TEMPERATURE (F)   79        94      1987
 MINIMUM TEMPERATURE (F)   58        44      2002


SUNRISE AND SUNSET
MAY 20 2018...........SUNRISE   543 AM CDT   SUNSET   801 PM CDT
MAY 21 2018...........SUNRISE   542 AM CDT   SUNSET   801 PM CDT


-  INDICATES NEGATIVE NUMBERS.
R  INDICATES RECORD WAS SET OR TIED.
MM INDICATES DATA IS MISSING.
T  INDICATES TRACE AMOUNT.


&&
...........................................................

***** AGRICULTURAL DATA *****

SOIL TEMPERATURES AT A DEPTH OF FOUR INCHES UNDER GRASS...

MAX: M    MIN: M

$$
