000
CDUS43 KPAH 240629
CLIPAH


CLIMATE REPORT
NATIONAL WEATHER SERVICE PADUCAH KY
126 AM CDT TUE APR 24 2018


...................................

...THE PADUCAH KY CLIMATE SUMMARY FOR APRIL 23 2018...

CLIMATE NORMAL PERIOD 1981 TO 2010
CLIMATE RECORD PERIOD 1937 TO 2018


WEATHER ITEM   OBSERVED TIME   RECORD YEAR NORMAL DEPARTURE LAST
                VALUE   (LST)  VALUE       VALUE  FROM      YEAR
                                                  NORMAL
..................................................................
TEMPERATURE (F)
 YESTERDAY
  MAXIMUM         66   1251 PM  87    1965  72     -6       70
  MINIMUM         50   1035 PM  30    1986  49      1       47
  AVERAGE         58                        60     -2       59

PRECIPITATION (IN)
  YESTERDAY        2.21R         1.73 1966   0.17   2.04     0.04
  MONTH TO DATE    6.52                      3.55   2.97     3.28
  SINCE MAR 1     10.48                      7.48   3.00     7.67
  SINCE JAN 1     23.03                     15.07   7.96    12.50

SNOWFALL (IN)
  YESTERDAY        0.0         602.0  2009   0.0    0.0      0.0
  MONTH TO DATE    1.0                       0.0    1.0      0.0
  SINCE MAR 1      1.2                       0.6    0.6      1.0
  SINCE JUL 1     13.7                       9.1    4.6      1.2
  SNOW DEPTH       0

DEGREE DAYS
 HEATING
  YESTERDAY        7                         6      1        6
  MONTH TO DATE  339                       209    130       94
  SINCE MAR 1    884                       732    152      530
  SINCE JUL 1   4039                      4028     11     3009

 COOLING
  YESTERDAY        0                         2     -2        0
  MONTH TO DATE   12                        24    -12       54
  SINCE MAR 1     12                        31    -19       55
  SINCE JAN 1     23                        31     -8       55
..................................................................


WIND (MPH)
  HIGHEST WIND SPEED    25   HIGHEST WIND DIRECTION    NE (50)
  HIGHEST GUST SPEED    36   HIGHEST GUST DIRECTION    NE (50)
  AVERAGE WIND SPEED     7.2


SKY COVER
  POSSIBLE SUNSHINE  MM
  AVERAGE SKY COVER 0.9


WEATHER CONDITIONS
 THE FOLLOWING WEATHER WAS RECORDED YESTERDAY.
  THUNDERSTORM
  HEAVY RAIN
  RAIN
  LIGHT RAIN
  FOG
  FOG W/VISIBILITY <= 1/4 MILE


RELATIVE HUMIDITY (PERCENT)
 HIGHEST   100           500 AM
 LOWEST     78           100 PM
 AVERAGE    89

..........................................................


THE PADUCAH KY CLIMATE NORMALS FOR TODAY
                         NORMAL    RECORD    YEAR
 MAXIMUM TEMPERATURE (F)   72        88      1965
 MINIMUM TEMPERATURE (F)   49        33      1963


SUNRISE AND SUNSET
APRIL 24 2018.........SUNRISE   609 AM CDT   SUNSET   738 PM CDT
APRIL 25 2018.........SUNRISE   608 AM CDT   SUNSET   739 PM CDT


-  INDICATES NEGATIVE NUMBERS.
R  INDICATES RECORD WAS SET OR TIED.
MM INDICATES DATA IS MISSING.
T  INDICATES TRACE AMOUNT.

&&
...........................................................

***** AGRICULTURAL DATA *****

SOIL TEMPERATURES AT A DEPTH OF FOUR INCHES

UNDER GRASS... MAX: 60   MIN: 55


$$
