057
CDUS43 KPAH 260629
CLIPAH


CLIMATE REPORT
NATIONAL WEATHER SERVICE PADUCAH KY
127 AM CDT SAT MAY 26 2018


...................................

...THE PADUCAH KY CLIMATE SUMMARY FOR MAY 25 2018...

CLIMATE NORMAL PERIOD 1981 TO 2010
CLIMATE RECORD PERIOD 1937 TO 2018


WEATHER ITEM   OBSERVED TIME   RECORD YEAR NORMAL DEPARTURE LAST
                VALUE   (LST)  VALUE       VALUE  FROM      YEAR
                                                  NORMAL
..................................................................
TEMPERATURE (F)
 YESTERDAY
  MAXIMUM         88   1134 AM  93    2012  80      8       77
  MINIMUM         66    451 AM  43    1992  59      7       53
  AVERAGE         77                        70      7       65

PRECIPITATION (IN)
  YESTERDAY        0.10          3.78 1946   0.14  -0.04     0.00
  MONTH TO DATE    2.55                      4.06  -1.51     3.63
  SINCE MAR 1     13.24                     12.75   0.49    16.20
  SINCE JAN 1     25.79                     20.34   5.45    21.03

SNOWFALL (IN)
  YESTERDAY        0.0           0.0  2002   0.0    0.0      0.0
                                      2001
  MONTH TO DATE    0.0                       0.0    0.0      0.0
  SINCE MAR 1      1.2                       0.6    0.6      1.0
  SINCE JUL 1     13.7                       9.1    4.6      1.2
  SNOW DEPTH       0

DEGREE DAYS
 HEATING
  YESTERDAY        0                         1     -1        0
  MONTH TO DATE    0                        59    -59       59
  SINCE MAR 1    931                       827    104      599
  SINCE JUL 1   4086                      4123    -37     3078

 COOLING
  YESTERDAY       12                         6      6        0
  MONTH TO DATE  245                        91    154      105
  SINCE MAR 1    257                       133    124      181
  SINCE JAN 1    268                       133    135      181
..................................................................


WIND (MPH)
  HIGHEST WIND SPEED    20   HIGHEST WIND DIRECTION    SE (130)
  HIGHEST GUST SPEED    25   HIGHEST GUST DIRECTION    SE (130)
  AVERAGE WIND SPEED     3.8


SKY COVER
  POSSIBLE SUNSHINE  MM
  AVERAGE SKY COVER 0.4


WEATHER CONDITIONS
 THE FOLLOWING WEATHER WAS RECORDED YESTERDAY.
  THUNDERSTORM
  RAIN
  LIGHT RAIN
  FOG


RELATIVE HUMIDITY (PERCENT)
 HIGHEST    97          1100 PM
 LOWEST     57          1100 AM
 AVERAGE    77

..........................................................


THE PADUCAH KY CLIMATE NORMALS FOR TODAY
                         NORMAL    RECORD    YEAR
 MAXIMUM TEMPERATURE (F)   81        96      1953
                                             1944
 MINIMUM TEMPERATURE (F)   59        42      1988
                                             1979
                                             1961


SUNRISE AND SUNSET
MAY 26 2018...........SUNRISE   539 AM CDT   SUNSET   805 PM CDT
MAY 27 2018...........SUNRISE   539 AM CDT   SUNSET   806 PM CDT


-  INDICATES NEGATIVE NUMBERS.
R  INDICATES RECORD WAS SET OR TIED.
MM INDICATES DATA IS MISSING.
T  INDICATES TRACE AMOUNT.




$$
