000
CDUS43 KPAH 170633
CLIPAH


CLIMATE REPORT
NATIONAL WEATHER SERVICE PADUCAH KY
127 AM CDT TUE APR 17 2018

...................................

...THE PADUCAH KY CLIMATE SUMMARY FOR APRIL 16 2018...

CLIMATE NORMAL PERIOD 1981 TO 2010
CLIMATE RECORD PERIOD 1937 TO 2018

WEATHER ITEM   OBSERVED TIME   RECORD YEAR NORMAL DEPARTURE LAST
                VALUE   (LST)  VALUE       VALUE  FROM      YEAR
                                                  NORMAL
..................................................................
TEMPERATURE (F)
 YESTERDAY
  MAXIMUM         50    528 PM  87    1977  70    -20       84
  MINIMUM         34    619 AM  27    1962  47    -13       61
  AVERAGE         42                        58    -16       73

PRECIPITATION (IN)
  YESTERDAY        T             3.34 1939   0.17  -0.17     1.18
  MONTH TO DATE    2.03                      2.35  -0.32     1.43
  SINCE MAR 1      5.99                      6.28  -0.29     5.82
  SINCE JAN 1     18.54                     13.87   4.67    10.65

SNOWFALL (IN)
  YESTERDAY        T   R        MM      MM   0.0    0.0      0.0
  MONTH TO DATE    1.0                       0.0    1.0      0.0
  SINCE MAR 1      1.2                       0.6    0.6      1.0
  SINCE JUL 1     13.7                       9.1    4.6      1.2
  SNOW DEPTH       0

DEGREE DAYS
 HEATING
  YESTERDAY       23                         8     15        0
  MONTH TO DATE  266                       161    105       69
  SINCE MAR 1    811                       684    127      505
  SINCE JUL 1   3966                      3980    -14     2984

 COOLING
  YESTERDAY        0                         1     -1        8
  MONTH TO DATE   12                        16     -4       35
  SINCE MAR 1     12                        23    -11       36
  SINCE JAN 1     23                        23      0       36
..................................................................

WIND (MPH)
  HIGHEST WIND SPEED    20   HIGHEST WIND DIRECTION     W (280)
  HIGHEST GUST SPEED    33   HIGHEST GUST DIRECTION     W (270)
  AVERAGE WIND SPEED     9.7

SKY COVER
  POSSIBLE SUNSHINE  MM
  AVERAGE SKY COVER 0.7

WEATHER CONDITIONS
 THE FOLLOWING WEATHER WAS RECORDED YESTERDAY.
  LIGHT SNOW

RELATIVE HUMIDITY (PERCENT)
 HIGHEST    75          1000 PM
 LOWEST     39           500 PM
 AVERAGE    57
..........................................................

THE PADUCAH KY CLIMATE NORMALS FOR TODAY
                         NORMAL    RECORD    YEAR
 MAXIMUM TEMPERATURE (F)   70        87      1977
 MINIMUM TEMPERATURE (F)   47        29      1951

SUNRISE AND SUNSET
APRIL 17 2018.........SUNRISE   618 AM CDT   SUNSET   732 PM CDT
APRIL 18 2018.........SUNRISE   617 AM CDT   SUNSET   733 PM CDT

-  INDICATES NEGATIVE NUMBERS.
R  INDICATES RECORD WAS SET OR TIED.
MM INDICATES DATA IS MISSING.
T  INDICATES TRACE AMOUNT.

$$
