000
CDUS43 KPAH 130638
CLIPAH


CLIMATE REPORT
NATIONAL WEATHER SERVICE PADUCAH KY
131 AM CDT SUN MAY 13 2018


...................................

...THE PADUCAH KY CLIMATE SUMMARY FOR MAY 12 2018...

CLIMATE NORMAL PERIOD 1981 TO 2010
CLIMATE RECORD PERIOD 1937 TO 2018


WEATHER ITEM   OBSERVED TIME   RECORD YEAR NORMAL DEPARTURE LAST
                VALUE   (LST)  VALUE       VALUE  FROM      YEAR
                                                  NORMAL
..................................................................
TEMPERATURE (F)
 YESTERDAY
  MAXIMUM         89    228 PM  90    2005  77     12       68
  MINIMUM         70    452 AM  37    1989  55     15       54
                                      1960
  AVERAGE         80                        66     14       61

PRECIPITATION (IN)
  YESTERDAY        0.00          1.71 1959   0.18  -0.18     0.07
  MONTH TO DATE    0.59                      2.10  -1.51     3.54
  SINCE MAR 1     11.28                     10.79   0.49    16.11
  SINCE JAN 1     23.83                     18.38   5.45    20.94

SNOWFALL (IN)
  YESTERDAY        0.0           0.0  2002   0.0    0.0      0.0
                                      2001
  MONTH TO DATE    0.0                       0.0    0.0      0.0
  SINCE MAR 1      1.2                       0.6    0.6      1.0
  SINCE JUL 1     13.7                       9.1    4.6      1.2
  SNOW DEPTH       0

DEGREE DAYS
 HEATING
  YESTERDAY        0                         2     -2        4
  MONTH TO DATE    0                        38    -38       56
  SINCE MAR 1    931                       806    125      596
  SINCE JUL 1   4086                      4102    -16     3075

 COOLING
  YESTERDAY       15                         3     12        0
  MONTH TO DATE   89                        30     59       28
  SINCE MAR 1    101                        72     29      104
  SINCE JAN 1    112                        72     40      104
..................................................................


WIND (MPH)
  HIGHEST WIND SPEED    18   HIGHEST WIND DIRECTION    SW (240)
  HIGHEST GUST SPEED    27   HIGHEST GUST DIRECTION    SW (230)
  AVERAGE WIND SPEED     7.9


SKY COVER
  POSSIBLE SUNSHINE  MM
  AVERAGE SKY COVER 0.0


WEATHER CONDITIONS
 THE FOLLOWING WEATHER WAS RECORDED YESTERDAY.
  NO SIGNIFICANT WEATHER WAS OBSERVED.


RELATIVE HUMIDITY (PERCENT)
 HIGHEST    73          1100 PM
 LOWEST     40           400 PM
 AVERAGE    57

..........................................................


THE PADUCAH KY CLIMATE NORMALS FOR TODAY
                         NORMAL    RECORD    YEAR
 MAXIMUM TEMPERATURE (F)   77        89      1998
 MINIMUM TEMPERATURE (F)   56        37      2013


SUNRISE AND SUNSET
MAY 13 2018...........SUNRISE   549 AM CDT   SUNSET   755 PM CDT
MAY 14 2018...........SUNRISE   548 AM CDT   SUNSET   756 PM CDT


-  INDICATES NEGATIVE NUMBERS.
R  INDICATES RECORD WAS SET OR TIED.
MM INDICATES DATA IS MISSING.
T  INDICATES TRACE AMOUNT.

&&

...........................................................


***** AGRICULTURAL DATA *****

SOIL TEMPERATURES AT A DEPTH OF FOUR INCHES UNDER GRASS...

MAX: M
MIN: M

$$
