000
CDUS43 KPAH 092133
CLIPAH


CLIMATE REPORT
NATIONAL WEATHER SERVICE PADUCAH KY
431 PM CDT MON APR 9 2018


...................................

...THE PADUCAH KY CLIMATE SUMMARY FOR APRIL 9 2018...
VALID TODAY AS OF 0400 PM LOCAL TIME.

CLIMATE NORMAL PERIOD 1981 TO 2010
CLIMATE RECORD PERIOD 1937 TO 2018


WEATHER ITEM   OBSERVED TIME   RECORD YEAR NORMAL DEPARTURE LAST
                VALUE   (LST)  VALUE       VALUE  FROM      YEAR
                                                  NORMAL
..................................................................
TEMPERATURE (F)
 TODAY
  MAXIMUM         59    218 PM  86    2011  67     -8       79
  MINIMUM         30    529 AM  25    2007  44    -14       58
  AVERAGE         45                        56    -11       69

PRECIPITATION (IN)
  TODAY            0.00          4.05 1942   0.14  -0.14     0.00
  MONTH TO DATE    0.97                      1.30  -0.33     0.25
  SINCE MAR 1      4.93                      5.23  -0.30     4.64
  SINCE JAN 1     17.48                     12.82   4.66     9.47

SNOWFALL (IN)
  TODAY            0.0                                       0.0
  MONTH TO DATE    1.0                                       0.0
  SINCE JUL 1     13.7                                       1.2
  SNOW DEPTH       0

..................................................................


WIND (MPH)
  HIGHEST WIND SPEED    10   HIGHEST WIND DIRECTION    NE (30)
  HIGHEST GUST SPEED    16   HIGHEST GUST DIRECTION    NE (40)




RELATIVE HUMIDITY (PERCENT)
 HIGHEST    82
 LOWEST     39

..........................................................


THE PADUCAH KY CLIMATE NORMALS FOR TOMORROW
                         NORMAL    RECORD    YEAR
 MAXIMUM TEMPERATURE (F)   68        89      1995
 MINIMUM TEMPERATURE (F)   45        25      1982
                                             1960


SUNRISE AND SUNSET
APRIL  9 2018.........SUNRISE   629 AM CDT   SUNSET   725 PM CDT
APRIL 10 2018.........SUNRISE   628 AM CDT   SUNSET   726 PM CDT


-  INDICATES NEGATIVE NUMBERS.
R  INDICATES RECORD WAS SET OR TIED.
MM INDICATES DATA IS MISSING.
T  INDICATES TRACE AMOUNT.




$$
