000
CDUS43 KPAH 142128
CLIPAH


CLIMATE REPORT
NATIONAL WEATHER SERVICE PADUCAH KY
427 PM CDT MON MAY 14 2018


...................................

...THE PADUCAH KY CLIMATE SUMMARY FOR MAY 14 2018...
VALID TODAY AS OF 0400 PM LOCAL TIME.

CLIMATE NORMAL PERIOD 1981 TO 2010
CLIMATE RECORD PERIOD 1937 TO 2018


WEATHER ITEM   OBSERVED TIME   RECORD YEAR NORMAL DEPARTURE LAST
                VALUE   (LST)  VALUE       VALUE  FROM      YEAR
                                                  NORMAL
..................................................................
TEMPERATURE (F)
 TODAY
  MAXIMUM         92R   205 PM  91    1995  77     15       81
  MINIMUM         65    522 AM  43    2016  56      9       52
                                      1996
                                      1973
  AVERAGE         79                        67     12       67

PRECIPITATION (IN)
  TODAY            0.00          3.76 1967   0.17  -0.17     0.00
  MONTH TO DATE    0.59                      2.45  -1.86     3.54
  SINCE MAR 1     11.28                     11.14   0.14    16.11
  SINCE JAN 1     23.83                     18.73   5.10    20.94

SNOWFALL (IN)
  TODAY            0.0                                       0.0
  MONTH TO DATE    0.0                                       0.0
  SINCE JUL 1     13.7                                       1.2
  SNOW DEPTH       0

..................................................................


WIND (MPH)
  HIGHEST WIND SPEED    12   HIGHEST WIND DIRECTION     S (160)
  HIGHEST GUST SPEED    15   HIGHEST GUST DIRECTION     S (170)




RELATIVE HUMIDITY (PERCENT)
 HIGHEST    93
 LOWEST     41

..........................................................


THE PADUCAH KY CLIMATE NORMALS FOR TOMORROW
                         NORMAL    RECORD    YEAR
 MAXIMUM TEMPERATURE (F)   78        91      2001
 MINIMUM TEMPERATURE (F)   56        39      1997


SUNRISE AND SUNSET
MAY 14 2018...........SUNRISE   548 AM CDT   SUNSET   756 PM CDT
MAY 15 2018...........SUNRISE   547 AM CDT   SUNSET   756 PM CDT


-  INDICATES NEGATIVE NUMBERS.
R  INDICATES RECORD WAS SET OR TIED.
MM INDICATES DATA IS MISSING.
T  INDICATES TRACE AMOUNT.




$$
