000
CDUS43 KPAH 100631
CLIPAH

CLIMATE REPORT
NATIONAL WEATHER SERVICE PADUCAH KY
126 AM CDT THU MAY 10 2018

...................................

...THE PADUCAH KY CLIMATE SUMMARY FOR MAY 9 2018...

CLIMATE NORMAL PERIOD 1981 TO 2010
CLIMATE RECORD PERIOD 1937 TO 2018

WEATHER ITEM   OBSERVED TIME   RECORD YEAR NORMAL DEPARTURE LAST
                VALUE   (LST)  VALUE       VALUE  FROM      YEAR
                                                  NORMAL
..................................................................
TEMPERATURE (F)
 YESTERDAY
  MAXIMUM         88R   320 PM  88    2007  76     12       84
                                      1986
                                      1940
  MINIMUM         64   1223 AM  36    1960  54     10       61
  AVERAGE         76                        65     11       73

PRECIPITATION (IN)
  YESTERDAY        T             0.77 2000   0.18  -0.18     0.00
  MONTH TO DATE    0.59                      1.58  -0.99     2.44
  SINCE MAR 1     11.28                     10.27   1.01    15.01
  SINCE JAN 1     23.83                     17.86   5.97    19.84

SNOWFALL (IN)
  YESTERDAY        0.0           0.0  2002   0.0    0.0      0.0
                                      2001
  MONTH TO DATE    0.0                       0.0    0.0      0.0
  SINCE MAR 1      1.2                       0.6    0.6      1.0
  SINCE JUL 1     13.7                       9.1    4.6      1.2
  SNOW DEPTH       0

DEGREE DAYS
 HEATING
  YESTERDAY        0                         3     -3        0
  MONTH TO DATE    0                        30    -30       52
  SINCE MAR 1    931                       798    133      592
  SINCE JUL 1   4086                      4094     -8     3071

 COOLING
  YESTERDAY       11                         3      8        8
  MONTH TO DATE   48                        21     27        8
  SINCE MAR 1     60                        63     -3       84
  SINCE JAN 1     71                        63      8       84
..................................................................

WIND (MPH)
  HIGHEST WIND SPEED    22   HIGHEST WIND DIRECTION    SW (240)
  HIGHEST GUST SPEED    33   HIGHEST GUST DIRECTION     S (200)
  AVERAGE WIND SPEED     9.9

SKY COVER
  POSSIBLE SUNSHINE  MM
  AVERAGE SKY COVER 0.1

WEATHER CONDITIONS
 THE FOLLOWING WEATHER WAS RECORDED YESTERDAY.
  LIGHT RAIN

RELATIVE HUMIDITY (PERCENT)
 HIGHEST    63           300 AM
 LOWEST     34           500 PM
 AVERAGE    49
..........................................................

THE PADUCAH KY CLIMATE NORMALS FOR TODAY
                         NORMAL    RECORD    YEAR
 MAXIMUM TEMPERATURE (F)   76        88      2015
 MINIMUM TEMPERATURE (F)   55        35      1966

SUNRISE AND SUNSET
MAY 10 2018...........SUNRISE   551 AM CDT   SUNSET   752 PM CDT
MAY 11 2018...........SUNRISE   550 AM CDT   SUNSET   753 PM CDT

-  INDICATES NEGATIVE NUMBERS.
R  INDICATES RECORD WAS SET OR TIED.
MM INDICATES DATA IS MISSING.
T  INDICATES TRACE AMOUNT.

&&
...........................................................

***** AGRICULTURAL DATA *****

SOIL TEMPERATURES AT A DEPTH OF FOUR INCHES
UNDER GRASS... MAX: 60   MIN: 59

$$
