000
CDUS43 KPAH 150637
CLIPAH

CLIMATE REPORT
NATIONAL WEATHER SERVICE PADUCAH KY
131 AM CDT SUN APR 15 2018


...................................

...THE PADUCAH KY CLIMATE SUMMARY FOR APRIL 14 2018...

CLIMATE NORMAL PERIOD 1981 TO 2010
CLIMATE RECORD PERIOD 1937 TO 2018


WEATHER ITEM   OBSERVED TIME   RECORD YEAR NORMAL DEPARTURE LAST
                VALUE   (LST)  VALUE       VALUE  FROM      YEAR
                                                  NORMAL
..................................................................
TEMPERATURE (F)
 YESTERDAY
  MAXIMUM         74   1237 AM  87    2006  69      5       85
                                      1941
  MINIMUM         51   1159 PM  25    1950  46      5       57
  AVERAGE         63                        58      5       71

PRECIPITATION (IN)
  YESTERDAY        0.99          1.00 2015   0.15   0.84     0.00
  MONTH TO DATE    1.97                      2.03  -0.06     0.25
  SINCE MAR 1      5.93                      5.96  -0.03     4.64
  SINCE JAN 1     18.48                     13.55   4.93     9.47

SNOWFALL (IN)
  YESTERDAY        0.0           T    1980   0.0    0.0      0.0
  MONTH TO DATE    1.0                       0.0    1.0      0.0
  SINCE MAR 1      1.2                       0.6    0.6      1.0
  SINCE JUL 1     13.7                       9.1    4.6      1.2
  SNOW DEPTH       0

DEGREE DAYS
 HEATING
  YESTERDAY        2                         9     -7        0
  MONTH TO DATE  222                       145     77       69
  SINCE MAR 1    767                       668     99      505
  SINCE JUL 1   3922                      3964    -42     2984

 COOLING
  YESTERDAY        0                         1     -1        6
  MONTH TO DATE   12                        14     -2       17
  SINCE MAR 1     12                        21     -9       18
  SINCE JAN 1     23                        21      2       18
..................................................................


WIND (MPH)
  HIGHEST WIND SPEED    26   HIGHEST WIND DIRECTION     W (270)
  HIGHEST GUST SPEED    38   HIGHEST GUST DIRECTION     W (290)
  AVERAGE WIND SPEED    12.1


SKY COVER
  POSSIBLE SUNSHINE  MM
  AVERAGE SKY COVER 0.9


WEATHER CONDITIONS
 THE FOLLOWING WEATHER WAS RECORDED YESTERDAY.
  THUNDERSTORM
  HEAVY RAIN
  RAIN
  LIGHT RAIN
  FOG


RELATIVE HUMIDITY (PERCENT)
 HIGHEST    93           400 AM
 LOWEST     53          1200 AM
 AVERAGE    73

..........................................................


THE PADUCAH KY CLIMATE NORMALS FOR TODAY
                         NORMAL    RECORD    YEAR
 MAXIMUM TEMPERATURE (F)   69        88      1977
 MINIMUM TEMPERATURE (F)   46        29      2008
                                             1950
                                             1943


SUNRISE AND SUNSET
APRIL 15 2018.........SUNRISE   621 AM CDT   SUNSET   730 PM CDT
APRIL 16 2018.........SUNRISE   619 AM CDT   SUNSET   731 PM CDT


-  INDICATES NEGATIVE NUMBERS.
R  INDICATES RECORD WAS SET OR TIED.
MM INDICATES DATA IS MISSING.
T  INDICATES TRACE AMOUNT.


&&
...........................................................
***** AGRICULTURAL DATA *****

SOIL TEMPERATURES AT A DEPTH OF FOUR INCHES

UNDER GRASS... MAX: 49   MIN: 48



$$
