000
CDUS43 KPAH 070637
CLIPAH


CLIMATE REPORT
NATIONAL WEATHER SERVICE PADUCAH KY
136 AM CDT SAT APR 7 2018


...................................

...THE PADUCAH KY CLIMATE SUMMARY FOR APRIL 6 2018...

CLIMATE NORMAL PERIOD 1981 TO 2010
CLIMATE RECORD PERIOD 1937 TO 2018


WEATHER ITEM   OBSERVED TIME   RECORD YEAR NORMAL DEPARTURE LAST
                VALUE   (LST)  VALUE       VALUE  FROM      YEAR
                                                  NORMAL
..................................................................
TEMPERATURE (F)
 YESTERDAY
  MAXIMUM         62    317 PM  83    1991  66     -4       64
  MINIMUM         36   1159 PM  27    1982  44     -8       43
  AVERAGE         49                        55     -6       54

PRECIPITATION (IN)
  YESTERDAY        0.00          2.06 1939   0.15  -0.15     0.06
  MONTH TO DATE    0.89                      0.87   0.02     0.25
  SINCE MAR 1      4.85                      4.80   0.05     4.64
  SINCE JAN 1     17.40                     12.39   5.01     9.47

SNOWFALL (IN)
  YESTERDAY        0.0           0.5  1971   0.0    0.0      0.0
  MONTH TO DATE    0.0                       0.0    0.0      0.0
  SINCE MAR 1      0.2                       0.6   -0.4      1.0
  SINCE JUL 1     12.7                       9.1    3.6      1.2
  SNOW DEPTH       0

DEGREE DAYS
 HEATING
  YESTERDAY       16                        11      5       11
  MONTH TO DATE  108                        69     39       35
  SINCE MAR 1    653                       592     61      471
  SINCE JUL 1   3808                      3888    -80     2950

 COOLING
  YESTERDAY        0                         1     -1        0
  MONTH TO DATE    0                         6     -6        1
  SINCE MAR 1      0                        13    -13        2
  SINCE JAN 1     11                        13     -2        2
..................................................................


WIND (MPH)
  HIGHEST WIND SPEED    26   HIGHEST WIND DIRECTION     N (10)
  HIGHEST GUST SPEED    36   HIGHEST GUST DIRECTION     N (10)
  AVERAGE WIND SPEED     9.3


SKY COVER
  POSSIBLE SUNSHINE  MM
  AVERAGE SKY COVER 0.6


WEATHER CONDITIONS
 THE FOLLOWING WEATHER WAS RECORDED YESTERDAY.
  NO SIGNIFICANT WEATHER WAS OBSERVED.


RELATIVE HUMIDITY (PERCENT)
 HIGHEST    76           600 AM
 LOWEST     46           700 PM
 AVERAGE    61

..........................................................


THE PADUCAH KY CLIMATE NORMALS FOR TODAY
                         NORMAL    RECORD    YEAR
 MAXIMUM TEMPERATURE (F)   67        85      2001
 MINIMUM TEMPERATURE (F)   44        24      1990


SUNRISE AND SUNSET
APRIL  7 2018.........SUNRISE   632 AM CDT   SUNSET   723 PM CDT
APRIL  8 2018.........SUNRISE   631 AM CDT   SUNSET   724 PM CDT


-  INDICATES NEGATIVE NUMBERS.
R  INDICATES RECORD WAS SET OR TIED.
MM INDICATES DATA IS MISSING.
T  INDICATES TRACE AMOUNT.

&&
...........................................................

***** AGRICULTURAL DATA *****

SOIL TEMPERATURES AT A DEPTH OF FOUR INCHES

UNDER GRASS... MAX: 51   MIN: 49

$$
