000
CDUS43 KPAH 140631
CLIPAH


CLIMATE REPORT
NATIONAL WEATHER SERVICE PADUCAH KY
129 AM CDT SAT APR 14 2018

...................................

...THE PADUCAH KY CLIMATE SUMMARY FOR APRIL 13 2018...

CLIMATE NORMAL PERIOD 1981 TO 2010
CLIMATE RECORD PERIOD 1937 TO 2018

WEATHER ITEM   OBSERVED TIME   RECORD YEAR NORMAL DEPARTURE LAST
                VALUE   (LST)  VALUE       VALUE  FROM      YEAR
                                                  NORMAL
..................................................................
TEMPERATURE (F)
 YESTERDAY
  MAXIMUM         78    506 PM  88    1941  69      9       83
  MINIMUM         64    625 AM  29    1957  46     18       47
  AVERAGE         71                        57     14       65

PRECIPITATION (IN)
  YESTERDAY        0.01          2.90 1983   0.14  -0.13     0.00
  MONTH TO DATE    0.98                      1.88  -0.90     0.25
  SINCE MAR 1      4.94                      5.81  -0.87     4.64
  SINCE JAN 1     17.49                     13.40   4.09     9.47

SNOWFALL (IN)
  YESTERDAY        0.0           T    2008   0.0    0.0      0.0
  MONTH TO DATE    1.0                       0.0    1.0      0.0
  SINCE MAR 1      1.2                       0.6    0.6      1.0
  SINCE JUL 1     13.7                       9.1    4.6      1.2
  SNOW DEPTH       0

DEGREE DAYS
 HEATING
  YESTERDAY        0                         9     -9        0
  MONTH TO DATE  220                       136     84       69
  SINCE MAR 1    765                       659    106      505
  SINCE JUL 1   3920                      3955    -35     2984

 COOLING
  YESTERDAY        6                         1      5        0
  MONTH TO DATE   12                        13     -1       11
  SINCE MAR 1     12                        20     -8       12
  SINCE JAN 1     23                        20      3       12
..................................................................

WIND (MPH)
  HIGHEST WIND SPEED    24   HIGHEST WIND DIRECTION    SW (210)
  HIGHEST GUST SPEED    40   HIGHEST GUST DIRECTION    SW (230)
  AVERAGE WIND SPEED    13.5

SKY COVER
  POSSIBLE SUNSHINE  MM
  AVERAGE SKY COVER 0.5

WEATHER CONDITIONS
 THE FOLLOWING WEATHER WAS RECORDED YESTERDAY.
  THUNDERSTORM
  LIGHT RAIN

RELATIVE HUMIDITY (PERCENT)
 HIGHEST    68           800 AM
 LOWEST     40          1200 AM
 AVERAGE    54
..........................................................

THE PADUCAH KY CLIMATE NORMALS FOR TODAY
                         NORMAL    RECORD    YEAR
 MAXIMUM TEMPERATURE (F)   69        87      2006
                                             1941
 MINIMUM TEMPERATURE (F)   46        25      1950

SUNRISE AND SUNSET
APRIL 14 2018.........SUNRISE   622 AM CDT   SUNSET   729 PM CDT
APRIL 15 2018.........SUNRISE   621 AM CDT   SUNSET   730 PM CDT

-  INDICATES NEGATIVE NUMBERS.
R  INDICATES RECORD WAS SET OR TIED.
MM INDICATES DATA IS MISSING.
T  INDICATES TRACE AMOUNT.

$$
