000
CDUS43 KPAH 220630
CLIPAH


CLIMATE REPORT
NATIONAL WEATHER SERVICE PADUCAH KY
128 AM CDT TUE MAY 22 2018


...................................

...THE PADUCAH KY CLIMATE SUMMARY FOR MAY 21 2018...

CLIMATE NORMAL PERIOD 1981 TO 2010
CLIMATE RECORD PERIOD 1937 TO 2018


WEATHER ITEM   OBSERVED TIME   RECORD YEAR NORMAL DEPARTURE LAST
                VALUE   (LST)  VALUE       VALUE  FROM      YEAR
                                                  NORMAL
..................................................................
TEMPERATURE (F)
 YESTERDAY
  MAXIMUM         84    342 PM  94    1987  79      5       78
  MINIMUM         68    536 AM  41    1954  58     10       60
  AVERAGE         76                        68      8       69

PRECIPITATION (IN)
  YESTERDAY        0.01          1.25 2013   0.14  -0.13     0.00
  MONTH TO DATE    2.45                      3.49  -1.04     3.56
  SINCE MAR 1     13.14                     12.18   0.96    16.13
  SINCE JAN 1     25.69                     19.77   5.92    20.96

SNOWFALL (IN)
  YESTERDAY        0.0           0.0  2002   0.0    0.0      0.0
                                      2001
  MONTH TO DATE    0.0                       0.0    0.0      0.0
  SINCE MAR 1      1.2                       0.6    0.6      1.0
  SINCE JUL 1     13.7                       9.1    4.6      1.2
  SNOW DEPTH       0

DEGREE DAYS
 HEATING
  YESTERDAY        0                         1     -1        0
  MONTH TO DATE    0                        55    -55       57
  SINCE MAR 1    931                       823    108      597
  SINCE JUL 1   4086                      4119    -33     3076

 COOLING
  YESTERDAY       11                         5      6        4
  MONTH TO DATE  194                        70    124      104
  SINCE MAR 1    206                       112     94      180
  SINCE JAN 1    217                       112    105      180
..................................................................


WIND (MPH)
  HIGHEST WIND SPEED    13   HIGHEST WIND DIRECTION     E (110)
  HIGHEST GUST SPEED    17   HIGHEST GUST DIRECTION    SE (120)
  AVERAGE WIND SPEED     4.4


SKY COVER
  POSSIBLE SUNSHINE  MM
  AVERAGE SKY COVER 0.4


WEATHER CONDITIONS
 THE FOLLOWING WEATHER WAS RECORDED YESTERDAY.
  THUNDERSTORM
  LIGHT RAIN
  FOG


RELATIVE HUMIDITY (PERCENT)
 HIGHEST    93           100 AM
 LOWEST     63           400 PM
 AVERAGE    78

..........................................................


THE PADUCAH KY CLIMATE NORMALS FOR TODAY
                         NORMAL    RECORD    YEAR
 MAXIMUM TEMPERATURE (F)   80        96      1941
 MINIMUM TEMPERATURE (F)   58        42      2002


SUNRISE AND SUNSET
MAY 22 2018...........SUNRISE   542 AM CDT   SUNSET   802 PM CDT
MAY 23 2018...........SUNRISE   541 AM CDT   SUNSET   803 PM CDT


-  INDICATES NEGATIVE NUMBERS.
R  INDICATES RECORD WAS SET OR TIED.
MM INDICATES DATA IS MISSING.
T  INDICATES TRACE AMOUNT.




$$
