000
CDUS43 KPAH 220648
CLIPAH


CLIMATE REPORT
NATIONAL WEATHER SERVICE PADUCAH KY
145 AM CDT SUN APR 22 2018


...................................

...THE PADUCAH KY CLIMATE SUMMARY FOR APRIL 21 2018...

CLIMATE NORMAL PERIOD 1981 TO 2010
CLIMATE RECORD PERIOD 1937 TO 2018


WEATHER ITEM   OBSERVED TIME   RECORD YEAR NORMAL DEPARTURE LAST
                VALUE   (LST)  VALUE       VALUE  FROM      YEAR
                                                  NORMAL
..................................................................
TEMPERATURE (F)
 YESTERDAY
  MAXIMUM         74    411 PM  90    1987  71      3       66
                                      1946
  MINIMUM         40    128 AM  30    1943  48     -8       51
  AVERAGE         57                        60     -3       59

PRECIPITATION (IN)
  YESTERDAY        T             2.13 1951   0.18  -0.18     0.41
  MONTH TO DATE    2.03                      3.21  -1.18     2.40
  SINCE MAR 1      5.99                      7.14  -1.15     6.79
  SINCE JAN 1     18.54                     14.73   3.81    11.62

SNOWFALL (IN)
  YESTERDAY        0.0           0.0  2002   0.0    0.0      0.0
                                      2001
  MONTH TO DATE    1.0                       0.0    1.0      0.0
  SINCE MAR 1      1.2                       0.6    0.6      1.0
  SINCE JUL 1     13.7                       9.1    4.6      1.2
  SNOW DEPTH       0

DEGREE DAYS
 HEATING
  YESTERDAY        8                         7      1        6
  MONTH TO DATE  323                       197    126       76
  SINCE MAR 1    868                       720    148      512
  SINCE JUL 1   4023                      4016      7     2991

 COOLING
  YESTERDAY        0                         1     -1        0
  MONTH TO DATE   12                        21     -9       54
  SINCE MAR 1     12                        28    -16       55
  SINCE JAN 1     23                        28     -5       55
..................................................................


WIND (MPH)
  HIGHEST WIND SPEED    18   HIGHEST WIND DIRECTION     E (90)
  HIGHEST GUST SPEED    25   HIGHEST GUST DIRECTION     E (80)
  AVERAGE WIND SPEED     6.2


SKY COVER
  POSSIBLE SUNSHINE  MM
  AVERAGE SKY COVER 0.1


WEATHER CONDITIONS
 THE FOLLOWING WEATHER WAS RECORDED YESTERDAY.
  LIGHT RAIN


RELATIVE HUMIDITY (PERCENT)
 HIGHEST    70          1200 AM
 LOWEST     23           300 PM
 AVERAGE    47

..........................................................


THE PADUCAH KY CLIMATE NORMALS FOR TODAY
                         NORMAL    RECORD    YEAR
 MAXIMUM TEMPERATURE (F)   72        88      1980
 MINIMUM TEMPERATURE (F)   49        31      1993


SUNRISE AND SUNSET
APRIL 22 2018.........SUNRISE   611 AM CDT   SUNSET   736 PM CDT
APRIL 23 2018.........SUNRISE   610 AM CDT   SUNSET   737 PM CDT


-  INDICATES NEGATIVE NUMBERS.
R  INDICATES RECORD WAS SET OR TIED.
MM INDICATES DATA IS MISSING.
T  INDICATES TRACE AMOUNT.

&&
...........................................................

***** AGRICULTURAL DATA *****

SOIL TEMPERATURES AT A DEPTH OF FOUR INCHES

UNDER GRASS... MAX: 55   MIN: 49


$$
