000
CDUS43 KPAH 180627
CLIPAH


CLIMATE REPORT
NATIONAL WEATHER SERVICE PADUCAH KY
125 AM CDT WED APR 18 2018

...................................

...THE PADUCAH KY CLIMATE SUMMARY FOR APRIL 17 2018...

CLIMATE NORMAL PERIOD 1981 TO 2010
CLIMATE RECORD PERIOD 1937 TO 2018

WEATHER ITEM   OBSERVED TIME   RECORD YEAR NORMAL DEPARTURE LAST
                VALUE   (LST)  VALUE       VALUE  FROM      YEAR
                                                  NORMAL
..................................................................
TEMPERATURE (F)
 YESTERDAY
  MAXIMUM         72    508 PM  87    1977  70      2       69
  MINIMUM         30    543 AM  29    1951  47    -17       58
  AVERAGE         51                        58     -7       64

PRECIPITATION (IN)
  YESTERDAY        0.00          2.00 1939   0.17  -0.17     0.16
  MONTH TO DATE    2.03                      2.52  -0.49     1.59
  SINCE MAR 1      5.99                      6.45  -0.46     5.98
  SINCE JAN 1     18.54                     14.04   4.50    10.81

SNOWFALL (IN)
  YESTERDAY        0.0           T    2001   0.0    0.0      0.0
                                      1983
  MONTH TO DATE    1.0                       0.0    1.0      0.0
  SINCE MAR 1      1.2                       0.6    0.6      1.0
  SINCE JUL 1     13.7                       9.1    4.6      1.2
  SNOW DEPTH       0

DEGREE DAYS
 HEATING
  YESTERDAY       14                         8      6        1
  MONTH TO DATE  280                       169    111       70
  SINCE MAR 1    825                       692    133      506
  SINCE JUL 1   3980                      3988     -8     2985

 COOLING
  YESTERDAY        0                         1     -1        0
  MONTH TO DATE   12                        17     -5       35
  SINCE MAR 1     12                        24    -12       36
  SINCE JAN 1     23                        24     -1       36
..................................................................

WIND (MPH)
  HIGHEST WIND SPEED    14   HIGHEST WIND DIRECTION     W (250)
  HIGHEST GUST SPEED    19   HIGHEST GUST DIRECTION    SW (240)
  AVERAGE WIND SPEED     2.1

SKY COVER
  POSSIBLE SUNSHINE  MM
  AVERAGE SKY COVER 0.0

WEATHER CONDITIONS
 THE FOLLOWING WEATHER WAS RECORDED YESTERDAY.
  NO SIGNIFICANT WEATHER WAS OBSERVED.

RELATIVE HUMIDITY (PERCENT)
 HIGHEST    92           600 AM
 LOWEST     36          1200 PM
 AVERAGE    64
..........................................................

THE PADUCAH KY CLIMATE NORMALS FOR TODAY
                         NORMAL    RECORD    YEAR
 MAXIMUM TEMPERATURE (F)   70        86      2006
                                             2002
 MINIMUM TEMPERATURE (F)   47        29      2001

SUNRISE AND SUNSET
APRIL 18 2018.........SUNRISE   617 AM CDT   SUNSET   733 PM CDT
APRIL 19 2018.........SUNRISE   615 AM CDT   SUNSET   734 PM CDT

-  INDICATES NEGATIVE NUMBERS.
R  INDICATES RECORD WAS SET OR TIED.
MM INDICATES DATA IS MISSING.
T  INDICATES TRACE AMOUNT.

$$
