000
CDUS43 KPAH 230629
CLIPAH


CLIMATE REPORT
NATIONAL WEATHER SERVICE PADUCAH KY
127 AM CDT MON APR 23 2018


...................................

...THE PADUCAH KY CLIMATE SUMMARY FOR APRIL 22 2018...

CLIMATE NORMAL PERIOD 1981 TO 2010
CLIMATE RECORD PERIOD 1937 TO 2018


WEATHER ITEM   OBSERVED TIME   RECORD YEAR NORMAL DEPARTURE LAST
                VALUE   (LST)  VALUE       VALUE  FROM      YEAR
                                                  NORMAL
..................................................................
TEMPERATURE (F)
 YESTERDAY
  MAXIMUM         60   1208 AM  88    1980  72    -12       57
  MINIMUM         52   1120 AM  31    1993  49      3       48
  AVERAGE         56                        60     -4       53

PRECIPITATION (IN)
  YESTERDAY        2.28R         1.44 1973   0.17   2.11     0.84
  MONTH TO DATE    4.31                      3.38   0.93     3.24
  SINCE MAR 1      8.27                      7.31   0.96     7.63
  SINCE JAN 1     20.82                     14.90   5.92    12.46

SNOWFALL (IN)
  YESTERDAY        0.0           T    2011   0.0    0.0      0.0
  MONTH TO DATE    1.0                       0.0    1.0      0.0
  SINCE MAR 1      1.2                       0.6    0.6      1.0
  SINCE JUL 1     13.7                       9.1    4.6      1.2
  SNOW DEPTH       0

DEGREE DAYS
 HEATING
  YESTERDAY        9                         6      3       12
  MONTH TO DATE  332                       203    129       88
  SINCE MAR 1    877                       726    151      524
  SINCE JUL 1   4032                      4022     10     3003

 COOLING
  YESTERDAY        0                         1     -1        0
  MONTH TO DATE   12                        22    -10       54
  SINCE MAR 1     12                        29    -17       55
  SINCE JAN 1     23                        29     -6       55
..................................................................


WIND (MPH)
  HIGHEST WIND SPEED    22   HIGHEST WIND DIRECTION    NE (60)
  HIGHEST GUST SPEED    29   HIGHEST GUST DIRECTION    NE (60)
  AVERAGE WIND SPEED    10.6


SKY COVER
  POSSIBLE SUNSHINE  MM
  AVERAGE SKY COVER 1.0


WEATHER CONDITIONS
 THE FOLLOWING WEATHER WAS RECORDED YESTERDAY.
  HEAVY RAIN
  RAIN
  LIGHT RAIN
  FOG


RELATIVE HUMIDITY (PERCENT)
 HIGHEST    93          1200 PM
 LOWEST     77           400 AM
 AVERAGE    85

..........................................................


THE PADUCAH KY CLIMATE NORMALS FOR TODAY
                         NORMAL    RECORD    YEAR
 MAXIMUM TEMPERATURE (F)   72        87      1965
 MINIMUM TEMPERATURE (F)   49        30      1986


SUNRISE AND SUNSET
APRIL 23 2018.........SUNRISE   610 AM CDT   SUNSET   737 PM CDT
APRIL 24 2018.........SUNRISE   609 AM CDT   SUNSET   738 PM CDT


-  INDICATES NEGATIVE NUMBERS.
R  INDICATES RECORD WAS SET OR TIED.
MM INDICATES DATA IS MISSING.
T  INDICATES TRACE AMOUNT.

&&
...........................................................

***** AGRICULTURAL DATA *****

SOIL TEMPERATURES AT A DEPTH OF FOUR INCHES

UNDER GRASS... MAX: 56   MIN: 53


$$
