000
CXUS53 KPAH 011654
CLMPAH

SDFCLMPAA 000
TTAA00 KPAH 011650


CLIMATE REPORT
NATIONAL WEATHER SERVICE PADUCAH KY
1046 AM CST MON JAN 1 2018

...................................

...THE PADUCAH ASOS CLIMATE SUMMARY FOR THE MONTH OF DECEMBER 2017...

CLIMATE NORMAL PERIOD 1981 TO 2010
CLIMATE RECORD PERIOD 1937 TO 2017

WEATHER         OBSERVED          NORMAL  DEPART  LAST YEAR`S
                 VALUE   DATE(S)  VALUE   FROM    VALUE  DATE(S)
                                          NORMAL
................................................................
TEMPERATURE (F)
RECORD
 HIGH              77   12/02/1982
                        12/31/1951
 LOW              -10   12/22/1989
HIGHEST            69   12/04        46      23       72  12/17
LOWEST              8   12/31        MM      MM       10  12/20
AVG. MAXIMUM     46.9              46.3     0.6     47.1
AVG. MINIMUM     27.7              28.6    -0.9     29.1
MEAN             37.3              37.5    -0.2     38.1
DAYS MAX >= 90      0               0.0     0.0        0
DAYS MAX <= 32      3               3.4    -0.4        3
DAYS MIN <= 32     22              19.8     2.2       19
DAYS MIN <= 0       0               0.3    -0.3        0

PRECIPITATION (INCHES)
RECORD
 MAXIMUM        11.53   1982
 MINIMUM         0.63   1976
TOTALS           3.27              4.59   -1.32     6.01
DAILY AVG.       0.11              0.15   -0.04     0.19
DAYS >= .01         5              10.4    -5.4       14
DAYS >= .10         3               6.8    -3.8        8
DAYS >= .50         2               3.3    -1.3        4
DAYS >= 1.00        1               1.2    -0.2        2
GREATEST
 24 HR. TOTAL    2.06   12/22 TO 12/22
 STORM TOTAL       MM
 (MM/DD(HH))            MM

SNOWFALL (INCHES)
RECORDS
 TOTAL           14.2   2004
TOTALS              T               2.2    -2.2        T
SINCE 7/1           T               2.3    -2.3        T
SNOWDEPTH AVG.      0                MM      MM        0
DAYS >= TRACE       4
DAYS >= 1.0         0               0.6    -0.6        0
GREATEST
 SNOW DEPTH         0   MM                             0  MM
 24 HR TOTAL        T   12/30 TO 12/30
 STORM TOTAL       MM
 (MM/DD(HH))            MM

DEGREE_DAYS
HEATING TOTAL     851               854      -3      826
 SINCE 7/1       1534              1631     -97     1327

FREEZE DATES
RECORD
 EARLIEST     10/01/1984
 LATEST       04/28/1992
EARLIEST                        10/26
LATEST                          04/04
.................................................................

WIND (MPH)
AVERAGE WIND SPEED              7.3
HIGHEST WIND SPEED/DIRECTION    31/240    DATE  12/13
HIGHEST GUST SPEED/DIRECTION    45/240    DATE  12/13

SKY COVER
POSSIBLE SUNSHINE (PERCENT)   MM
AVERAGE SKY COVER           0.40
NUMBER OF DAYS FAIR           14
NUMBER OF DAYS PC              9
NUMBER OF DAYS CLOUDY          8

AVERAGE RH (PERCENT)     62

WEATHER CONDITIONS. NUMBER OF DAYS WITH
THUNDERSTORM              0     MIXED PRECIP               0
HEAVY RAIN                2     RAIN                       3
LIGHT RAIN                8     FREEZING RAIN              0
LT FREEZING RAIN          0     HAIL                       0
HEAVY SNOW                0     SNOW                       0
LIGHT SNOW                4     SLEET                      0
FOG                      10     FOG W/VIS <= 1/4 MILE      2
HAZE                      8

-  INDICATES NEGATIVE NUMBERS.
R  INDICATES RECORD WAS SET OR TIED.
MM INDICATES DATA IS MISSING.
T  INDICATES TRACE AMOUNT.

$$
