188
CXUS53 KPAH 011645
CLMPAH

SDFCLMPAA 000
TTAA00 KPAH 011632


CLIMATE REPORT
NATIONAL WEATHER SERVICE PADUCAH KY
1017 AM CST THU MAR 1 2018

...................................

...THE PADUCAH ASOS CLIMATE SUMMARY FOR THE MONTH OF FEBRUARY 2018...

CLIMATE NORMAL PERIOD 1981 TO 2010
CLIMATE RECORD PERIOD 1937 TO 2018

WEATHER         OBSERVED          NORMAL  DEPART  LAST YEAR`S
                 VALUE   DATE(S)  VALUE   FROM    VALUE  DATE(S)
                                          NORMAL
................................................................
TEMPERATURE (F)
RECORD
 HIGH              78   02/13/1962
 LOW              -14   02/02/1951
HIGHEST            77   02/20        46      31       75  02/20
LOWEST             13   02/05        27     -14       14  02/04
AVG. MAXIMUM     53.8              48.9     4.9     59.5
AVG. MINIMUM     34.8              29.5     5.3     37.4
MEAN             44.3              39.2     5.1     48.4
DAYS MAX >= 90      0               0.0     0.0        0
DAYS MAX <= 32      1               2.3    -1.3        0
DAYS MIN <= 32     15              17.0    -2.0       11
DAYS MIN <= 0       0               0.2    -0.2        0

PRECIPITATION (INCHES)
RECORD
 MAXIMUM        13.33   1989
 MINIMUM         0.31   1947
TOTALS           8.55              3.91    4.64     2.33
DAILY AVG.       0.31              0.14    0.17     0.08
DAYS >= .01        17               8.7     8.3        8
DAYS >= .10        11               5.7     5.3        4
DAYS >= .50         6               2.8     3.2        2
DAYS >= 1.00        3               1.2     1.8        1
GREATEST
 24 HR. TOTAL    1.92   02/24 TO 02/24
 STORM TOTAL       MM
 (MM/DD(HH))            MM

SNOWFALL (INCHES)
RECORDS
 TOTAL           15.3   1993
TOTALS            0.1               3.2    -3.1        T
SINCE 7/1        12.5               8.5     4.0      0.2
SNOWDEPTH AVG.      0                MM      MM        0
DAYS >= TRACE       5
DAYS >= 1.0         0               1.0    -1.0        0
GREATEST
 SNOW DEPTH         T   02/05                          0  MM
 24 HR TOTAL      0.1   02/04 TO 02/04
 STORM TOTAL       MM
 (MM/DD(HH))            MM

DEGREE_DAYS
HEATING TOTAL     581               723    -142      458
 SINCE 7/1       3155              3296    -141     2479

FREEZE DATES
RECORD
 EARLIEST     10/01/1984
 LATEST       04/28/1992
EARLIEST                        10/26
LATEST                          04/04
.................................................................

WIND (MPH)
AVERAGE WIND SPEED              7.8
HIGHEST WIND SPEED/DIRECTION    32/350    DATE  02/16
HIGHEST GUST SPEED/DIRECTION    53/220    DATE  02/15

SKY COVER
POSSIBLE SUNSHINE (PERCENT)   MM
AVERAGE SKY COVER           0.60
NUMBER OF DAYS FAIR            7
NUMBER OF DAYS PC             10
NUMBER OF DAYS CLOUDY         11

AVERAGE RH (PERCENT)     72

WEATHER CONDITIONS. NUMBER OF DAYS WITH
  0
 10
  1
  0
  1
  2
  2
HAZE                      8

-  INDICATES NEGATIVE NUMBERS.
R  INDICATES RECORD WAS SET OR TIED.
MM INDICATES DATA IS MISSING.
T  INDICATES TRACE AMOUNT.

&&

RMKS: THE AVEAGE TEMPERATURE OF  44.3 DEGREES MAKES THIS FEBRUARY
THE 8TH WARMEST ON RECORD. THE WARMEST FEBRUARY OCCURRED WITH 48.4
DEGREES SET IN 2017. THE MONTHLY RAINFALL OF 8.55 INCHES MAKES THIS
THE 4TH WETTEST FEBRUARY ON RECORD. THE RECORD WAS SET WITH
13.33 INCHES IN 1989.

$$
