000
CXUS53 KPAH 021444 RRA
CLMPAH

SDFCLMPAA 000
TTAA00 KPAH 021443


CLIMATE REPORT
NATIONAL WEATHER SERVICE PADUCAH KY
833 AM CST FRI FEB 2 2018

...................................

...THE PADUCAH ASOS CLIMATE SUMMARY FOR THE MONTH OF JANUARY 2018...

CLIMATE NORMAL PERIOD 1981 TO 2010
CLIMATE RECORD PERIOD 1937 TO 2018

WEATHER         OBSERVED          NORMAL  DEPART  LAST YEAR`S
                 VALUE   DATE(S)  VALUE   FROM    VALUE  DATE(S)
                                          NORMAL
................................................................
TEMPERATURE (F)
RECORD
 HIGH              77   01/25/1943
 LOW              -15   01/20/1985
HIGHEST            64   01/11        42      22       71  01/21
                                                          01/12
LOWEST              2   01/14        24     -22        7  01/08
                        01/02                             01/07
AVG. MAXIMUM     40.9              43.4    -2.5     50.2
AVG. MINIMUM     21.6              25.8    -4.2     34.6
MEAN             31.3              34.6    -3.3     42.4
DAYS MAX >= 90      0               0.0     0.0        0
DAYS MAX <= 32     12               5.1     6.9        4
DAYS MIN <= 32     23              22.5     0.5       10
DAYS MIN <= 0       0               0.7    -0.7        0

PRECIPITATION (INCHES)
RECORD
 MAXIMUM        14.13   1950
 MINIMUM         0.47   1943
TOTALS           4.00              3.68    0.32     2.50
DAILY AVG.       0.13              0.12    0.01     0.08
DAYS >= .01         9               9.6    -0.6       13
DAYS >= .10         7               6.1     0.9        6
DAYS >= .50         4               2.3     1.7        2
DAYS >= 1.00        0               0.9    -0.9        0
GREATEST
 24 HR. TOTAL    0.91   01/11 TO 01/11
 STORM TOTAL       MM
 (MM/DD(HH))            MM

SNOWFALL (INCHES)
RECORDS
 TOTAL           24.7   1978
TOTALS           12.4               3.0     9.4      0.2
SINCE 7/1        12.4               5.3     7.1      0.2
SNOWDEPTH AVG.      1                MM      MM        0
DAYS >= TRACE       7
DAYS >= 1.0         2               1.0     1.0        0
GREATEST
 SNOW DEPTH         8   01/18                          0  MM
                        01/17
                        01/16
 24 HR TOTAL      8.1R  01/15 TO 01/15
 STORM TOTAL       MM
 (MM/DD(HH))            MM

DEGREE_DAYS
HEATING TOTAL    1040               942      98      694
 SINCE 7/1       2574              2573       1     2021

FREEZE DATES
RECORD
 EARLIEST     10/01/1984
 LATEST       04/28/1992
EARLIEST                        10/26
LATEST                          04/04
.................................................................

WIND (MPH)
AVERAGE WIND SPEED              7.6
HIGHEST WIND SPEED/DIRECTION    29/260    DATE  01/22
HIGHEST GUST SPEED/DIRECTION    45/240    DATE  01/22

SKY COVER
POSSIBLE SUNSHINE (PERCENT)   MM
AVERAGE SKY COVER           0.50
NUMBER OF DAYS FAIR           13
NUMBER OF DAYS PC              8
NUMBER OF DAYS CLOUDY         10

AVERAGE RH (PERCENT)     64

WEATHER CONDITIONS. NUMBER OF DAYS WITH
THUNDERSTORM              0     MIXED PRECIP               0
HEAVY RAIN                3     RAIN                       4
LIGHT RAIN               10     FREEZING RAIN              0
LT FREEZING RAIN          1     HAIL                       0
HEAVY SNOW                2     SNOW                       2
LIGHT SNOW                7     SLEET                      0
FOG                      11     FOG W/VIS <= 1/4 MILE      4
HAZE                      5

-  INDICATES NEGATIVE NUMBERS.
R  INDICATES RECORD WAS SET OR TIED.
MM INDICATES DATA IS MISSING.
T  INDICATES TRACE AMOUNT.

$$
