000
CXUS52 KMFL 011030
CF6PBI
PRELIMINARY LOCAL CLIMATOLOGICAL DATA (WS FORM: F-6)
STATION: WEST PALM BEACH
MONTH: AUGUST
YEAR: 2023
LATITUDE: 26 40 N
LONGITUDE: 80 7 W
TEMPERATURE IN F: :PCPN: SNOW: WIND :SUNSHINE: SKY :PK WND
================================================================================
1 2 3 4 5 6A 6B 7 8 9 10 11 12 13 14 15 16 17 18
12Z AVG MX 2MIN
DY MAX MIN AVG DEP HDD CDD WTR SNW DPTH SPD SPD DIR MIN PSBL S-S WX SPD DR
================================================================================
1 94 76 85 1 0 20 0.19 0.0 0 4.2 26 140 M M 6 38 33 140
2 92 76 84 0 0 19 0.43 0.0 0 5.5 15 70 M M 5 1 19 80
3 91 76 84 0 0 19 0.02 0.0 0 7.8 21 90 M M 7 3 24 80
4 91 78 85 1 0 20 0.07 0.0 0 5.7 17 130 M M 6 13 21 130
5 93 79 86 2 0 21 T 0.0 0 3.2 17 120 M M 6 3 19 120
6 93 81 87 3 0 22 0.01 0.0 0 7.3 16 140 M M 4 21 140
7 94 83 89 5 0 24 T 0.0 0 6.8 16 140 M M 5 3 21 140
8 95 81 88 4 0 23 0.01 0.0 0 5.2 18 200 M M 5 3 23 200
9 95 80 88 4 0 23 0.00 0.0 0 6.3 20 230 M M 4 3 24 230
10 94 74 84 1 0 19 0.32 0.0 0 7.0 26 300 M M 5 13 34 330
11 94 78 86 3 0 21 T 0.0 0 5.3 13 130 M M 3 3 17 120
12 92 80 86 3 0 21 0.03 0.0 0 8.8 17 110 M M 4 1 22 140
13 92 75 84 1 0 19 2.28 0.0 0 8.3 24 140 M M 6 13 29 130
14 92 78 85 2 0 20 0.00 0.0 0 7.4 18 130 M M 4 22 130
15 93 80 87 4 0 22 0.00 0.0 0 7.6 20 100 M M 4 24 150
16 92 76 84 1 0 19 0.83 0.0 0 7.2 24 220 M M 6 13 33 150
17 94 77 86 3 0 21 0.33 0.0 0 4.7 36 150 M M 7 123 44 140
18 91 77 84 1 0 19 0.14 0.0 0 4.9 17 100 M M 7 13 23 90
19 91 76 84 1 0 19 0.27 0.0 0 10.2 23 130 M M 7 1 27 140
20 92 80 86 3 0 21 0.01 0.0 0 15.3 29 110 M M 7 13 41 110
21 92 83 88 5 0 23 0.00 0.0 0 16.8 26 90 M M 5 34 100
22 91 82 87 4 0 22 0.02 0.0 0 11.8 20 70 M M 5 25 50
23 91 79 85 2 0 20 0.10 0.0 0 9.0 17 80 M M 5 18 24 80
24 90 78 84 1 0 19 0.04 0.0 0 9.0 20 100 M M 5 3 24 90
25 91 76 84 1 0 19 0.01 0.0 0 9.3 18 40 M M 4 23 40
26 91 75 83 0 0 18 0.03 0.0 0 9.0 18 50 M M 5 1 23 60
27 91 76 84 1 0 19 T 0.0 0 8.3 20 90 M M 5 3 26 60
28 92 80 86 3 0 21 0.12 0.0 0 5.6 20 140 M M 6 8 25 190
29 92 76 84 1 0 19 0.15 0.0 0 11.2 36 210 M M 5 138 51 210
30 94 83 89 6 0 24 0.02 0.0 0 16.6 30 200 M M 5 13 41 190
31 92 78 85 2 0 20 0.25 0.0 0 7.6 28 270 M M 6 13 35 300
================================================================================
SM 2862 2427 0 636 5.68 0.0 252.9 M 164
================================================================================
AV 92.3 78.3 8.2 FASTST M M 5 MAX(MPH)
MISC ----> # 36 150 51 210
================================================================================
NOTES:
# LAST OF SEVERAL OCCURRENCES
COLUMN 17 PEAK WIND IN M.P.H.
PRELIMINARY LOCAL CLIMATOLOGICAL DATA (WS FORM: F-6) , PAGE 2
STATION: WEST PALM BEACH
MONTH: AUGUST
YEAR: 2023
LATITUDE: 26 40 N
LONGITUDE: 80 7 W
[TEMPERATURE DATA] [PRECIPITATION DATA] SYMBOLS USED IN COLUMN 16
AVERAGE MONTHLY: 85.3 TOTAL FOR MONTH: 5.68 1 = FOG OR MIST
DPTR FM NORMAL: 2.1 DPTR FM NORMAL: -3.00 2 = FOG REDUCING VISIBILITY
HIGHEST: 95 ON 9, 8 GRTST 24HR 2.28 ON 13-13 TO 1/4 MILE OR LESS
LOWEST: 74 ON 10 3 = THUNDER
SNOW, ICE PELLETS, HAIL 4 = ICE PELLETS
TOTAL MONTH: 0.0 INCH 5 = HAIL
GRTST 24HR 0.0 6 = FREEZING RAIN OR DRIZZLE
GRTST DEPTH: 0 7 = DUSTSTORM OR SANDSTORM:
VSBY 1/2 MILE OR LESS
8 = SMOKE OR HAZE
[NO. OF DAYS WITH] [WEATHER - DAYS WITH] 9 = BLOWING SNOW
X = TORNADO
MAX 32 OR BELOW: 0 0.01 INCH OR MORE: 23
MAX 90 OR ABOVE: 31 0.10 INCH OR MORE: 12
MIN 32 OR BELOW: 0 0.50 INCH OR MORE: 2
MIN 0 OR BELOW: 0 1.00 INCH OR MORE: 1
[HDD (BASE 65) ]
TOTAL THIS MO. 0 CLEAR (SCALE 0-3) 1
DPTR FM NORMAL 0 PTCLDY (SCALE 4-7) 30
TOTAL FM JUL 1 0 CLOUDY (SCALE 8-10) 0
DPTR FM NORMAL 0
[CDD (BASE 65) ]
TOTAL THIS MO. 636
DPTR FM NORMAL 72 [PRESSURE DATA]
TOTAL FM JAN 1 3433 HIGHEST SLP 30.10 ON 7
DPTR FM NORMAL 622 LOWEST SLP 29.73 ON 27
[REMARKS]
#FINAL-08-23#