000
CXUS52 KFFC 011010
CF6PDK
PRELIMINARY LOCAL CLIMATOLOGICAL DATA (WS FORM: F-6)
STATION: DEKALB PEACHTREE AIRPORT
MONTH: MAY
YEAR: 2022
LATITUDE: 33 52 N
LONGITUDE: 84 18 W
TEMPERATURE IN F: :PCPN: SNOW: WIND :SUNSHINE: SKY :PK WND
================================================================================
1 2 3 4 5 6A 6B 7 8 9 10 11 12 13 14 15 16 17 18
12Z AVG MX 2MIN
DY MAX MIN AVG DEP HDD CDD WTR SNW DPTH SPD SPD DIR MIN PSBL S-S WX SPD DR
================================================================================
1 81 63 72 7 0 7 0.00 M M 7.3 16 200 M M 4 24 240
2 86 61 74 8 0 9 0.00 M M 4.5 14 210 M M 2 1 19 210
3 86 59 73 7 0 8 0.00 M M 6.8 21 210 M M 1 1 27 200
4 86 63 75 9 0 10 0.46 M M 4.9 22 230 M M 4 13 35 230
5 87 61 74 8 0 9 0.00 M M 3.9 13 250 M M 1 1 19 220
6 81 65 73 6 0 8 0.10 M M 12.2 30 230 M M 6 13 45 230
7 69 56 63 -4 2 0 T M M 11.3 21 270 M M 10 28 280
8 70 51 61 -6 4 0 0.00 M M 2.9 10 310 M M 5 1 14 80
9 72 52 62 -6 3 0 0.00 M M 3.8 12 30 M M 2 19 60
10 81 50 66 -2 0 1 0.00 M M 2.8 9 320 M M 0 16 80
11 84 56 70 2 0 5 0.00 M M 3.6 14 300 M M 1 22 350
12 85 58 72 4 0 7 0.00 M M 4.0 14 40 M M 1 25 70
13 80 62 71 2 0 6 0.07 M M 2.6 10 80 M M 7 13 19 90
14 83 59 71 2 0 6 0.00 M M 2.4 8 230 M M 3 8 14 260
15 82 61 72 3 0 7 0.01 M M 2.4 14 340 M M 4 3 21 320
16 85 61 73 3 0 8 0.00 M M 6.3 15 300 M M 1 1 21 310
17 84 51 68 -2 0 3 0.00 M M 3.4 12 330 M M 0 16 100
18 88 54 71 1 0 6 0.00 M M 4.8 15 180 M M 0 21 150
19 91 68 80 10 0 15 0.00 M M 7.9 16 240 M M 1 26 260
20 90 69 80 9 0 15 0.00 M M 8.3 22 200 M M 2 30 190
21 88 70 79 8 0 14 T M M 6.4 16 270 M M 4 20 280
22 89 68 79 8 0 14 T M M 7.7 18 210 M M 3 24 180
23 74 66 70 -1 0 5 1.11 M M 7.4 26 220 M M 7 13 44 230
24 84 66 75 3 0 10 0.00 M M 2.3 21 170 M M 4 32 160
25 75 64 70 -2 0 5 0.19 M M 3.7 12 250 M M 9 13 24 50
26 76 67 72 0 0 7 0.62 M M 7.9 23 210 M M 9 1 38 220
27 81 64 73 1 0 8 0.01 M M 10.5 22 230 M M 6 1 28 250
28 82 57 70 -3 0 5 0.00 M M 4.5 12 280 M M 0 17 300
29 85 61 73 0 0 8 0.00 M M 2.0 12 140 M M 2 19 160
30 88 64 76 3 0 11 0.00 M M 2.7 21 160 M M 2 3 41 170
31 87 66 77 4 0 12 0.00 M M 0.9 7 140 M M 3 13 120
================================================================================
SM 2560 1893 9 229 2.57 M 162.1 M 104
================================================================================
AV 82.6 61.1 5.2 FASTST M M 3 MAX(MPH)
MISC ----> 30 230 45 230
================================================================================
NOTES:
# LAST OF SEVERAL OCCURRENCES
COLUMN 17 PEAK WIND IN M.P.H.
PRELIMINARY LOCAL CLIMATOLOGICAL DATA (WS FORM: F-6) , PAGE 2
STATION: DEKALB PEACHTREE AIRPORT
MONTH: MAY
YEAR: 2022
LATITUDE: 33 52 N
LONGITUDE: 84 18 W
[TEMPERATURE DATA] [PRECIPITATION DATA] SYMBOLS USED IN COLUMN 16
AVERAGE MONTHLY: 71.8 TOTAL FOR MONTH: 2.57 1 = FOG OR MIST
DPTR FM NORMAL: 2.4 DPTR FM NORMAL: -1.26 2 = FOG REDUCING VISIBILITY
HIGHEST: 91 ON 19 GRTST 24HR 1.11 ON 23-23 TO 1/4 MILE OR LESS
LOWEST: 50 ON 10 3 = THUNDER
SNOW, ICE PELLETS, HAIL 4 = ICE PELLETS
TOTAL MONTH: M 5 = HAIL
GRTST 24HR M ON M 6 = FREEZING RAIN OR DRIZZLE
GRTST DEPTH: M ON M 7 = DUSTSTORM OR SANDSTORM:
VSBY 1/2 MILE OR LESS
8 = SMOKE OR HAZE
[NO. OF DAYS WITH] [WEATHER - DAYS WITH] 9 = BLOWING SNOW
X = TORNADO
MAX 32 OR BELOW: 0 0.01 INCH OR MORE: 8
MAX 90 OR ABOVE: 2 0.10 INCH OR MORE: 5
MIN 32 OR BELOW: 0 0.50 INCH OR MORE: 2
MIN 0 OR BELOW: 0 1.00 INCH OR MORE: 1
[HDD (BASE 65) ]
TOTAL THIS MO. 9 CLEAR (SCALE 0-3) 17
DPTR FM NORMAL -24 PTCLDY (SCALE 4-7) 11
TOTAL FM JUL 1 2431 CLOUDY (SCALE 8-10) 3
DPTR FM NORMAL -545
[CDD (BASE 65) ]
TOTAL THIS MO. 229
DPTR FM NORMAL 60 [PRESSURE DATA]
TOTAL FM JAN 1 262 HIGHEST SLP 30.30 ON 10
DPTR FM NORMAL 47 LOWEST SLP 29.59 ON 6
[REMARKS]
#FINAL-05-22#