000
CXUS56 KPQR 011155
CF6PDX
PRELIMINARY LOCAL CLIMATOLOGICAL DATA (WS FORM: F-6)
STATION: PORTLAND OR
MONTH: OCTOBER
YEAR: 2021
LATITUDE: 45 35 N
LONGITUDE: 122 36 W
TEMPERATURE IN F: :PCPN: SNOW: WIND :SUNSHINE: SKY :PK WND
================================================================================
1 2 3 4 5 6A 6B 7 8 9 10 11 12 13 14 15 16 17 18
12Z AVG MX 2MIN
DY MAX MIN AVG DEP HDD CDD WTR SNW DPTH SPD SPD DIR MIN PSBL S-S WX SPD DR
================================================================================
1 69 51 60 -1 5 0 0.00 0.0 0 5.4 14 320 M M 6 18 19 300
2 72 47 60 0 5 0 0.00 0.0 0 3.3 10 320 M M 3 1 15 340
3 69 47 58 -2 7 0 0.00 0.0 0 5.7 14 320 M M 3 17 300
4 69 54 62 2 3 0 0.00 0.0 0 4.1 10 110 M M 9 12 110
5 59 52 56 -3 9 0 0.34 0.0 0 7.2 20 200 M M 9 1 26 200
6 61 44 53 -6 12 0 0.14 0.0 0 5.5 16 290 M M 6 1 19 290
7 62 43 53 -6 12 0 0.00 0.0 0 4.7 12 320 M M 5 128 14 310
8 61 41 51 -7 14 0 0.00 0.0 0 2.3 8 70 M M 5 11 250
9 64 43 54 -4 11 0 0.02 0.0 0 4.5 14 200 M M 7 20 200
10 61 45 53 -5 12 0 0.05 0.0 0 7.6 21 290 M M 8 1 27 290
11 60 39 50 -7 15 0 T 0.0 0 3.9 15 320 M M 3 18 320
12 54 38 46 -11 19 0 0.10 0.0 0 4.5 12 130 M M 7 1 16 150
13 54 43 49 -7 16 0 0.10 0.0 0 4.0 12 200 M M 9 1 14 200
14 57 50 54 -2 11 0 0.15 0.0 0 4.9 9 120 M M 10 1 12 220
15 66 47 57 1 8 0 0.00 0.0 0 3.3 8 200 M M 4 11 180
16 68 47 58 3 7 0 0.00 0.0 0 3.5 8 130 M M 4 1 9 60
17 64 50 57 2 8 0 T 0.0 0 6.9 21 310 M M 8 26 300
18 60 43 52 -3 13 0 0.00 0.0 0 3.1 13 310 M M 7 16 310
19 61 40 51 -3 14 0 0.04 0.0 0 4.3 10 90 M M 8 128 14 180
20 63 53 58 4 7 0 0.19 0.0 0 8.7 20 190 M M 9 1 29 190
21 68 54 61 7 4 0 0.83 0.0 0 9.9 22 120 M M 8 1 29 120
22 60 53 57 4 8 0 0.08 0.0 0 6.3 14 210 M M 9 1 18 200
23 54 52 53 0 12 0 0.67 0.0 0 8.8 15 120 M M 9 18 20 140
24 61 53 57 4 8 0 0.20 0.0 0 13.4 31 230 M M 9 43 260
25 59 52 56 4 9 0 0.10 0.0 0 13.5 25 200 M M 10 1 40 160
26 58 52 55 3 10 0 0.21 0.0 0 9.6 23 210 M M 10 1 30 210
27 58 52 55 3 10 0 0.03 0.0 0 6.4 14 120 M M 9 18 120
28 69 53 61 9 4 0 0.06 0.0 0 8.3 18 210 M M 10 1 24 210
29 62 43 53 2 12 0 0.41 0.0 0 6.3 18 310 M M 6 1 25 310
30 60 39 50 -1 15 0 0.00 0.0 0 16.2 32 80 M M 1 41 90
31 61 51 56 5 9 0 0.00 0.0 0 15.0 30 90 M M 3 37 80
================================================================================
SM 1924 1471 309 0 3.72 0.0 211.1 M 214
================================================================================
AV 62.1 47.5 6.8 FASTST M M 7 MAX(MPH)
MISC ----> 32 80 43 260
================================================================================
NOTES:
# LAST OF SEVERAL OCCURRENCES
COLUMN 17 PEAK WIND IN M.P.H.
PRELIMINARY LOCAL CLIMATOLOGICAL DATA (WS FORM: F-6) , PAGE 2
STATION: PORTLAND OR
MONTH: OCTOBER
YEAR: 2021
LATITUDE: 45 35 N
LONGITUDE: 122 36 W
[TEMPERATURE DATA] [PRECIPITATION DATA] SYMBOLS USED IN COLUMN 16
AVERAGE MONTHLY: 54.8 TOTAL FOR MONTH: 3.72 1 = FOG OR MIST
DPTR FM NORMAL: -0.8 DPTR FM NORMAL: 0.30 2 = FOG REDUCING VISIBILITY
HIGHEST: 72 ON 2 GRTST 24HR 0.91 ON 21-22 TO 1/4 MILE OR LESS
LOWEST: 38 ON 12 3 = THUNDER
SNOW, ICE PELLETS, HAIL 4 = ICE PELLETS
TOTAL MONTH: 0.0 INCH 5 = HAIL
GRTST 24HR 0.0 6 = FREEZING RAIN OR DRIZZLE
GRTST DEPTH: 0 7 = DUSTSTORM OR SANDSTORM:
VSBY 1/2 MILE OR LESS
8 = SMOKE OR HAZE
[NO. OF DAYS WITH] [WEATHER - DAYS WITH] 9 = BLOWING SNOW
X = TORNADO
MAX 32 OR BELOW: 0 0.01 INCH OR MORE: 18
MAX 90 OR ABOVE: 0 0.10 INCH OR MORE: 12
MIN 32 OR BELOW: 0 0.50 INCH OR MORE: 2
MIN 0 OR BELOW: 0 1.00 INCH OR MORE: 0
[HDD (BASE 65) ]
TOTAL THIS MO. 309 CLEAR (SCALE 0-3) 3
DPTR FM NORMAL 13 PTCLDY (SCALE 4-7) 14
TOTAL FM JUL 1 363 CLOUDY (SCALE 8-10) 14
DPTR FM NORMAL -12
[CDD (BASE 65) ]
TOTAL THIS MO. 0
DPTR FM NORMAL -4 [PRESSURE DATA]
TOTAL FM JAN 1 838 HIGHEST SLP 30.32 ON 27
DPTR FM NORMAL 330 LOWEST SLP 29.04 ON 24
[REMARKS]
#FINAL-10-21#