000
CXUS56 KFGZ 010910
CF6PGA
PRELIMINARY LOCAL CLIMATOLOGICAL DATA (WS FORM: F-6)
STATION: PAGE AZ AIRPORT
MONTH: OCTOBER
YEAR: 2022
LATITUDE: 36 55 N
LONGITUDE: 111 27 W
TEMPERATURE IN F: :PCPN: SNOW: WIND :SUNSHINE: SKY :PK WND
================================================================================
1 2 3 4 5 6A 6B 7 8 9 10 11 12 13 14 15 16 17 18
12Z AVG MX 2MIN
DY MAX MIN AVG DEP HDD CDD WTR SNW DPTH SPD SPD DIR MIN PSBL S-S WX SPD DR
================================================================================
1 82 62 72 4 0 7 0.01 M M 3.5 15 150 M M 3 3 19 150
2 76 59 68 1 0 3 0.66 M M 4.6 20 30 M M 2 38 31 230
3 66 57 62 -5 3 0 0.05 M M 3.5 17 160 M M 4 3 21 170
4 77 53 65 -1 0 0 0.00 M M 2.3 7 30 M M 0 11 40
5 79 56 68 2 0 3 0.00 M M 3.1 12 80 M M 0 14 80
6 78 56 67 2 0 2 0.00 M M 3.9 13 80 M M 2 8 16 80
7 79 57 68 3 0 3 0.00 M M 2.3 9 30 M M 0 12 360
8 79 56 68 4 0 3 0.00 M M 4.9 16 190 M M 0 23 190
9 78 56 67 3 0 2 0.00 M M 4.2 12 160 M M 0 14 350
10 79 56 68 4 0 3 0.00 M M 3.3 9 200 M M 0 12 200
11 82 56 69 6 0 4 0.00 M M 3.1 12 250 M M 0 18 240
12 80 55 68 6 0 3 0.00 M M 3.1 9 160 M M 0 8 10 20
13 81 52 67 5 0 2 0.00 M M 2.4 7 360 M M 0 9 10
14 80 53 67 5 0 2 0.00 M M 3.7 9 40 M M 0 13 20
15 80 52 66 5 0 1 0.00 M M 3.6 13 150 M M 0 15 140
16 71 59 65 4 0 0 0.00 M M 4.9 20 140 M M 4 23 140
17 73 52 63 3 2 0 T M M 4.1 12 40 M M 2 15 50
18 75 51 63 3 2 0 0.00 M M 2.1 8 340 M M 0 12 350
19 76 50 63 4 2 0 0.00 M M 2.8 8 50 M M 0 10 10
20 76 50 63 4 2 0 0.00 M M 4.3 12 200 M M 0 18 200
21 78 53 66 8 0 1 0.00 M M 3.2 8 60 M M 0 13 260
22 76 55 66 8 0 1 T M M 11.3 25 210 M M 1 44 220
23 61 42 52 -6 13 0 0.14 M M 10.8 23 320 M M 6 1 32 320
24 55 39 47 -10 18 0 0.00 M M 5.8 13 310 M M 1 18 310
25 60 39 50 -7 15 0 0.00 M M 3.1 10 20 M M 0 16 10
26 67 45 56 0 9 0 0.00 M M 5.0 13 280 M M 0 20 250
27 57 40 49 -7 16 0 0.00 M M 6.6 17 280 M M M 28 280
28 58 36 47 -8 18 0 0.00 M M 3.0 10 10 M M 0 16 10
29 61 39 50 -5 15 0 0.00 M M 2.1 9 40 M M 0 13 40
30 68 38 53 -1 12 0 0.00 M M 2.8 7 60 M M 0 10 330
31 64 40 52 -2 13 0 0.00 M M 2.3 6 220 M M 0 9 340
================================================================================
SM 2252 1564 140 40 0.86 M 125.7 M 25
================================================================================
AV 72.6 50.5 4.1 FASTST M M 1 MAX(MPH)
MISC ----> 25 210 44 220
================================================================================
NOTES:
# LAST OF SEVERAL OCCURRENCES
COLUMN 17 PEAK WIND IN M.P.H.
PRELIMINARY LOCAL CLIMATOLOGICAL DATA (WS FORM: F-6) , PAGE 2
STATION: PAGE AZ AIRPORT
MONTH: OCTOBER
YEAR: 2022
LATITUDE: 36 55 N
LONGITUDE: 111 27 W
[TEMPERATURE DATA] [PRECIPITATION DATA] SYMBOLS USED IN COLUMN 16
AVERAGE MONTHLY: 61.5 TOTAL FOR MONTH: 0.86 1 = FOG OR MIST
DPTR FM NORMAL: 0.8 DPTR FM NORMAL: 0.04 2 = FOG REDUCING VISIBILITY
HIGHEST: 82 ON 11, 1 GRTST 24HR 0.71 ON 2- 3 TO 1/4 MILE OR LESS
LOWEST: 36 ON 28 3 = THUNDER
SNOW, ICE PELLETS, HAIL 4 = ICE PELLETS
TOTAL MONTH: M 5 = HAIL
GRTST 24HR M ON M 6 = FREEZING RAIN OR DRIZZLE
GRTST DEPTH: M ON M 7 = DUSTSTORM OR SANDSTORM:
VSBY 1/2 MILE OR LESS
8 = SMOKE OR HAZE
[NO. OF DAYS WITH] [WEATHER - DAYS WITH] 9 = BLOWING SNOW
X = TORNADO
MAX 32 OR BELOW: 0 0.01 INCH OR MORE: 4
MAX 90 OR ABOVE: 0 0.10 INCH OR MORE: 2
MIN 32 OR BELOW: 0 0.50 INCH OR MORE: 1
MIN 0 OR BELOW: 0 1.00 INCH OR MORE: 0
[HDD (BASE 65) ]
TOTAL THIS MO. 140 CLEAR (SCALE 0-3) 27
DPTR FM NORMAL -33 PTCLDY (SCALE 4-7) 3
TOTAL FM JUL 1 140 CLOUDY (SCALE 8-10) 1
DPTR FM NORMAL -45
[CDD (BASE 65) ]
TOTAL THIS MO. 40
DPTR FM NORMAL -1 [PRESSURE DATA]
TOTAL FM JAN 1 2420 HIGHEST SLP M ON M
DPTR FM NORMAL 259 LOWEST SLP 29.27 ON 22
[REMARKS]
#FINAL-10-22#