000
CXUS52 KTBW 011136
CF6PGD
PRELIMINARY LOCAL CLIMATOLOGICAL DATA (WS FORM: F-6)
STATION: Punta Gorda
MONTH: JUNE
YEAR: 2020
LATITUDE: 26 55 N
LONGITUDE: 82 0 W
TEMPERATURE IN F: :PCPN: SNOW: WIND :SUNSHINE: SKY :PK WND
================================================================================
1 2 3 4 5 6A 6B 7 8 9 10 11 12 13 14 15 16 17 18
12Z AVG MX 2MIN
DY MAX MIN AVG DEP HDD CDD WTR SNW DPTH SPD SPD DIR MIN PSBL S-S WX SPD DR
================================================================================
1 95 73 84 4 0 19 0.00 0.0 0 7.1 28 60 M M 4 3 33 50
2 93 74 84 4 0 19 0.20 0.0 0 8.9 25 80 M M 5 13 32 80
3 84 71 78 -3 0 13 1.25 0.0 0 6.0 14 90 M M 5 1 19 100
4 83 73 78 -3 0 13 0.40 0.0 0 5.4 16 180 M M 6 13 20 180
5 92 73 83 2 0 18 0.90 0.0 0 7.0 28 280 M M 3 13 32 220
6 88 74 81 0 0 16 0.54 0.0 0 9.3 20 160 M M 6 1 31 350
7 91 79 85 4 0 20 0.01 0.0 0 12.2 24 190 M M 3 29 180
8 93 78 86 5 0 21 0.00 0.0 0 8.2 17 180 M M 3 1 23 210
9 94 75 85 4 0 20 0.07 0.0 0 4.5 22 140 M M 2 13 25 140
10 94 74 84 3 0 19 0.30 0.0 0 5.7 30 50 M M 2 13 39 50
11 94 73 84 3 0 19 1.18 0.0 0 6.5 25 90 M M 2 13 33 90
12 91 72 82 0 0 17 0.00 0.0 0 7.0 13 100 M M 2 17 60
13 87 73 80 -2 0 15 0.89 0.0 0 6.1 30 80 M M 4 13 39 80
14 93 71 82 0 0 17 3.38 0.0 0 7.0 29 170 M M 3 138 34 170
15 91 73 82 0 0 17 0.00 0.0 0 6.9 16 120 M M 2 22 30
16 92 69 81 -1 0 16 0.00 0.0 0 6.1 14 60 M M 2 18 50
17 92 70 81 -1 0 16 0.73 0.0 0 4.6 18 160 M M 4 1 23 160
18 90 73 82 0 0 17 0.03 0.0 0 5.9 16 140 M M 3 13 19 130
19 89 73 81 -1 0 16 0.05 0.0 0 5.3 16 230 M M 2 3 22 230
20 93 73 83 1 0 18 0.00 0.0 0 4.8 16 260 M M 1 3 21 300
21 93 76 85 3 0 20 0.00 0.0 0 4.0 14 240 M M 1 3 17 230
22 93 76 85 3 0 20 0.00 0.0 0 5.6 16 30 M M 1 3 20 30
23 93 74 84 2 0 19 0.00 0.0 0 5.9 15 240 M M 0 19 240
24 95 77 86 4 0 21 0.00 0.0 0 4.6 13 240 M M 1 16 240
25 97 78 88 6 0 23 T 0.0 0 4.8 13 150 M M 2 3 16 150
26 97 76 87 5 0 22 0.00 0.0 0 6.7 17 130 M M 1 3 22 130
27 97 75 86 4 0 21 0.00 0.0 0 6.3 14 100 M M 1 19 130
28 94 77 86 4 0 21 0.00 0.0 0 5.4 12 240 M M 2 15 230
29 96 78 87 5 0 22 0.00 0.0 0 3.8 18 330 M M 2 3 22 330
30 95 76 86 4 0 21 0.00 0.0 0 5.0 15 250 M M 1 3 19 300
================================================================================
SM 2769 2227 0 556 9.93 0.0 186.6 M 76
================================================================================
AV 92.3 74.2 6.2 FASTST M M 3 MAX(MPH)
MISC ----> # 30 50 # 39 50
================================================================================
NOTES:
# LAST OF SEVERAL OCCURRENCES
COLUMN 17 PEAK WIND IN M.P.H.
PRELIMINARY LOCAL CLIMATOLOGICAL DATA (WS FORM: F-6) , PAGE 2
STATION: Punta Gorda
MONTH: JUNE
YEAR: 2020
LATITUDE: 26 55 N
LONGITUDE: 82 0 W
[TEMPERATURE DATA] [PRECIPITATION DATA] SYMBOLS USED IN COLUMN 16
AVERAGE MONTHLY: 83.3 TOTAL FOR MONTH: 9.93 1 = FOG OR MIST
DPTR FM NORMAL: 1.7 DPTR FM NORMAL: 1.40 2 = FOG REDUCING VISIBILITY
HIGHEST: 97 ON 27,26 GRTST 24HR 3.38 ON 14-14 TO 1/4 MILE OR LESS
LOWEST: 69 ON 16 3 = THUNDER
SNOW, ICE PELLETS, HAIL 4 = ICE PELLETS
TOTAL MONTH: 0.0 INCH 5 = HAIL
GRTST 24HR 0.0 6 = FREEZING RAIN OR DRIZZLE
GRTST DEPTH: 0 7 = DUSTSTORM OR SANDSTORM:
VSBY 1/2 MILE OR LESS
8 = SMOKE OR HAZE
[NO. OF DAYS WITH] [WEATHER - DAYS WITH] 9 = BLOWING SNOW
X = TORNADO
MAX 32 OR BELOW: 0 0.01 INCH OR MORE: 14
MAX 90 OR ABOVE: 25 0.10 INCH OR MORE: 10
MIN 32 OR BELOW: 0 0.50 INCH OR MORE: 7
MIN 0 OR BELOW: 0 1.00 INCH OR MORE: 3
[HDD (BASE 65) ]
TOTAL THIS MO. 0 CLEAR (SCALE 0-3) 20
DPTR FM NORMAL 0 PTCLDY (SCALE 4-7) 10
TOTAL FM JUL 1 238 CLOUDY (SCALE 8-10) 0
DPTR FM NORMAL -158
[CDD (BASE 65) ]
TOTAL THIS MO. 556
DPTR FM NORMAL 58 [PRESSURE DATA]
TOTAL FM JAN 1 1750 HIGHEST SLP 30.20 ON 26
DPTR FM NORMAL 376 LOWEST SLP 29.89 ON 7
[REMARKS]
#FINAL-06-20#