000
CXUS52 KTBW 021131
CF6PGD
PRELIMINARY LOCAL CLIMATOLOGICAL DATA (WS FORM: F-6)
STATION: Punta Gorda
MONTH: FEBRUARY
YEAR: 2020
LATITUDE: 26 55 N
LONGITUDE: 82 0 W
TEMPERATURE IN F: :PCPN: SNOW: WIND :SUNSHINE: SKY :PK WND
================================================================================
1 2 3 4 5 6A 6B 7 8 9 10 11 12 13 14 15 16 17 18
12Z AVG MX 2MIN
DY MAX MIN AVG DEP HDD CDD WTR SNW DPTH SPD SPD DIR MIN PSBL S-S WX SPD DR
================================================================================
1 67 56 62 -1 3 0 0.78 0.0 0 6.9 16 320 M M 8 1 26 310
2 65 45 55 -8 10 0 0.00 0.0 0 8.0 16 280 M M 1 22 270
3 75 41 58 -5 7 0 0.00 0.0 0 3.7 12 220 M M 0 1 18 360
4 79 48 64 1 1 0 0.00 0.0 0 5.2 15 150 M M 0 1 22 210
5 82 56 69 5 0 4 0.00 0.0 0 8.8 18 190 M M 4 23 190
6 85 68 77 13 0 12 0.00 0.0 0 20.0 36 190 M M 4 48 200
7 77 51 64 0 1 0 1.18 0.0 0 10.6 30 200 M M 5 13 38 270
8 76 45 61 -3 4 0 0.00 0.0 0 9.5 20 50 M M 2 23 50
9 80 53 67 3 0 2 0.00 0.0 0 11.8 26 110 M M 1 31 110
10 86 56 71 7 0 6 0.00 0.0 0 8.7 17 120 M M 2 24 110
11 85 62 74 10 0 9 0.00 0.0 0 6.2 16 240 M M 4 12 19 250
12 87 66 77 13 0 12 T 0.0 0 7.3 16 240 M M 5 12 21 240
13 86 62 74 10 0 9 0.00 0.0 0 9.4 22 190 M M 4 12 26 200
14 83 68 76 11 0 11 0.00 0.0 0 7.3 20 40 M M 7 128 23 50
15 83 60 72 7 0 7 0.00 0.0 0 11.6 21 30 M M 6 24 80
16 84 60 72 7 0 7 T 0.0 0 8.1 18 140 M M 3 1 24 140
17 83 63 73 8 0 8 0.00 0.0 0 4.2 12 240 M M 5 12 15 230
18 87 64 76 11 0 11 0.00 0.0 0 5.0 14 140 M M 2 17 160
19 85 68 77 12 0 12 T 0.0 0 5.7 13 280 M M 5 1 15 240
20 84 69 77 12 0 12 0.00 0.0 0 8.4 18 250 M M 4 18 23 240
21 73 47 60 -6 5 0 0.01 0.0 0 14.9 26 30 M M 8 1 34 30
22 76 45 61 -5 4 0 0.00 0.0 0 12.9 21 30 M M 2 30 40
23 80 51 66 0 0 1 0.00 0.0 0 8.7 16 70 M M 3 1 21 70
24 81 56 69 3 0 4 0.00 0.0 0 7.7 20 150 M M 1 31 230
25 85 59 72 6 0 7 0.00 0.0 0 10.4 22 200 M M 1 33 200
26 85 65 75 9 0 10 0.14 0.0 0 9.6 26 340 M M 8 13 35 350
27 67 46 57 -9 8 0 T 0.0 0 12.4 20 330 M M 3 25 30
28 68 38 53 -13 12 0 0.00 0.0 0 8.4 17 320 M M 1 22 340
29 70 43 57 -9 8 0 0.00 0.0 0 8.7 22 10 M M 1 1 29 360
================================================================================
SM 2304 1611 63 144 2.11 0.0 260.1 M 100
================================================================================
AV 79.5 55.6 9.0 FASTST M M 3 MAX(MPH)
MISC ----> # 36 190 # 48 200
================================================================================
NOTES:
# LAST OF SEVERAL OCCURRENCES
COLUMN 17 PEAK WIND IN M.P.H.
PRELIMINARY LOCAL CLIMATOLOGICAL DATA (WS FORM: F-6) , PAGE 2
STATION: Punta Gorda
MONTH: FEBRUARY
YEAR: 2020
LATITUDE: 26 55 N
LONGITUDE: 82 0 W
[TEMPERATURE DATA] [PRECIPITATION DATA] SYMBOLS USED IN COLUMN 16
AVERAGE MONTHLY: 67.5 TOTAL FOR MONTH: 2.11 1 = FOG OR MIST
DPTR FM NORMAL: 2.8 DPTR FM NORMAL: -0.37 2 = FOG REDUCING VISIBILITY
HIGHEST: 87 ON 18,12 GRTST 24HR 1.18 ON 7- 7 TO 1/4 MILE OR LESS
LOWEST: 38 ON 28 3 = THUNDER
SNOW, ICE PELLETS, HAIL 4 = ICE PELLETS
TOTAL MONTH: 0.0 INCH 5 = HAIL
GRTST 24HR 0.0 6 = FREEZING RAIN OR DRIZZLE
GRTST DEPTH: 0 7 = DUSTSTORM OR SANDSTORM:
VSBY 1/2 MILE OR LESS
8 = SMOKE OR HAZE
[NO. OF DAYS WITH] [WEATHER - DAYS WITH] 9 = BLOWING SNOW
X = TORNADO
MAX 32 OR BELOW: 0 0.01 INCH OR MORE: 4
MAX 90 OR ABOVE: 0 0.10 INCH OR MORE: 3
MIN 32 OR BELOW: 0 0.50 INCH OR MORE: 2
MIN 0 OR BELOW: 0 1.00 INCH OR MORE: 1
[HDD (BASE 65) ]
TOTAL THIS MO. 63 CLEAR (SCALE 0-3) 14
DPTR FM NORMAL -20 PTCLDY (SCALE 4-7) 14
TOTAL FM JUL 1 221 CLOUDY (SCALE 8-10) 1
DPTR FM NORMAL -134
[CDD (BASE 65) ]
TOTAL THIS MO. 144
DPTR FM NORMAL 69 [PRESSURE DATA]
TOTAL FM JAN 1 250 HIGHEST SLP 30.36 ON 9
DPTR FM NORMAL 110 LOWEST SLP 29.69 ON 6
[REMARKS]
#FINAL-02-20#