000
CXUS53 KUNR 011030
CF6PHP
PRELIMINARY LOCAL CLIMATOLOGICAL DATA (WS FORM: F-6)
STATION: PHILIP SD
MONTH: NOVEMBER
YEAR: 2023
LATITUDE: 44 3 N
LONGITUDE: 101 36 W
TEMPERATURE IN F: :PCPN: SNOW: WIND :SUNSHINE: SKY :PK WND
================================================================================
1 2 3 4 5 6A 6B 7 8 9 10 11 12 13 14 15 16 17 18
12Z AVG MX 2MIN
DY MAX MIN AVG DEP HDD CDD WTR SNW DPTH SPD SPD DIR MIN PSBL S-S WX SPD DR
================================================================================
1 56 21 39 -2 26 0 0.00 M M 5.8 12 340 M M 0 15 340
2 66 16 41 1 24 0 0.00 M M 3.6 14 260 M M 1 18 250
3 54 26 40 0 25 0 0.00 M M 5.6 15 330 M M 6 20 320
4 65 27 46 6 19 0 0.00 M M 5.2 17 300 M M 1 23 290
5 77 35 56 17 9 0 T M M 11.0 30 320 M M 1 43 310
6 62 38 50 11 15 0 0.00 M M 7.2 14 90 M M 0 19 90
7 61 31 46 8 19 0 0.00 M M 6.4 15 90 M M 3 1 21 110
8 54 28 41 3 24 0 0.00 M M 13.7 36 310 M M 2 46 310
9 47 18 33 -5 32 0 0.00 M M 12.0 35 310 M M 3 45 310
10 46 12 29 -8 36 0 0.00 M M 7.1 16 120 M M 0 23 100
11 50 19 35 -2 30 0 0.00 M M 3.3 9 330 M M 0 11 310
12 63 22 43 7 22 0 0.00 M M 8.0 23 330 M M 0 32 320
13 73 22 48 12 17 0 0.00 M M 9.4 31 190 M M 0 43 180
14 63 26 45 9 20 0 0.00 M M 10.0 26 360 M M 0 8 35 340
15 73 19 46 11 19 0 0.00 M M 6.2 21 240 M M 0 26 250
16 58 19 39 4 26 0 0.00 M M 12.3 36 330 M M 0 45 340
17 59 16 38 4 27 0 0.00 M M 7.3 22 310 M M 0 27 310
18 63 27 45 11 20 0 0.00 M M 3.4 10 50 M M 0 11 60
19 59 23 41 8 24 0 0.01 M M 6.2 24 140 M M 3 1 32 140
20 53 34 44 11 21 0 0.02 M M 13.7 30 320 M M 8 1 39 320
21 53 24 39 6 26 0 0.00 M M 7.2 18 330 M M 0 25 350
22 67 24 46 14 19 0 0.00 M M 10.2 26 330 M M 0 35 330
23 35 16 26 -6 39 0 0.00 M M 9.2 18 50 M M 8 23 50
24 22 8 15 -16 50 0 T M M 5.3 10 140 M M 5 1 14 120
25 35 11 23 -8 42 0 T M M 8.7 24 310 M M 5 1 35 310
26 39 13 26 -4 39 0 0.00 M M 16.5 33 330 M M 3 53 320
27 41 19 30 0 35 0 T M M 7.5 20 30 M M 5 26 30
28 56 13 35 5 30 0 0.00 M M 10.8 24 310 M M 0 31 290
29 54 19 37 8 28 0 0.00 M M 5.9 14 330 M M 0 18 320
30 39 17 28 -1 37 0 0.00 M M 5.3 16 320 M M 0 20 320
================================================================================
SM 1643 643 800 0 0.03 M 244.0 M 54
================================================================================
AV 54.8 21.4 8.1 FASTST M M 2 MAX(MPH)
MISC ----> # 36 310 53 320
================================================================================
NOTES:
# LAST OF SEVERAL OCCURRENCES
COLUMN 17 PEAK WIND IN M.P.H.
PRELIMINARY LOCAL CLIMATOLOGICAL DATA (WS FORM: F-6) , PAGE 2
STATION: PHILIP SD
MONTH: NOVEMBER
YEAR: 2023
LATITUDE: 44 3 N
LONGITUDE: 101 36 W
[TEMPERATURE DATA] [PRECIPITATION DATA] SYMBOLS USED IN COLUMN 16
AVERAGE MONTHLY: 38.1 TOTAL FOR MONTH: 0.03 1 = FOG OR MIST
DPTR FM NORMAL: 3.2 DPTR FM NORMAL: -0.46 2 = FOG REDUCING VISIBILITY
HIGHEST: 77 ON 5 GRTST 24HR 0.03 ON 19-20 TO 1/4 MILE OR LESS
LOWEST: 8 ON 24 3 = THUNDER
SNOW, ICE PELLETS, HAIL 4 = ICE PELLETS
TOTAL MONTH: M 5 = HAIL
GRTST 24HR M ON M 6 = FREEZING RAIN OR DRIZZLE
GRTST DEPTH: M ON M 7 = DUSTSTORM OR SANDSTORM:
VSBY 1/2 MILE OR LESS
8 = SMOKE OR HAZE
[NO. OF DAYS WITH] [WEATHER - DAYS WITH] 9 = BLOWING SNOW
X = TORNADO
MAX 32 OR BELOW: 1 0.01 INCH OR MORE: 2
MAX 90 OR ABOVE: 0 0.10 INCH OR MORE: 0
MIN 32 OR BELOW: 27 0.50 INCH OR MORE: 0
MIN 0 OR BELOW: 0 1.00 INCH OR MORE: 0
[HDD (BASE 65) ]
TOTAL THIS MO. 800 CLEAR (SCALE 0-3) 22
DPTR FM NORMAL -104 PTCLDY (SCALE 4-7) 8
TOTAL FM JUL 1 1409 CLOUDY (SCALE 8-10) 0
DPTR FM NORMAL -177
[CDD (BASE 65) ]
TOTAL THIS MO. 0
DPTR FM NORMAL 0 [PRESSURE DATA]
TOTAL FM JAN 1 840 HIGHEST SLP 30.70 ON 24
DPTR FM NORMAL 7 LOWEST SLP 29.49 ON 5
[REMARKS]
#FINAL-11-23#