000
CXUS55 KPIH 011528
CF6PIH
PRELIMINARY LOCAL CLIMATOLOGICAL DATA (WS FORM: F-6)
STATION: POCATELLO
MONTH: FEBRUARY
YEAR: 2022
LATITUDE: 42 55 N
LONGITUDE: 112 36 W
TEMPERATURE IN F: :PCPN: SNOW: WIND :SUNSHINE: SKY :PK WND
================================================================================
1 2 3 4 5 6A 6B 7 8 9 10 11 12 13 14 15 16 17 18
12Z AVG MX 2MIN
DY MAX MIN AVG DEP HDD CDD WTR SNW DPTH SPD SPD DIR MIN PSBL S-S WX SPD DR
================================================================================
1 23 0 12 -15 53 0 T T 2 6.8 18 250 M M 6 1 25 210
2 16 0 8 -19 57 0 T 0.2 2 5.6 13 360 M M 6 18 15 360
3 22 -1 11 -16 54 0 0.00 0.0 2 3.2 8 320 M M 8 128 10 320
4 30 14 22 -5 43 0 0.00 0.0 2 5.7 10 340 M M 7 12 10
5 33 3 18 -9 47 0 0.00 0.0 2 10.9 29 230 M M 2 36 230
6 29 17 23 -5 42 0 0.00 0.0 2 3.3 9 30 M M 8 128 11 30
7 32 12 22 -6 43 0 0.00 0.0 1 5.9 12 350 M M 5 12 14 40
8 33 5 19 -9 46 0 0.00 0.0 1 5.3 15 240 M M 1 18 240
9 35 14 25 -3 40 0 0.00 0.0 T 6.9 16 260 M M 3 1 19 270
10 45 15 30 2 35 0 0.00 0.0 T 7.5 23 230 M M 4 1 29 240
11 37 25 31 3 34 0 0.00 0.0 0 4.2 17 250 M M 9 12 22 240
12 38 18 28 -1 37 0 0.00 0.0 0 5.3 12 350 M M 5 1 14 50
13 44 13 29 0 36 0 0.00 0.0 0 2.1 7 340 M M 0 10 50
14 47 17 32 3 33 0 0.00 0.0 0 4.6 17 330 M M 2 21 330
15 44 28 36 7 29 0 0.08 1.1 0 13.7 35 220 M M 9 1 43 210
16 32 23 28 -2 37 0 0.07 0.6 T 11.5 23 240 M M 8 1 28 230
17 35 23 29 -1 36 0 0.00 0.0 T 13.8 28 250 M M 6 33 250
18 44 17 31 1 34 0 0.00 0.0 0 8.8 22 240 M M 1 27 240
19 49 18 34 3 31 0 0.00 0.0 0 9.5 24 200 M M 0 30 180
20 47 30 39 8 26 0 0.20 3.3 0 14.1 24 240 M M 6 1 30 230
21 30 15 23 -8 42 0 0.10 1.6 3 11.5 24 240 M M 6 1 30 220
22 16 5 11 -21 54 0 0.05 0.9 4 16.0 23 40 M M 5 18 30 50
23 18 2 10 -22 55 0 T 0.3 3 13.7 23 240 M M 4 8 28 240
24 21 9 15 -17 50 0 0.13 2.2 3 10.3 21 240 M M 10 128 27 250
25 18 -4 7 -26 58 0 T 0.3 5 3.7 14 270 M M 6 128 15 270
26 26 -9 9 -24 56 0 0.00 0.0 4 3.1 9 30 M M 1 128 13 30
27 28 -5 12 -21 53 0 0.00 0.0 3 4.9 14 310 M M 0 18 15 320
28 48 4 26 -8 39 0 0.00 0.0 3 7.8 18 200 M M 2 24 200
================================================================================
SM 920 308 1200 0 0.63 10.5 219.7 M 130
================================================================================
AV 32.9 11.0 7.8 FASTST M M 5 MAX(MPH)
MISC ----> 35 220 43 210
================================================================================
NOTES:
# LAST OF SEVERAL OCCURRENCES
COLUMN 17 PEAK WIND IN M.P.H.
21ST: BACKUP PRECIPITATION EQUIP PWSI1 (10-7209-09) LOCATED AT THE
WFO 1.4 MILES SW OF SENSOR USED TO OVERRIDE PIH ASOS (10-7211).
PRELIMINARY LOCAL CLIMATOLOGICAL DATA (WS FORM: F-6) , PAGE 2
STATION: POCATELLO
MONTH: FEBRUARY
YEAR: 2022
LATITUDE: 42 55 N
LONGITUDE: 112 36 W
[TEMPERATURE DATA] [PRECIPITATION DATA] SYMBOLS USED IN COLUMN 16
AVERAGE MONTHLY: 21.9 TOTAL FOR MONTH: 0.63 1 = FOG OR MIST
DPTR FM NORMAL: -7.8 DPTR FM NORMAL: -0.34 2 = FOG REDUCING VISIBILITY
HIGHEST: 49 ON 19 GRTST 24HR 0.20 ON 20-20 TO 1/4 MILE OR LESS
LOWEST: -9 ON 26 3 = THUNDER
SNOW, ICE PELLETS, HAIL 4 = ICE PELLETS
TOTAL MONTH: 10.5 INCHES 5 = HAIL
GRTST 24HR 3.3 ON 20-20 6 = FREEZING RAIN OR DRIZZLE
GRTST DEPTH: 5 ON 25 7 = DUSTSTORM OR SANDSTORM:
VSBY 1/2 MILE OR LESS
8 = SMOKE OR HAZE
[NO. OF DAYS WITH] [WEATHER - DAYS WITH] 9 = BLOWING SNOW
X = TORNADO
MAX 32 OR BELOW: 14 0.01 INCH OR MORE: 6
MAX 90 OR ABOVE: 0 0.10 INCH OR MORE: 3
MIN 32 OR BELOW: 28 0.50 INCH OR MORE: 0
MIN 0 OR BELOW: 6 1.00 INCH OR MORE: 0
[HDD (BASE 65) ]
TOTAL THIS MO. 1200 CLEAR (SCALE 0-3) 10
DPTR FM NORMAL 210 PTCLDY (SCALE 4-7) 14
TOTAL FM JUL 1 5036 CLOUDY (SCALE 8-10) 4
DPTR FM NORMAL -72
[CDD (BASE 65) ]
TOTAL THIS MO. 0
DPTR FM NORMAL 0 [PRESSURE DATA]
TOTAL FM JAN 1 0 HIGHEST SLP 30.80 ON 27
DPTR FM NORMAL 0 LOWEST SLP 29.66 ON 20
[REMARKS]
25TH: LOW TEMPERATURE OF -4 TIED OLD RECORD OF -4 IN 1952.
#FINAL-02-22#