000
CXUS54 KBRO 011143
CF6PIL
PRELIMINARY LOCAL CLIMATOLOGICAL DATA (WS FORM: F-6)
STATION: BAYVIEW
MONTH: MARCH
YEAR: 2024
LATITUDE: 26 10 N
LONGITUDE: 97 20 W
TEMPERATURE IN F: :PCPN: SNOW: WIND :SUNSHINE: SKY :PK WND
================================================================================
1 2 3 4 5 6A 6B 7 8 9 10 11 12 13 14 15 16 17 18
12Z AVG MX 2MIN
DY MAX MIN AVG DEP HDD CDD WTR SNW DPTH SPD SPD DIR MIN PSBL S-S WX SPD DR
================================================================================
1 63 53 58 -9 7 0 0.00 0.0 0 8.6 16 330 M M 10 21 320
2 71 57 64 -3 1 0 0.00 0.0 0 5.3 14 90 M M 6 12 18 100
3 80 65 73 6 0 8 0.00 0.0 0 9.4 22 130 M M 8 12 28 140
4 80 69 75 7 0 10 0.00 0.0 0 8.2 20 150 M M 7 12 26 140
5 82 67 75 7 0 10 0.00 0.0 0 9.7 18 80 M M 7 18 22 70
6 80 66 73 5 0 8 0.00 0.0 0 9.9 20 110 M M 6 18 26 100
7 79 72 76 8 0 11 0.00 0.0 M 13.3 23 150 M M 10 1 30 160
8 83 63 73 5 0 8 0.00 0.0 0 8.2 21 330 M M 5 18 28 330
9 70 59 65 -3 0 0 T 0.0 0 17.2 30 350 M M 2 1 39 340
10 69 59 64 -5 1 0 0.00 0.0 0 9.9 14 50 M M 7 22 70
11 77 60 69 0 0 4 0.00 0.0 0 11.0 20 110 M M 4 24 110
12 76 64 70 1 0 5 0.00 0.0 0 10.8 18 130 M M 4 26 120
13 85 69 77 8 0 12 T 0.0 M 16.1 25 150 M M 5 1 36 170
14 83 73 78 9 0 13 0.00 0.0 M 15.7 23 160 M M 8 18 33 170
15 86 72 79 9 0 14 0.00 0.0 0 12.7 23 170 M M 6 1 29 170
16 85 65 75 5 0 10 0.21 0.0 0 M 26 350 M M 5 1 33 340
17 83 69 76 6 0 11 T 0.0 0 M 21 20 M M 9 1 28 20
18 70 63 67 -3 0 2 0.32 0.0 M 16.7 25 30 M M 10 1 37 30
19 67 60 64 -6 1 0 0.00 0.0 0 9.6 20 50 M M 10 26 50
20 71 65 68 -3 0 3 0.13 0.0 0 8.5 20 130 M M 10 1 28 120
21 79 64 72 1 0 7 0.10 0.0 0 8.1 16 210 M M 8 1 22 210
22 92 60 76 5 0 11 0.00 0.0 0 8.3 24 50 M M 3 12 36 40
23 74 58 66 -5 0 1 0.00 0.0 0 10.4 22 40 M M 0 31 60
24 80 67 74 3 0 9 0.00 0.0 0 19.9 32 150 M M 6 45 150
25 88 69 79 7 0 14 0.00 0.0 0 13.0 23 160 M M 4 34 180
26 78 63 71 -1 0 6 T 0.0 M 12.7 23 40 M M 1 31 20
27 76 64 70 -2 0 5 T 0.0 M 12.7 24 40 M M 2 33 40
28 81 57 69 -3 0 4 0.00 0.0 M 10.4 21 110 M M 0 27 120
29 80 66 73 1 0 8 0.00 0.0 0 17.4 30 140 M M 2 41 140
30 81 68 75 3 0 10 T 0.0 M 14.4 24 130 M M 6 36 170
31 83 70 77 4 0 12 0.00 0.0 0 15.0 24 150 M M 9 1 32 150
================================================================================
SM 2432 1996 10 216 0.76 0.0 343.1 M 180
================================================================================
AV 78.5 64.4 11.8 FASTST M M 6 MAX(MPH)
MISC ----> 32 150 45 150
================================================================================
NOTES:
# LAST OF SEVERAL OCCURRENCES
COLUMN 17 PEAK WIND IN M.P.H.
PRELIMINARY LOCAL CLIMATOLOGICAL DATA (WS FORM: F-6) , PAGE 2
STATION: BAYVIEW
MONTH: MARCH
YEAR: 2024
LATITUDE: 26 10 N
LONGITUDE: 97 20 W
[TEMPERATURE DATA] [PRECIPITATION DATA] SYMBOLS USED IN COLUMN 16
AVERAGE MONTHLY: 71.4 TOTAL FOR MONTH: 0.76 1 = FOG OR MIST
DPTR FM NORMAL: 1.6 DPTR FM NORMAL: -0.35 2 = FOG REDUCING VISIBILITY
HIGHEST: 92 ON 22 GRTST 24HR 0.32 ON 17-18 TO 1/4 MILE OR LESS
LOWEST: 53 ON 1 3 = THUNDER
SNOW, ICE PELLETS, HAIL 4 = ICE PELLETS
TOTAL MONTH: 0.0 INCH 5 = HAIL
GRTST 24HR 0.0 6 = FREEZING RAIN OR DRIZZLE
GRTST DEPTH: 0 7 = DUSTSTORM OR SANDSTORM:
VSBY 1/2 MILE OR LESS
8 = SMOKE OR HAZE
[NO. OF DAYS WITH] [WEATHER - DAYS WITH] 9 = BLOWING SNOW
X = TORNADO
MAX 32 OR BELOW: 0 0.01 INCH OR MORE: 4
MAX 90 OR ABOVE: 1 0.10 INCH OR MORE: 4
MIN 32 OR BELOW: 0 0.50 INCH OR MORE: 0
MIN 0 OR BELOW: 0 1.00 INCH OR MORE: 0
[HDD (BASE 65) ]
TOTAL THIS MO. 10 CLEAR (SCALE 0-3) 6
DPTR FM NORMAL -28 PTCLDY (SCALE 4-7) 17
TOTAL FM JUL 1 382 CLOUDY (SCALE 8-10) 8
DPTR FM NORMAL -138
[CDD (BASE 65) ]
TOTAL THIS MO. 216
DPTR FM NORMAL 27 [PRESSURE DATA]
TOTAL FM JAN 1 354 HIGHEST SLP 30.28 ON 10
DPTR FM NORMAL 14 LOWEST SLP 29.44 ON 25
[REMARKS]
#FINAL-03-24#