000
CXUS54 KMOB 010635
CF6PNS
PRELIMINARY LOCAL CLIMATOLOGICAL DATA (WS FORM: F-6)
STATION: PENSACOLA
MONTH: APRIL
YEAR: 2021
LATITUDE: 30 28 N
LONGITUDE: 87 12 W
TEMPERATURE IN F: :PCPN: SNOW: WIND :SUNSHINE: SKY :PK WND
================================================================================
1 2 3 4 5 6A 6B 7 8 9 10 11 12 13 14 15 16 17 18
12Z AVG MX 2MIN
DY MAX MIN AVG DEP HDD CDD WTR SNW DPTH SPD SPD DIR MIN PSBL S-S WX SPD DR
================================================================================
1 65 48 57 -6 8 0 0.00 0.0 0 19.1 30 360 M M 2 45 350
2 66 42 54 -10 11 0 0.00 0.0 0 8.8 17 20 M M 0 8 26 10
3 65 46 56 -8 9 0 0.00 0.0 0 6.5 15 140 M M 0 21 110
4 71 44 58 -6 7 0 0.00 0.0 0 6.4 15 150 M M 0 21 150
5 76 49 63 -1 2 0 0.00 0.0 0 5.8 14 200 M M 0 19 200
6 76 55 66 2 0 1 0.00 0.0 0 5.9 17 150 M M 0 1 22 160
7 80 59 70 5 0 5 0.00 0.0 0 8.9 16 150 M M 3 18 22 150
8 82 68 75 10 0 10 0.52 0.0 0 11.6 28 140 M M 4 13 36 150
9 75 67 71 6 0 6 0.25 0.0 0 9.0 29 170 M M 6 13 36 170
10 75 59 67 2 0 2 4.03 0.0 0 9.2 45 320 M M 6 13 65 320
11 79 63 71 5 0 6 0.00 0.0 0 5.5 13 200 M M 4 17 330
12 83 52 68 2 0 3 0.00 0.0 0 5.7 17 190 M M 0 1 22 180
13 81 57 69 3 0 4 T 0.0 0 6.6 32 170 M M 0 1 46 180
14 77 60 69 3 0 4 0.31 0.0 0 9.0 38 180 M M 4 1 51 180
15 71 62 67 1 0 2 1.32 0.0 0 5.3 17 130 M M 8 13 21 160
16 73 57 65 -2 0 0 1.36 0.0 0 5.4 14 360 M M 7 13 18 100
17 65 61 63 -4 2 0 2.25 0.0 0 4.2 14 180 M M 10 13 17 180
18 75 60 68 1 0 3 0.05 0.0 0 6.7 14 310 M M 5 1 18 340
19 76 56 66 -1 0 1 0.00 0.0 0 7.9 16 340 M M 0 23 320
20 78 60 69 1 0 4 T 0.0 0 7.3 17 210 M M 3 22 210
21 74 53 64 -4 1 0 0.00 0.0 0 12.5 23 330 M M 0 29 330
22 71 49 60 -8 5 0 0.00 0.0 0 7.2 15 30 M M 0 24 20
23 73 53 63 -5 2 0 T 0.0 0 10.9 18 140 M M 7 26 120
24 84 65 75 6 0 10 0.16 0.0 0 17.3 37 240 M M 9 138 53 240
25 81 57 69 0 0 4 0.00 0.0 0 9.3 20 340 M M 0 28 330
26 79 60 70 1 0 5 0.00 0.0 0 6.7 13 150 M M 0 17 140
27 81 66 74 4 0 9 0.00 0.0 0 9.3 18 130 M M 7 12 24 130
28 82 70 76 6 0 11 0.00 0.0 0 9.2 17 140 M M 3 23 160
29 82 71 77 7 0 12 0.00 0.0 0 9.4 16 160 M M 6 22 150
30 85 68 77 7 0 12 0.04 0.0 0 6.9 15 350 M M 5 18 21 350
================================================================================
SM 2281 1737 47 114 10.29 0.0 253.5 M 99
================================================================================
AV 76.0 57.9 8.4 FASTST M M 3 MAX(MPH)
MISC ----> 45 320 65 320
================================================================================
NOTES:
# LAST OF SEVERAL OCCURRENCES
COLUMN 17 PEAK WIND IN M.P.H.
PRELIMINARY LOCAL CLIMATOLOGICAL DATA (WS FORM: F-6) , PAGE 2
STATION: PENSACOLA
MONTH: APRIL
YEAR: 2021
LATITUDE: 30 28 N
LONGITUDE: 87 12 W
[TEMPERATURE DATA] [PRECIPITATION DATA] SYMBOLS USED IN COLUMN 16
AVERAGE MONTHLY: 67.0 TOTAL FOR MONTH: 10.29 1 = FOG OR MIST
DPTR FM NORMAL: 0.4 DPTR FM NORMAL: 5.97 2 = FOG REDUCING VISIBILITY
HIGHEST: 85 ON 30 GRTST 24HR 4.04 ON 9-10 TO 1/4 MILE OR LESS
LOWEST: 42 ON 2 3 = THUNDER
SNOW, ICE PELLETS, HAIL 4 = ICE PELLETS
TOTAL MONTH: 0.0 INCH 5 = HAIL
GRTST 24HR 0.0 6 = FREEZING RAIN OR DRIZZLE
GRTST DEPTH: 0 7 = DUSTSTORM OR SANDSTORM:
VSBY 1/2 MILE OR LESS
8 = SMOKE OR HAZE
[NO. OF DAYS WITH] [WEATHER - DAYS WITH] 9 = BLOWING SNOW
X = TORNADO
MAX 32 OR BELOW: 0 0.01 INCH OR MORE: 10
MAX 90 OR ABOVE: 0 0.10 INCH OR MORE: 8
MIN 32 OR BELOW: 0 0.50 INCH OR MORE: 5
MIN 0 OR BELOW: 0 1.00 INCH OR MORE: 4
[HDD (BASE 65) ]
TOTAL THIS MO. 47 CLEAR (SCALE 0-3) 14
DPTR FM NORMAL -4 PTCLDY (SCALE 4-7) 14
TOTAL FM JUL 1 1192 CLOUDY (SCALE 8-10) 2
DPTR FM NORMAL -343
[CDD (BASE 65) ]
TOTAL THIS MO. 114
DPTR FM NORMAL 13 [PRESSURE DATA]
TOTAL FM JAN 1 239 HIGHEST SLP M ON M
DPTR FM NORMAL 91 LOWEST SLP 29.64 ON 10
[REMARKS]
#FINAL-04-21#