000
CXUS55 KPAH 010700
CF6POF
PRELIMINARY LOCAL CLIMATOLOGICAL DATA (WS FORM: F-6)
STATION: POPLAR BLUFF MO
MONTH: DECEMBER
YEAR: 2020
LATITUDE: 36 46 N
LONGITUDE: 90 19 W
TEMPERATURE IN F: :PCPN: SNOW: WIND :SUNSHINE: SKY :PK WND
================================================================================
1 2 3 4 5 6A 6B 7 8 9 10 11 12 13 14 15 16 17 18
12Z AVG MX 2MIN
DY MAX MIN AVG DEP HDD CDD WTR SNW DPTH SPD SPD DIR MIN PSBL S-S WX SPD DR
================================================================================
1 44 21 33 -8 32 0 0.00 M M 2.5 9 180 M M 0 13 180
2 50 24 37 -4 28 0 0.00 M M 3.1 12 150 M M 0 15 140
3 46 37 42 2 23 0 T M M 4.6 15 360 M M 10 18 10
4 53 34 44 4 21 0 0.00 M M 5.1 15 300 M M 5 20 270
5 57 29 43 3 22 0 0.00 M M 2.1 8 210 M M 0 11 240
6 52 29 41 2 24 0 0.00 M M 5.6 16 10 M M 0 21 360
7 50 30 40 1 25 0 0.00 M M 2.6 10 10 M M 5 1 20 360
8 50 28 39 0 26 0 0.00 M M 1.9 8 50 M M 0 18 11 50
9 65 31 48 10 17 0 0.00 M M 3.9 12 200 M M 0 1 14 200
10 66 31 49 11 16 0 0.00 M M 3.0 9 180 M M 0 1 14 190
11 61 35 48 10 17 0 0.75 M M 5.7 16 200 M M 6 1 23 190
12 57 42 50 12 15 0 0.03 M M 8.8 20 210 M M 9 29 200
13 42 35 39 1 26 0 0.54 M M 5.6 14 20 M M 8 1 17 340
14 43 29 36 -1 29 0 0.00 M M 8.9 21 360 M M 3 30 330
15 34 27 31 -6 34 0 0.01 M M 6.4 14 50 M M 5 19 50
16 37 27 32 -5 33 0 0.00 M M 6.6 15 330 M M 7 21 310
17 36 22 29 -8 36 0 0.00 M M 3.5 10 270 M M 2 15 310
18 46 24 35 -1 30 0 0.00 M M 5.5 14 160 M M 0 1 18 160
19 43 34 39 3 26 0 0.04 M M 6.2 14 200 M M 10 1 21 190
20 45 36 41 5 24 0 0.00 M M 6.1 15 240 M M 10 1 21 230
21 65 37 51 15 14 0 0.00 M M 7.6 16 260 M M 3 1 23 290
22 54 29 42 6 23 0 0.00 M M 4.5 12 130 M M 0 15 130
23 56 34 45 9 20 0 0.22 M M 13.2 24 300 M M 7 13 39 290
24 34 21 28 -8 37 0 0.00 M M 9.9 20 290 M M 0 31 320
25 32 15 24 -12 41 0 0.00 M M 7.3 15 310 M M 0 23 310
26 49 21 35 0 30 0 0.00 M M 5.1 15 220 M M 0 19 220
27 57 29 43 8 22 0 0.00 M M 9.6 26 200 M M 4 42 210
28 50 31 41 6 24 0 0.00 M M 5.4 17 340 M M 0 24 320
29 43 29 36 1 29 0 0.00 M M 6.3 14 90 M M 6 8 20 90
30 51 35 43 8 22 0 1.04 M M 7.3 20 330 M M 9 1 30 350
31 35 32 34 -1 31 0 0.15 M M 12.3 20 40 M M 8 1 30 50
================================================================================
SM 1503 918 797 0 2.78 M 186.2 M 117
================================================================================
AV 48.5 29.6 6.0 FASTST M M 4 MAX(MPH)
MISC ----> 26 200 42 210
================================================================================
NOTES:
# LAST OF SEVERAL OCCURRENCES
COLUMN 17 PEAK WIND IN M.P.H.
PRELIMINARY LOCAL CLIMATOLOGICAL DATA (WS FORM: F-6) , PAGE 2
STATION: POPLAR BLUFF MO
MONTH: DECEMBER
YEAR: 2020
LATITUDE: 36 46 N
LONGITUDE: 90 19 W
[TEMPERATURE DATA] [PRECIPITATION DATA] SYMBOLS USED IN COLUMN 16
AVERAGE MONTHLY: 39.0 TOTAL FOR MONTH: 2.78 1 = FOG OR MIST
DPTR FM NORMAL: 1.7 DPTR FM NORMAL: -1.82 2 = FOG REDUCING VISIBILITY
HIGHEST: 66 ON 10 GRTST 24HR 1.04 ON 30-30 TO 1/4 MILE OR LESS
LOWEST: 15 ON 25 3 = THUNDER
SNOW, ICE PELLETS, HAIL 4 = ICE PELLETS
TOTAL MONTH: M 5 = HAIL
GRTST 24HR M ON M 6 = FREEZING RAIN OR DRIZZLE
GRTST DEPTH: M ON M 7 = DUSTSTORM OR SANDSTORM:
VSBY 1/2 MILE OR LESS
8 = SMOKE OR HAZE
[NO. OF DAYS WITH] [WEATHER - DAYS WITH] 9 = BLOWING SNOW
X = TORNADO
MAX 32 OR BELOW: 1 0.01 INCH OR MORE: 8
MAX 90 OR ABOVE: 0 0.10 INCH OR MORE: 5
MIN 32 OR BELOW: 21 0.50 INCH OR MORE: 3
MIN 0 OR BELOW: 0 1.00 INCH OR MORE: 1
[HDD (BASE 65) ]
TOTAL THIS MO. 797 CLEAR (SCALE 0-3) 14
DPTR FM NORMAL -62 PTCLDY (SCALE 4-7) 11
TOTAL FM JUL 1 1511 CLOUDY (SCALE 8-10) 6
DPTR FM NORMAL -129
[CDD (BASE 65) ]
TOTAL THIS MO. 0
DPTR FM NORMAL 0 [PRESSURE DATA]
TOTAL FM JAN 1 1598 HIGHEST SLP M ON M
DPTR FM NORMAL 36 LOWEST SLP 29.67 ON 23
[REMARKS]
#FINAL-12-20#