000
CXUS53 KPAH 010730
CF6POF
PRELIMINARY LOCAL CLIMATOLOGICAL DATA (WS FORM: F-6)
STATION: POPLAR BLUFF MO
MONTH: AUGUST
YEAR: 2023
LATITUDE: 36 46 N
LONGITUDE: 90 19 W
TEMPERATURE IN F: :PCPN: SNOW: WIND :SUNSHINE: SKY :PK WND
================================================================================
1 2 3 4 5 6A 6B 7 8 9 10 11 12 13 14 15 16 17 18
12Z AVG MX 2MIN
DY MAX MIN AVG DEP HDD CDD WTR SNW DPTH SPD SPD DIR MIN PSBL S-S WX SPD DR
================================================================================
1 83 69 76 -3 0 11 0.21 M M 3.0 14 320 M M 3 1 21 320
2 88 72 80 1 0 15 0.00 M M 5.8 21 50 M M 4 3 28 20
3 88 72 80 1 0 15 0.71 M M 6.8 24 350 M M 3 13 38 360
4 84 71 78 -1 0 13 0.63 M M 4.7 20 60 M M 7 13 30 40
5 93 73 83 4 0 18 0.00 M M 4.2 12 140 M M 4 3 15 120
6 88 70 79 0 0 14 T M M 6.1 15 200 M M 1 19 190
7 85 68 77 -2 0 12 0.00 M M 7.9 17 330 M M 2 28 250
8 84 64 74 -5 0 9 0.00 M M 4.6 13 190 M M 1 18 210
9 73 69 71 -8 0 6 1.53 M M 5.3 25 320 M M 6 13 40 330
10 84 70 77 -2 0 12 0.00 M M 3.1 10 140 M M 5 1 15 150
11 89 69 79 0 0 14 0.00 M M 3.1 10 210 M M 5 12 14 230
12 86 72 79 1 0 14 0.05 M M 3.1 20 10 M M 1 13 31 10
13 82 71 77 -1 0 12 0.07 M M 2.4 17 250 M M 3 123 27 240
14 86 67 77 -1 0 12 0.15 M M 7.3 16 270 M M 4 3 24 270
15 76 63 70 -8 0 5 0.00 M M 6.0 16 340 M M 5 23 350
16 82 60 71 -7 0 6 0.00 M M 2.3 9 60 M M 1 1 13 50
17 86 59 73 -5 0 8 0.00 M M 6.3 18 220 M M 1 12 24 220
18 84 60 72 -6 0 7 0.00 M M 3.2 9 70 M M 0 13 60
19 87 59 73 -5 0 8 0.00 M M 3.6 9 170 M M 0 1 22 50
20 94 66 80 3 0 15 0.00 M M 4.1 12 200 M M 0 1 16 210
21 95 73 84 7 0 19 0.00 M M 4.0 13 220 M M 0 12 16 210
22 96 74 85 8 0 20 0.00 M M 1.6 8 110 M M 1 1 11 120
23 93 73 83 6 0 18 0.00 M M 2.1 9 190 M M 1 128 15 210
24 96 72 84 7 0 19 T M M 3.4 12 200 M M 2 12 17 200
25 98 74 86 10 0 21 0.00 M M 3.0 10 210 M M 0 12 13 220
26 96 71 84 8 0 19 1.34 M M 3.6 32 310 M M 3 13 45 290
27 78 70 74 -2 0 9 0.45 M M 6.4 15 360 M M 9 1 20 350
28 84 64 74 -2 0 9 0.00 M M 7.3 15 20 M M 1 22 10
29 85 60 73 -3 0 8 0.00 M M 2.6 9 70 M M 0 13 90
30 83 63 73 -2 0 8 0.00 M M 6.7 17 40 M M 0 1 27 40
31 79 57 68 -7 0 3 0.00 M M 6.0 14 40 M M 0 19 40
================================================================================
SM 2685 2095 0 379 5.14 M 139.6 M 73
================================================================================
AV 86.6 67.6 4.5 FASTST M M 2 MAX(MPH)
MISC ----> 32 310 45 290
================================================================================
NOTES:
# LAST OF SEVERAL OCCURRENCES
COLUMN 17 PEAK WIND IN M.P.H.
PRELIMINARY LOCAL CLIMATOLOGICAL DATA (WS FORM: F-6) , PAGE 2
STATION: POPLAR BLUFF MO
MONTH: AUGUST
YEAR: 2023
LATITUDE: 36 46 N
LONGITUDE: 90 19 W
[TEMPERATURE DATA] [PRECIPITATION DATA] SYMBOLS USED IN COLUMN 16
AVERAGE MONTHLY: 77.1 TOTAL FOR MONTH: 5.14 1 = FOG OR MIST
DPTR FM NORMAL: -0.6 DPTR FM NORMAL: 1.70 2 = FOG REDUCING VISIBILITY
HIGHEST: 98 ON 25 GRTST 24HR 1.79 ON 26-27 TO 1/4 MILE OR LESS
LOWEST: 57 ON 31 3 = THUNDER
SNOW, ICE PELLETS, HAIL 4 = ICE PELLETS
TOTAL MONTH: M 5 = HAIL
GRTST 24HR M ON M 6 = FREEZING RAIN OR DRIZZLE
GRTST DEPTH: M ON M 7 = DUSTSTORM OR SANDSTORM:
VSBY 1/2 MILE OR LESS
8 = SMOKE OR HAZE
[NO. OF DAYS WITH] [WEATHER - DAYS WITH] 9 = BLOWING SNOW
X = TORNADO
MAX 32 OR BELOW: 0 0.01 INCH OR MORE: 9
MAX 90 OR ABOVE: 8 0.10 INCH OR MORE: 7
MIN 32 OR BELOW: 0 0.50 INCH OR MORE: 4
MIN 0 OR BELOW: 0 1.00 INCH OR MORE: 2
[HDD (BASE 65) ]
TOTAL THIS MO. 0 CLEAR (SCALE 0-3) 20
DPTR FM NORMAL 0 PTCLDY (SCALE 4-7) 10
TOTAL FM JUL 1 0 CLOUDY (SCALE 8-10) 1
DPTR FM NORMAL 0
[CDD (BASE 65) ]
TOTAL THIS MO. 379
DPTR FM NORMAL -16 [PRESSURE DATA]
TOTAL FM JAN 1 1391 HIGHEST SLP M ON M
DPTR FM NORMAL 0 LOWEST SLP 29.65 ON 9
[REMARKS]
#FINAL-08-23#