000
CXUS53 KPAH 010809
CLMPOF
CLIMATE REPORT
NATIONAL WEATHER SERVICE PADUCAH KY
209 AM CST FRI MAR 01 2024
...................................
...THE POPLAR BLUFF MO CLIMATE SUMMARY FOR THE MONTH OF FEBRUARY 2024...
CLIMATE NORMAL PERIOD 1991 TO 2020
CLIMATE RECORD PERIOD 1893 TO 2024
WEATHER OBSERVED NORMAL DEPART LAST YEAR`S
VALUE DATE(S) VALUE FROM VALUE DATE(S)
NORMAL
................................................................
TEMPERATURE (F)
RECORD
HIGH 83 02/13/1962
LOW -25 02/13/1899
HIGHEST 81 02/27 75 02/27
LOWEST 22 02/18 22 02/01
AVG. MAXIMUM 60.2 49.5 10.7
AVG. MINIMUM 36.4 31.3 5.1
MEAN 48.3 40.4 7.9
DAYS MAX >= 90 0 0.0 0.0 0
DAYS MAX <= 32 0 2.3 -2.3 1
DAYS MIN <= 32 12 16.8 -4.8 13
DAYS MIN <= 0 0 0.1 -0.1 0
PRECIPITATION (INCHES)
RECORD
MAXIMUM 13.39 1989
MINIMUM 0.19 1947
TOTALS 0.83 3.67 -2.84 4.34
DAILY AVG. 0.03 NAN NAN 0.16
DAYS >= .01 7 9.6 -2.6 6
DAYS >= .10 2 5.9 -3.9 5
DAYS >= .50 0 2.7 -2.7 2
DAYS >= 1.00 0 1.2 -1.2 1
GREATEST
24 HR. TOTAL 0.47 02/03 TO 02/04
DEGREE DAYS
HEATING TOTAL 482 689 -207 524
SINCE 7/1 2791 3204 -413 MM
COOLING TOTAL 4 0 4 0
SINCE 1/1 4 0 4 MM
FREEZE DATES
EARLIEST 10/30
LATEST 03/29
................................................................
WIND (MPH)
AVERAGE WIND SPEED 8.1
HIGHEST WIND SPEED/DIRECTION 32/210 DATE 02/27
HIGHEST GUST SPEED/DIRECTION 47/210 DATE 02/27
SKY COVER
POSSIBLE SUNSHINE (PERCENT) MM
AVERAGE SKY COVER 0.27
NUMBER OF DAYS FAIR 20
NUMBER OF DAYS PC 6
NUMBER OF DAYS CLOUDY 3
AVERAGE RH (PERCENT) 66
WEATHER CONDITIONS. NUMBER OF DAYS WITH
THUNDERSTORM 5 MIXED PRECIP 0
HEAVY RAIN 2 RAIN 3
LIGHT RAIN 10 FREEZING RAIN 0
LT FREEZING RAIN 0 HAIL 0
HEAVY SNOW 0 SNOW 0
LIGHT SNOW 0 SLEET 0
FOG 6 FOG W/VIS <= 1/4 MILE 1
HAZE 2
- INDICATES NEGATIVE NUMBERS.
R INDICATES RECORD WAS SET OR TIED.
MM INDICATES DATA IS MISSING.
T INDICATES TRACE AMOUNT.
$$