841
CXUS56 KLOX 011655
CF6PRB
PRELIMINARY LOCAL CLIMATOLOGICAL DATA (WS FORM: F-6)
STATION: PASO ROBLES AIRPORT CA
MONTH: MAY
YEAR: 2020
LATITUDE: 35 40 N
LONGITUDE: 120 38 W
TEMPERATURE IN F: :PCPN: SNOW: WIND :SUNSHINE: SKY :PK WND
================================================================================
1 2 3 4 5 6A 6B 7 8 9 10 11 12 13 14 15 16 17 18
12Z AVG MX 2MIN
DY MAX MIN AVG DEP HDD CDD WTR SNW DPTH SPD SPD DIR MIN PSBL S-S WX SPD DR
================================================================================
1 84 41 63 3 2 0 0.00 0.0 0 9.8 23 320 M M 0 28 340
2 85 42 64 4 1 0 0.00 0.0 0 7.9 21 320 M M 0 26 320
3 83 47 65 4 0 0 0.00 0.0 0 8.1 20 310 M M 2 1 24 310
4 87 39 63 2 2 0 0.00 0.0 0 4.6 16 80 M M 0 20 90
5 89 39 64 3 1 0 0.00 0.0 0 9.9 23 320 M M 0 28 310
6 90 50 70 9 0 5 0.00 0.0 0 8.4 20 40 M M 0 24 60
7 95 39 67 5 0 2 0.00 0.0 0 4.7 17 330 M M 0 20 330
8 95 45 70 8 0 5 0.00 0.0 0 6.7 21 210 M M 0 25 210
9 88 46 67 5 0 2 0.00 0.0 0 7.7 24 200 M M 0 30 230
10 78 42 60 -2 5 0 0.00 0.0 0 8.7 25 210 M M 1 12 30 200
11 75 42 59 -3 6 0 0.00 0.0 0 8.1 21 200 M M 3 1 26 200
12 72 49 61 -2 4 0 T M 0 8.1 18 210 M M 4 23 200
13 79 43 61 -2 4 0 0.00 0.0 0 6.9 18 260 M M 2 26 300
14 81 49 65 2 0 0 0.00 0.0 0 11.0 23 330 M M 0 29 320
15 83 53 68 5 0 3 0.00 0.0 0 12.4 24 320 M M 0 28 320
16 87 44 66 2 0 1 0.00 0.0 0 7.5 21 240 M M 0 24 250
17 77 47 62 -2 3 0 0.02 M 0 8.4 23 230 M M 5 1 28 230
18 72 50 61 -3 4 0 T 0.0 0 9.2 21 240 M M 3 30 220
19 72 39 56 -8 9 0 T M 0 8.3 24 320 M M 2 29 330
20 78 43 61 -3 4 0 0.00 0.0 0 8.6 18 310 M M 0 22 310
21 86 44 65 1 0 0 0.00 0.0 0 6.9 18 300 M M 1 1 23 300
22 83 49 66 2 0 1 0.00 0.0 0 10.5 20 310 M M 0 27 310
23 84 38 61 -4 4 0 0.00 0.0 0 6.1 21 320 M M 0 24 320
24 94 43 69 4 0 4 0.00 0.0 0 5.1 18 320 M M 0 23 330
25 99 49 74 9 0 9 0.00 0.0 0 4.5 21 200 M M 0 25 210
26 101 53 77 12 0 12 0.00 0.0 0 5.2 17 230 M M 0 23 220
27 106 56 81 16 0 16 0.00 0.0 0 6.4 18 200 M M 0 22 200
28 99 57 78 12 0 13 0.00 0.0 0 8.7 30 190 M M 0 38 200
29 72 56 64 -2 1 0 0.00 0.0 0 10.6 23 230 M M 3 30 230
30 70 48 59 -7 6 0 0.01 M 0 8.4 20 240 M M 8 1 26 230
31 83 45 64 -2 1 0 0.00 0.0 0 5.5 20 200 M M 3 25 190
================================================================================
SM 2627 1427 57 73 0.03 0.0 242.9 M 37
================================================================================
AV 84.7 46.0 7.8 FASTST M M 1 MAX(MPH)
MISC ----> # 30 190 # 38 200
================================================================================
NOTES:
# LAST OF SEVERAL OCCURRENCES
COLUMN 17 PEAK WIND IN M.P.H.
PRELIMINARY LOCAL CLIMATOLOGICAL DATA (WS FORM: F-6) , PAGE 2
STATION: PASO ROBLES AIRPORT CA
MONTH: MAY
YEAR: 2020
LATITUDE: 35 40 N
LONGITUDE: 120 38 W
[TEMPERATURE DATA] [PRECIPITATION DATA] SYMBOLS USED IN COLUMN 16
AVERAGE MONTHLY: 65.4 TOTAL FOR MONTH: 0.03 1 = FOG OR MIST
DPTR FM NORMAL: 2.1 DPTR FM NORMAL: -0.23 2 = FOG REDUCING VISIBILITY
HIGHEST: 106 ON 27 GRTST 24HR 0.02 ON 17-17 TO 1/4 MILE OR LESS
LOWEST: 38 ON 23 3 = THUNDER
SNOW, ICE PELLETS, HAIL 4 = ICE PELLETS
TOTAL MONTH: 0.0 INCH 5 = HAIL
GRTST 24HR 0.0 6 = FREEZING RAIN OR DRIZZLE
GRTST DEPTH: 0 7 = DUSTSTORM OR SANDSTORM:
VSBY 1/2 MILE OR LESS
8 = SMOKE OR HAZE
[NO. OF DAYS WITH] [WEATHER - DAYS WITH] 9 = BLOWING SNOW
X = TORNADO
MAX 32 OR BELOW: 0 0.01 INCH OR MORE: 2
MAX 90 OR ABOVE: 8 0.10 INCH OR MORE: 0
MIN 32 OR BELOW: 0 0.50 INCH OR MORE: 0
MIN 0 OR BELOW: 0 1.00 INCH OR MORE: 0
[HDD (BASE 65) ]
TOTAL THIS MO. 57 CLEAR (SCALE 0-3) 25
DPTR FM NORMAL -53 PTCLDY (SCALE 4-7) 6
TOTAL FM JUL 1 2475 CLOUDY (SCALE 8-10) 0
DPTR FM NORMAL -347
[CDD (BASE 65) ]
TOTAL THIS MO. 73
DPTR FM NORMAL 14 [PRESSURE DATA]
TOTAL FM JAN 1 102 HIGHEST SLP 30.16 ON 4
DPTR FM NORMAL 34 LOWEST SLP 29.77 ON 27
[REMARKS]
#FINAL-05-20#