000
CXUS56 KFGZ 010910
CF6PRC
PRELIMINARY LOCAL CLIMATOLOGICAL DATA (WS FORM: F-6)
STATION: PRESCOTT AZ AIRPORT
MONTH: SEPTEMBER
YEAR: 2023
LATITUDE: 34 39 N
LONGITUDE: 112 26 W
TEMPERATURE IN F: :PCPN: SNOW: WIND :SUNSHINE: SKY :PK WND
================================================================================
1 2 3 4 5 6A 6B 7 8 9 10 11 12 13 14 15 16 17 18
12Z AVG MX 2MIN
DY MAX MIN AVG DEP HDD CDD WTR SNW DPTH SPD SPD DIR MIN PSBL S-S WX SPD DR
================================================================================
1 79 61 70 -3 0 5 0.18 M M 6.4 24 200 M M 7 3 37 190
2 75 62 69 -4 0 4 0.16 M M 5.8 15 290 M M 8 13 18 290
3 83 56 70 -2 0 5 0.00 M M 6.5 17 240 M M 1 27 230
4 81 58 70 -2 0 5 0.00 M M 8.8 22 230 M M 3 30 230
5 85 53 69 -3 0 4 0.00 M M 8.0 17 230 M M 0 29 130
6 87 53 70 -2 0 5 0.00 M M 7.6 16 210 M M 0 25 230
7 91 51 71 -1 0 6 0.00 M M 5.9 16 260 M M 0 22 200
8 92 60 76 5 0 11 0.00 M M 5.2 18 240 M M 0 23 240
9 94 60 77 6 0 12 0.10 M M 6.5 24 320 M M 1 3 31 180
10 84 61 73 2 0 8 0.01 M M 4.9 22 270 M M 3 3 35 290
11 86 59 73 3 0 8 0.00 M M 7.3 21 240 M M 2 30 250
12 79 65 72 2 0 7 0.01 M M 5.9 17 10 M M 8 3 20 360
13 77 57 67 -3 0 2 0.12 M M 5.8 17 150 M M 5 3 24 150
14 79 51 65 -5 0 0 T M M 3.9 22 310 M M 3 3 32 290
15 83 51 67 -2 0 2 0.00 M M 4.0 13 340 M M 1 18 340
16 86 51 69 0 0 4 0.00 M M 5.0 18 150 M M 1 24 150
17 87 53 70 1 0 5 0.00 M M 8.9 22 160 M M 1 30 150
18 84 53 69 1 0 4 0.00 M M 7.7 22 150 M M 0 32 140
19 83 49 66 -2 0 1 0.00 M M 7.1 14 220 M M 0 19 240
20 81 50 66 -2 0 1 0.00 M M 8.3 22 130 M M 1 31 200
21 78 53 66 -1 0 1 0.00 M M 11.2 24 210 M M 0 34 210
22 79 50 65 -2 0 0 0.00 M M 5.6 15 170 M M 2 23 150
23 77 55 66 0 0 1 0.03 M M 5.7 20 240 M M 6 27 200
24 84 48 66 0 0 1 0.00 M M 4.3 10 190 M M 0 15 340
25 85 49 67 1 0 2 0.00 M M 5.8 15 240 M M 0 19 240
26 87 47 67 2 0 2 0.00 M M 4.8 14 210 M M 0 8 26 210
27 87 48 68 3 0 3 0.00 M M 6.6 15 230 M M 0 8 22 180
28 83 53 68 4 0 3 0.00 M M 8.4 16 210 M M 0 8 25 220
29 83 47 65 1 0 0 0.00 M M 8.1 22 130 M M 0 31 130
30 78 53 66 2 0 1 0.00 M M 11.8 26 200 M M 0 3 41 210
================================================================================
SM 2497 1617 0 113 0.61 M 201.8 M 53
================================================================================
AV 83.2 53.9 6.7 FASTST M M 2 MAX(MPH)
MISC ----> 26 200 41 210
================================================================================
NOTES:
# LAST OF SEVERAL OCCURRENCES
COLUMN 17 PEAK WIND IN M.P.H.
PRELIMINARY LOCAL CLIMATOLOGICAL DATA (WS FORM: F-6) , PAGE 2
STATION: PRESCOTT AZ AIRPORT
MONTH: SEPTEMBER
YEAR: 2023
LATITUDE: 34 39 N
LONGITUDE: 112 26 W
[TEMPERATURE DATA] [PRECIPITATION DATA] SYMBOLS USED IN COLUMN 16
AVERAGE MONTHLY: 68.6 TOTAL FOR MONTH: 0.61 1 = FOG OR MIST
DPTR FM NORMAL: -0.1 DPTR FM NORMAL: -0.66 2 = FOG REDUCING VISIBILITY
HIGHEST: 94 ON 9 GRTST 24HR 0.27 ON 31- 1 TO 1/4 MILE OR LESS
LOWEST: 47 ON 29,26 3 = THUNDER
SNOW, ICE PELLETS, HAIL 4 = ICE PELLETS
TOTAL MONTH: M 5 = HAIL
GRTST 24HR M ON M 6 = FREEZING RAIN OR DRIZZLE
GRTST DEPTH: M ON M 7 = DUSTSTORM OR SANDSTORM:
VSBY 1/2 MILE OR LESS
8 = SMOKE OR HAZE
[NO. OF DAYS WITH] [WEATHER - DAYS WITH] 9 = BLOWING SNOW
X = TORNADO
MAX 32 OR BELOW: 0 0.01 INCH OR MORE: 7
MAX 90 OR ABOVE: 3 0.10 INCH OR MORE: 4
MIN 32 OR BELOW: 0 0.50 INCH OR MORE: 0
MIN 0 OR BELOW: 0 1.00 INCH OR MORE: 0
[HDD (BASE 65) ]
TOTAL THIS MO. 0 CLEAR (SCALE 0-3) 24
DPTR FM NORMAL -25 PTCLDY (SCALE 4-7) 6
TOTAL FM JUL 1 0 CLOUDY (SCALE 8-10) 0
DPTR FM NORMAL -24
[CDD (BASE 65) ]
TOTAL THIS MO. 113
DPTR FM NORMAL -25 [PRESSURE DATA]
TOTAL FM JAN 1 1056 HIGHEST SLP M ON M
DPTR FM NORMAL -3 LOWEST SLP 29.61 ON 30
[REMARKS]
#FINAL-09-23#