000
CXUS55 KALY 010810
CF6PSF
PRELIMINARY LOCAL CLIMATOLOGICAL DATA (WS FORM: F-6)
STATION: PITTSFIELD MA
MONTH: JANUARY
YEAR: 2023
LATITUDE: 42 25 N
LONGITUDE: 73 18 W
TEMPERATURE IN F: :PCPN: SNOW: WIND :SUNSHINE: SKY :PK WND
================================================================================
1 2 3 4 5 6A 6B 7 8 9 10 11 12 13 14 15 16 17 18
12Z AVG MX 2MIN
DY MAX MIN AVG DEP HDD CDD WTR SNW DPTH SPD SPD DIR MIN PSBL S-S WX SPD DR
================================================================================
1 50 32 41 17 24 0 0.04 M M 7.8 23 290 M M 8 1 31 290
2 47 28 38 14 27 0 0.00 M M 5.4 15 260 M M 6 1 19 260
3 41 27 34 10 31 0 0.33 M M 0.0 5 60 M M 8 16 6 70
4 53 40 47 24 18 0 0.08 M M 4.1 10 50 M M 10 12 13 50
5 43 37 40 17 25 0 0.09 M M 4.3 9 50 M M 10 1 11 60
6 37 33 35 12 30 0 0.24 M M 3.3 15 300 M M 10 1 21 290
7 37 26 32 9 33 0 0.00 M M 9.8 21 290 M M 10 31 310
8 32 17 25 2 40 0 0.00 M M 5.1 20 320 M M 3 27 270
9 31 17 24 2 41 0 0.00 M M 6.8 23 290 M M 8 31 300
10 33 20 27 5 38 0 0.00 M M 9.3 22 290 M M 7 28 290
11 32 14 23 1 42 0 0.00 M M 2.1 10 120 M M 2 12 120
12 42 27 35 13 30 0 0.41 M M 5.6 18 140 M M 10 1 28 150
13 52 28 40 18 25 0 0.61 M M 9.4 21 300 M M 10 1 32 260
14 28 21 25 3 40 0 T M M 10.4 17 330 M M 10 18 23 310
15 29 17 23 1 42 0 0.00 M M 9.0 15 310 M M 5 18 20 300
16 31 17 24 2 41 0 T M M 10.7 22 320 M M 9 30 20
17 38 21 30 8 35 0 0.02 M M 4.6 15 290 M M 5 22 330
18 39 32 36 15 29 0 0.06 M M 7.4 18 320 M M 10 1 26 310
19 36 32 34 13 31 0 0.57 M M 4.1 15 300 M M 8 16 21 300
20 34 30 32 11 33 0 0.32 M M 6.8 25 280 M M 10 1 33 270
21 30 27 29 8 36 0 T M M 8.1 17 290 M M 10 18 21 290
22 32 27 30 9 35 0 0.25 M M 4.4 13 180 M M 10 1 18 180
23 33 26 30 9 35 0 0.70 M M 8.3 26 290 M M 10 126 35 280
24 32 27 30 9 35 0 T M M 10.0 18 260 M M 10 25 270
25 37 23 30 9 35 0 0.45 M M 7.9 25 130 M M 8 16 37 110
26 38 26 32 11 33 0 0.22 M M 11.7 30 280 M M 10 1 39 280
27 33 20 27 6 38 0 T M M 3.6 15 300 M M 7 1 22 300
28 42 22 32 11 33 0 0.00 M M 7.7 18 250 M M 3 27 220
29 44 23 34 13 31 0 T M M 4.6 16 180 M M 7 23 210
30 40 28 34 12 31 0 T M M 5.9 15 290 M M 9 1 20 290
31 28 16 22 0 43 0 T M M 7.5 17 260 M M 7 18 25 300
================================================================================
SM 1154 781 1040 0 4.39 M 205.7 M 250
================================================================================
AV 37.2 25.2 6.6 FASTST M M 8 MAX(MPH)
MISC ----> 30 280 39 280
================================================================================
NOTES:
# LAST OF SEVERAL OCCURRENCES
COLUMN 17 PEAK WIND IN M.P.H.
PRELIMINARY LOCAL CLIMATOLOGICAL DATA (WS FORM: F-6) , PAGE 2
STATION: PITTSFIELD MA
MONTH: JANUARY
YEAR: 2023
LATITUDE: 42 25 N
LONGITUDE: 73 18 W
[TEMPERATURE DATA] [PRECIPITATION DATA] SYMBOLS USED IN COLUMN 16
AVERAGE MONTHLY: 31.2 TOTAL FOR MONTH: 4.39 1 = FOG OR MIST
DPTR FM NORMAL: 9.2 DPTR FM NORMAL: 1.72 2 = FOG REDUCING VISIBILITY
HIGHEST: 53 ON 4 GRTST 24HR 1.16 ON 12-13 TO 1/4 MILE OR LESS
LOWEST: 14 ON 11 3 = THUNDER
SNOW, ICE PELLETS, HAIL 4 = ICE PELLETS
TOTAL MONTH: M 5 = HAIL
GRTST 24HR M ON M 6 = FREEZING RAIN OR DRIZZLE
GRTST DEPTH: M ON M 7 = DUSTSTORM OR SANDSTORM:
VSBY 1/2 MILE OR LESS
8 = SMOKE OR HAZE
[NO. OF DAYS WITH] [WEATHER - DAYS WITH] 9 = BLOWING SNOW
X = TORNADO
MAX 32 OR BELOW: 10 0.01 INCH OR MORE: 15
MAX 90 OR ABOVE: 0 0.10 INCH OR MORE: 10
MIN 32 OR BELOW: 28 0.50 INCH OR MORE: 3
MIN 0 OR BELOW: 0 1.00 INCH OR MORE: 0
[HDD (BASE 65) ]
TOTAL THIS MO. 1040 CLEAR (SCALE 0-3) 1
DPTR FM NORMAL -293 PTCLDY (SCALE 4-7) 11
TOTAL FM JUL 1 3541 CLOUDY (SCALE 8-10) 19
DPTR FM NORMAL -517
[CDD (BASE 65) ]
TOTAL THIS MO. 0
DPTR FM NORMAL 0 [PRESSURE DATA]
TOTAL FM JAN 1 0 HIGHEST SLP 30.32 ON 8
DPTR FM NORMAL 0 LOWEST SLP 29.35 ON 26
[REMARKS]
#FINAL-01-23#