000
CXUS51 KALY 010917
CLSPSF
CLIMATE REPORT
NATIONAL WEATHER SERVICE ALBANY NY
417 AM EST FRI DEC 01 2023
...................................
...THE PITTSFIELD MA CLIMATE SUMMARY FOR THE SEASON, FROM
9/1/2023 TO 11/30/2023...
CLIMATE NORMAL PERIOD: 1991 TO 2020
CLIMATE RECORD PERIOD: 9999 TO 9999
WEATHER OBSERVED NORMAL DEPART LAST YEAR`S
VALUE DATE(S) VALUE FROM VALUE DATE(S)
NORMAL
................................................................
TEMPERATURE (F)
HIGHEST 89 09/07 83 09/04
LOWEST 14R 11/21 14 11/21
AVG. MAXIMUM 59.6 58.5 1.1 60.3
AVG. MINIMUM 40.6 38.8 1.8 39.8
MEAN 50.1 48.7 1.4 50.0
DAYS MAX >= 90 0 0.1 -0.1 0
DAYS MAX <= 32 2 2.0 0.0 1
DAYS MIN <= 32 26 27.4 -1.4 30
DAYS MIN <= 0 0 0.0 0.0 0
PRECIPITATION (INCHES)
TOTALS 8.29R 12.58 -4.29 13.03
DAILY AVG. 0.11 0.14
DAYS >= .01 22 35
DAYS >= .10 13 24
DAYS >= .50 5 10
DAYS >= 1.00 2 4
GREATEST
24 HR. TOTAL 2.58 10/20 TO 10/21
DEGREE DAYS
HEATING TOTAL 1401 1519 -118 1358
SINCE 7/1 1435 1582 -147 MM
COOLING TOTAL 72 31 41 19
SINCE 1/1 421 345 76 MM
................................................................
WIND (MPH)
AVERAGE WIND SPEED 5.5
HIGHEST WIND SPEED/DIRECTION 28/280 DATE 11/08
HIGHEST GUST SPEED/DIRECTION 46/310 DATE 11/08
WEATHER CONDITIONS. NUMBER OF DAYS WITH
THUNDERSTORM 5 MIXED PRECIP 0
HEAVY RAIN 8 RAIN 16
LIGHT RAIN 40 FREEZING RAIN 0
LT FREEZING RAIN 1 HAIL 0
HEAVY SNOW 0 SNOW 1
LIGHT SNOW 7 SLEET 0
FOG 58 FOG W/VIS <= 1/4 MILE 26
HAZE 7
- INDICATES NEGATIVE NUMBERS.
R INDICATES RECORD WAS SET OR TIED.
MM INDICATES DATA IS MISSING.
T INDICATES TRACE AMOUNT.
$$